{"id":12612,"date":"2021-02-21T14:15:15","date_gmt":"2021-02-21T14:15:15","guid":{"rendered":"https:\/\/www.autonvaraosahaku.fi\/?product=master-sport-24012401591-pcs-ms-jarrulevyt"},"modified":"2021-02-21T14:15:17","modified_gmt":"2021-02-21T14:15:17","slug":"master-sport-24012401591-pcs-ms-jarrulevyt","status":"publish","type":"product","link":"https:\/\/www.autonvaraosahaku.fi\/?product=master-sport-24012401591-pcs-ms-jarrulevyt","title":{"rendered":"MASTER-SPORT 24012401591-PCS-MS Jarrulevyt"},"content":{"rendered":"<p>L\u00e4pimitta [mm]: 281,0; Jarrulevytyyppi: Tuuletettu; Jarrulevyn paksuus (mm): 23,9; Korkeus (mm): 45,7; Reik\u00e4-\u00d8 [mm]: 12,5; V\u00e4himm\u00e4ispaksuus (mm): 21,5; Sis\u00e4l\u00e4pimitta [mm]: 146,5; Reikien m\u00e4\u00e4r\u00e4: 4; keskitt\u00e4misl\u00e4pimitta [mm]: 69,0; Reik\u00e4ympyr\u00e4-\u00d8 [mm]: 114,3; Nettopaino [kg]: 6,25; Bruttopaino [kg]: 6,38; Asennuspuoli: Vorderachse; VOLVO: V40 Kombi VW,S40 I VS; MITSUBISHI: CARISMA DA_,CARISMA Stufenheck DA_; M818027, 30818027; Jarrulevy<\/p>\n","protected":false},"excerpt":{"rendered":"<p>MASTER-SPORT Jarrulevyt 24012401591-PCS-MS Jarrulevy VOLVO,MITSUBISHI,V40 Kombi VW,S40 I VS,CARISMA DA_,CARISMA Stufenheck DA_<\/p>\n","protected":false},"featured_media":0,"template":"","meta":{"site-sidebar-layout":"default","site-content-layout":"default","ast-global-header-display":"","ast-main-header-display":"","ast-hfb-above-header-display":"","ast-hfb-below-header-display":"","ast-hfb-mobile-header-display":"","site-post-title":"","ast-breadcrumbs-content":"","ast-featured-img":"","footer-sml-layout":"","theme-transparent-header-meta":"","adv-header-id-meta":"","stick-header-meta":"","header-above-stick-meta":"","header-main-stick-meta":"","header-below-stick-meta":""},"pwb-brand":[61],"product_cat":[66],"product_tag":[],"class_list":{"0":"post-12612","1":"product","2":"type-product","3":"status-publish","5":"pwb-brand-master-sport","6":"product_cat-jarrulevyt","7":"desktop-align-left","8":"tablet-align-left","9":"mobile-align-left","11":"first","12":"instock","13":"product-type-external"},"brands":[{"id":61,"name":"MASTER-SPORT","slug":"master-sport"}],"_links":{"self":[{"href":"https:\/\/www.autonvaraosahaku.fi\/index.php?rest_route=\/wp\/v2\/product\/12612","targetHints":{"allow":["GET"]}}],"collection":[{"href":"https:\/\/www.autonvaraosahaku.fi\/index.php?rest_route=\/wp\/v2\/product"}],"about":[{"href":"https:\/\/www.autonvaraosahaku.fi\/index.php?rest_route=\/wp\/v2\/types\/product"}],"wp:attachment":[{"href":"https:\/\/www.autonvaraosahaku.fi\/index.php?rest_route=%2Fwp%2Fv2%2Fmedia&parent=12612"}],"wp:term":[{"taxonomy":"pwb-brand","embeddable":true,"href":"https:\/\/www.autonvaraosahaku.fi\/index.php?rest_route=%2Fwp%2Fv2%2Fpwb-brand&post=12612"},{"taxonomy":"product_cat","embeddable":true,"href":"https:\/\/www.autonvaraosahaku.fi\/index.php?rest_route=%2Fwp%2Fv2%2Fproduct_cat&post=12612"},{"taxonomy":"product_tag","embeddable":true,"href":"https:\/\/www.autonvaraosahaku.fi\/index.php?rest_route=%2Fwp%2Fv2%2Fproduct_tag&post=12612"}],"curies":[{"name":"wp","href":"https:\/\/api.w.org\/{rel}","templated":true}]}}