{"id":12890,"date":"2021-02-21T14:16:05","date_gmt":"2021-02-21T14:16:05","guid":{"rendered":"https:\/\/www.autonvaraosahaku.fi\/?product=meyle-314-800-9018-anturit-sensorit"},"modified":"2021-02-21T14:16:06","modified_gmt":"2021-02-21T14:16:06","slug":"meyle-314-800-9018-anturit-sensorit","status":"publish","type":"product","link":"https:\/\/www.autonvaraosahaku.fi\/?product=meyle-314-800-9018-anturit-sensorit","title":{"rendered":"MEYLE 314 800 9018 Anturit (sensorit)"},"content":{"rendered":"<p>K\u00e4ytt\u00f6j\u00e4nnite [V]: 12; Tunnistinmalli: passiivi sensori; Yhdistelm\u00e4kytkintoiminto: Reed-kytkin; Pituus (mm): 95; Napojen m\u00e4\u00e4r\u00e4: 2; lis\u00e4tieto: ORIGINAL Quality; Varusteet: f\u00fcr Fahrzeuge mit Klimaanlage; BMW: 3 E36,3 E30,3 Coupe E36,5 E34,3 Cabriolet E36,3 Touring E36,5 Touring E34; 61311384739<\/p>\n","protected":false},"excerpt":{"rendered":"<p>MEYLE Tunnistin, J\u00e4\u00e4hdytysnestetaso 314 800 9018  BMW,3 E36,3 E30,3 Coupe E36,5 E34,3 Cabriolet E36,3 Touring E36,5 Touring E34<\/p>\n","protected":false},"featured_media":0,"template":"","meta":{"site-sidebar-layout":"default","site-content-layout":"default","ast-global-header-display":"","ast-main-header-display":"","ast-hfb-above-header-display":"","ast-hfb-below-header-display":"","ast-hfb-mobile-header-display":"","site-post-title":"","ast-breadcrumbs-content":"","ast-featured-img":"","footer-sml-layout":"","theme-transparent-header-meta":"","adv-header-id-meta":"","stick-header-meta":"","header-above-stick-meta":"","header-main-stick-meta":"","header-below-stick-meta":""},"pwb-brand":[84],"product_cat":[98],"product_tag":[],"class_list":{"0":"post-12890","1":"product","2":"type-product","3":"status-publish","5":"pwb-brand-meyle","6":"product_cat-anturit-sensorit","7":"desktop-align-left","8":"tablet-align-left","9":"mobile-align-left","11":"first","12":"instock","13":"product-type-external"},"brands":[{"id":84,"name":"MEYLE","slug":"meyle"}],"_links":{"self":[{"href":"https:\/\/www.autonvaraosahaku.fi\/index.php?rest_route=\/wp\/v2\/product\/12890","targetHints":{"allow":["GET"]}}],"collection":[{"href":"https:\/\/www.autonvaraosahaku.fi\/index.php?rest_route=\/wp\/v2\/product"}],"about":[{"href":"https:\/\/www.autonvaraosahaku.fi\/index.php?rest_route=\/wp\/v2\/types\/product"}],"wp:attachment":[{"href":"https:\/\/www.autonvaraosahaku.fi\/index.php?rest_route=%2Fwp%2Fv2%2Fmedia&parent=12890"}],"wp:term":[{"taxonomy":"pwb-brand","embeddable":true,"href":"https:\/\/www.autonvaraosahaku.fi\/index.php?rest_route=%2Fwp%2Fv2%2Fpwb-brand&post=12890"},{"taxonomy":"product_cat","embeddable":true,"href":"https:\/\/www.autonvaraosahaku.fi\/index.php?rest_route=%2Fwp%2Fv2%2Fproduct_cat&post=12890"},{"taxonomy":"product_tag","embeddable":true,"href":"https:\/\/www.autonvaraosahaku.fi\/index.php?rest_route=%2Fwp%2Fv2%2Fproduct_tag&post=12890"}],"curies":[{"name":"wp","href":"https:\/\/api.w.org\/{rel}","templated":true}]}}