{"id":12989,"date":"2021-02-21T14:16:24","date_gmt":"2021-02-21T14:16:24","guid":{"rendered":"https:\/\/www.autonvaraosahaku.fi\/?product=meyle-114-891-0003-lasinnostimen-kytkin"},"modified":"2021-02-21T14:16:25","modified_gmt":"2021-02-21T14:16:25","slug":"meyle-114-891-0003-lasinnostimen-kytkin","status":"publish","type":"product","link":"https:\/\/www.autonvaraosahaku.fi\/?product=meyle-114-891-0003-lasinnostimen-kytkin","title":{"rendered":"MEYLE 114 891 0003 Lasinnostimen kytkin"},"content":{"rendered":"<p>J\u00e4nnite (V): 12; Yhdistelm\u00e4kytkintoiminto: Turvakytkint\u00e4; Varusteet: ajon. s\u00e4hk\u00f6-ikkunanostimilla edess\u00e4 ja takana; Mukavuusvarusteet: ajoneuvoille keskuslukituksella; V\u00e4ri: Musta; Oviluku: 5, 4; Napojen m\u00e4\u00e4r\u00e4: 10; Asennuspuoli: Eteen, vasen; lis\u00e4tieto: ORIGINAL Quality; Vuosimalliin: 2004; VW: GOLF IV 1J1,PASSAT Variant 3B6,GOLF IV Variant 1J5,PASSAT Variant 3B5,BORA 1J2,PASSAT 3B2,PASSAT 3B3,BORA Kombi 1J6; SEAT: LEON 1M1,TOLEDO II 1M2; 1J4959857, 1J4959857B, 1J4959857D, 1J4959857, 1J4959857B, 1J4959857D; Kytkin, Lasinnostin<\/p>\n","protected":false},"excerpt":{"rendered":"<p>MEYLE Lasinnostimen Kytkin 114 891 0003 Kytkin, Lasinnostin VW,SEAT,GOLF IV 1J1,PASSAT Variant 3B6,GOLF IV Variant 1J5,PASSAT Variant 3B5,BORA 1J2<\/p>\n","protected":false},"featured_media":0,"template":"","meta":{"site-sidebar-layout":"default","site-content-layout":"default","ast-global-header-display":"","ast-main-header-display":"","ast-hfb-above-header-display":"","ast-hfb-below-header-display":"","ast-hfb-mobile-header-display":"","site-post-title":"","ast-breadcrumbs-content":"","ast-featured-img":"","footer-sml-layout":"","theme-transparent-header-meta":"","adv-header-id-meta":"","stick-header-meta":"","header-above-stick-meta":"","header-main-stick-meta":"","header-below-stick-meta":""},"pwb-brand":[84],"product_cat":[135],"product_tag":[],"class_list":{"0":"post-12989","1":"product","2":"type-product","3":"status-publish","5":"pwb-brand-meyle","6":"product_cat-lasinnostimen-kytkin","7":"desktop-align-left","8":"tablet-align-left","9":"mobile-align-left","11":"first","12":"instock","13":"product-type-external"},"brands":[{"id":84,"name":"MEYLE","slug":"meyle"}],"_links":{"self":[{"href":"https:\/\/www.autonvaraosahaku.fi\/index.php?rest_route=\/wp\/v2\/product\/12989","targetHints":{"allow":["GET"]}}],"collection":[{"href":"https:\/\/www.autonvaraosahaku.fi\/index.php?rest_route=\/wp\/v2\/product"}],"about":[{"href":"https:\/\/www.autonvaraosahaku.fi\/index.php?rest_route=\/wp\/v2\/types\/product"}],"wp:attachment":[{"href":"https:\/\/www.autonvaraosahaku.fi\/index.php?rest_route=%2Fwp%2Fv2%2Fmedia&parent=12989"}],"wp:term":[{"taxonomy":"pwb-brand","embeddable":true,"href":"https:\/\/www.autonvaraosahaku.fi\/index.php?rest_route=%2Fwp%2Fv2%2Fpwb-brand&post=12989"},{"taxonomy":"product_cat","embeddable":true,"href":"https:\/\/www.autonvaraosahaku.fi\/index.php?rest_route=%2Fwp%2Fv2%2Fproduct_cat&post=12989"},{"taxonomy":"product_tag","embeddable":true,"href":"https:\/\/www.autonvaraosahaku.fi\/index.php?rest_route=%2Fwp%2Fv2%2Fproduct_tag&post=12989"}],"curies":[{"name":"wp","href":"https:\/\/api.w.org\/{rel}","templated":true}]}}