{"id":13497,"date":"2021-02-21T14:17:57","date_gmt":"2021-02-21T14:17:57","guid":{"rendered":"https:\/\/www.autonvaraosahaku.fi\/?product=mahle-original-kl-13-of-polttoainesuodatin"},"modified":"2021-02-21T14:17:59","modified_gmt":"2021-02-21T14:17:59","slug":"mahle-original-kl-13-of-polttoainesuodatin","status":"publish","type":"product","link":"https:\/\/www.autonvaraosahaku.fi\/?product=mahle-original-kl-13-of-polttoainesuodatin","title":{"rendered":"MAHLE ORIGINAL KL 13 OF Polttoainesuodatin"},"content":{"rendered":"<p>Suodatintyyppi: Letkusuodatin; L\u00e4pimitta [mm]: 34,0; Kopan l\u00e4pimitta (mm): 30,0; Korkeus 1 (mm): 45,0; Korkeus (mm): 97,0; L\u00e4pimitta 2 [mm]: 6,1; L\u00e4pimitta 3 [mm]: 8,1; M\u00e4\u00e4r\u00e4: 10; Korkeus (tuumaa): 3,86; Leveys (tuumaa): 3,07; Pituus (tuumaa): 7,64; Polttoainej\u00e4rjestelm\u00e4: Vergaser; LADA: NIVA 2121,1200-1600,1200-1500 Kombi,SAMARA 2108, 2109, 2115, 2113, 2114,NOVA 2105,TOSCANA 2107,NOVA Kombi 2104,SAMARA Stufenheck 21099, 2115; SKODA: 100; SEAT: MARBELLA 28,IBIZA I 021A,TERRA Kasten 024A,127 127A,MARBELLA Kasten 028A,124,MALAGA 023A,TERRA 24,133,131,124 Kombi,128,132,RONDA 022A,PANDA 141A,FURA 025A,RITMO 138; LAND ROVER: 90\/110 DHMC,RANGE ROVER I AE, AN, HAA, HAB, HAM, HBM, RE, RN; SUBARU: MV AS_; LANCIA: DELTA I 831AB0,PRISMA 831AB0; OPEL: OMEGA A 16_, 17_, 19_,KADETT E CC 33_, 34_, 43_, 44_,KADETT E Cabriolet 43B_,OMEGA A Caravan 66_, 67_,KADETT E 39_, 49_,KADETT E Caravan 35_, 36_, 45_, 46_,KADETT E Kasten 37_, 47_,KADETT E Combo 38_, 48_; DACIA: 1310 Stufenheck U, X,1300; BMW: 3 E30,3 Cabriolet E30,02 E10,5 E28,3 E21,5 E12,02 Touring E6,02 Cabriolet E10; SAAB: 96,90,95 Station Wagon; 82428006, C004312110, SE021020200A, XE021020200A, Z401471WE, 1255179, 1277481, 1277497, 1278272, 13311255179, 13321277481, 13321277497, 13321278272, 133212782723, 5429192, 5481874, 5490862, 95534485, 95534486, GX0330201A, GX0330202A, GX0330301A, GX5429192, GX5429192A, SRV000503, SVR000503, C004312110, SE021020200A, XE021020200A, Z401471WE, 0000004323062, 0000082428006, 0000091386006, 4323062, 4325601, 4352637, 71736104, 82323784, 82425490, 82425649, 82428006, 82429294, 91386006, 5003748, 5004837, 5015543, 5015544, 860X9155AA, 860X9155BA, A770X9155AA, A780X9155AA, EFG21, EFG21S, 07984544, 25067130, 7973411, 7984543, 7984544, 559221342, 4384509, 21080111701081, 82428006, PHB000450, 81125030045, 81125030056, 81125030057, 81125030058, 81619100008, 022213470B, 022223420A, 22213470B, 16400F2600, 7984543, 5000031168, 5490862, 7100544588, 7700544588, 0005490862, 5000031168, 5490862, 008210, 07285943, 7284417, 7285943, 838475, 883364, 7002080492, 642010020, 38840, 38840E, 6100034, 2330024050,&#8230;<\/p>\n","protected":false},"excerpt":{"rendered":"<p>MAHLE ORIGINAL Polttoainesuodatin KL 13 OF  LADA,SKODA,SEAT,NIVA 2121,1200-1600,1200-1500 Kombi,SAMARA 2108, 2109, 2115, 2113, 2114,NOVA 2105<\/p>\n","protected":false},"featured_media":0,"template":"","meta":{"site-sidebar-layout":"default","site-content-layout":"default","ast-global-header-display":"","ast-main-header-display":"","ast-hfb-above-header-display":"","ast-hfb-below-header-display":"","ast-hfb-mobile-header-display":"","site-post-title":"","ast-breadcrumbs-content":"","ast-featured-img":"","footer-sml-layout":"","theme-transparent-header-meta":"","adv-header-id-meta":"","stick-header-meta":"","header-above-stick-meta":"","header-main-stick-meta":"","header-below-stick-meta":""},"pwb-brand":[153],"product_cat":[29],"product_tag":[],"class_list":{"0":"post-13497","1":"product","2":"type-product","3":"status-publish","5":"pwb-brand-mahle-original","6":"product_cat-polttoainesuodatin","7":"desktop-align-left","8":"tablet-align-left","9":"mobile-align-left","11":"first","12":"instock","13":"product-type-external"},"brands":[{"id":153,"name":"MAHLE ORIGINAL","slug":"mahle-original"}],"_links":{"self":[{"href":"https:\/\/www.autonvaraosahaku.fi\/index.php?rest_route=\/wp\/v2\/product\/13497","targetHints":{"allow":["GET"]}}],"collection":[{"href":"https:\/\/www.autonvaraosahaku.fi\/index.php?rest_route=\/wp\/v2\/product"}],"about":[{"href":"https:\/\/www.autonvaraosahaku.fi\/index.php?rest_route=\/wp\/v2\/types\/product"}],"wp:attachment":[{"href":"https:\/\/www.autonvaraosahaku.fi\/index.php?rest_route=%2Fwp%2Fv2%2Fmedia&parent=13497"}],"wp:term":[{"taxonomy":"pwb-brand","embeddable":true,"href":"https:\/\/www.autonvaraosahaku.fi\/index.php?rest_route=%2Fwp%2Fv2%2Fpwb-brand&post=13497"},{"taxonomy":"product_cat","embeddable":true,"href":"https:\/\/www.autonvaraosahaku.fi\/index.php?rest_route=%2Fwp%2Fv2%2Fproduct_cat&post=13497"},{"taxonomy":"product_tag","embeddable":true,"href":"https:\/\/www.autonvaraosahaku.fi\/index.php?rest_route=%2Fwp%2Fv2%2Fproduct_tag&post=13497"}],"curies":[{"name":"wp","href":"https:\/\/api.w.org\/{rel}","templated":true}]}}