{"id":13557,"date":"2021-02-21T14:18:08","date_gmt":"2021-02-21T14:18:08","guid":{"rendered":"https:\/\/www.autonvaraosahaku.fi\/?product=textar-95002200-jarruneste"},"modified":"2021-02-21T14:18:10","modified_gmt":"2021-02-21T14:18:10","slug":"textar-95002200-jarruneste","status":"publish","type":"product","link":"https:\/\/www.autonvaraosahaku.fi\/?product=textar-95002200-jarruneste","title":{"rendered":"TEXTAR 95002200 Jarruneste"},"content":{"rendered":"<p>Erittely: DOT4, ISO 4925 (Class 4), SAE J 1704, FMVSS 116 DOT 4; Kuivakiehumispiste [\u00b0C]: 260; M\u00e4rk\u00e4n\u00e4kiehumispiste [\u00b0C]: 160; Pakkaustyyppi: Pullo; M\u00e4\u00e4r\u00e4yksikk\u00f6: Litra; Tilavuus (litra): 1; Valmistajan hyv\u00e4ksym\u00e4: Ford M6C9103A, Mazda MN 120 C, Nissan M5055 NR3, Nissan M5055 NR4, Renault 41.02.001(3), Renault 41.02.001(4), Toyota TSK 2602 G(3), Toyota TSK 2602 G(4); Pakkauspituus [cm]: 9,5; Pakkausleveys [cm]: 7; Pakkauskorkeus [mm]: 24,5; Teknisten tietojen numero: 98502 0022 9 L; DOT mukaisuus: DOT 4<\/p>\n","protected":false},"excerpt":{"rendered":"<p>TEXTAR Jarruneste 95002200<\/p>\n","protected":false},"featured_media":0,"template":"","meta":{"site-sidebar-layout":"default","site-content-layout":"default","ast-global-header-display":"","ast-main-header-display":"","ast-hfb-above-header-display":"","ast-hfb-below-header-display":"","ast-hfb-mobile-header-display":"","site-post-title":"","ast-breadcrumbs-content":"","ast-featured-img":"","footer-sml-layout":"","theme-transparent-header-meta":"","adv-header-id-meta":"","stick-header-meta":"","header-above-stick-meta":"","header-main-stick-meta":"","header-below-stick-meta":""},"pwb-brand":[288],"product_cat":[142],"product_tag":[],"class_list":{"0":"post-13557","1":"product","2":"type-product","3":"status-publish","5":"pwb-brand-textar","6":"product_cat-jarruneste","7":"desktop-align-left","8":"tablet-align-left","9":"mobile-align-left","11":"first","12":"instock","13":"product-type-external"},"brands":[{"id":288,"name":"TEXTAR","slug":"textar"}],"_links":{"self":[{"href":"https:\/\/www.autonvaraosahaku.fi\/index.php?rest_route=\/wp\/v2\/product\/13557","targetHints":{"allow":["GET"]}}],"collection":[{"href":"https:\/\/www.autonvaraosahaku.fi\/index.php?rest_route=\/wp\/v2\/product"}],"about":[{"href":"https:\/\/www.autonvaraosahaku.fi\/index.php?rest_route=\/wp\/v2\/types\/product"}],"wp:attachment":[{"href":"https:\/\/www.autonvaraosahaku.fi\/index.php?rest_route=%2Fwp%2Fv2%2Fmedia&parent=13557"}],"wp:term":[{"taxonomy":"pwb-brand","embeddable":true,"href":"https:\/\/www.autonvaraosahaku.fi\/index.php?rest_route=%2Fwp%2Fv2%2Fpwb-brand&post=13557"},{"taxonomy":"product_cat","embeddable":true,"href":"https:\/\/www.autonvaraosahaku.fi\/index.php?rest_route=%2Fwp%2Fv2%2Fproduct_cat&post=13557"},{"taxonomy":"product_tag","embeddable":true,"href":"https:\/\/www.autonvaraosahaku.fi\/index.php?rest_route=%2Fwp%2Fv2%2Fproduct_tag&post=13557"}],"curies":[{"name":"wp","href":"https:\/\/api.w.org\/{rel}","templated":true}]}}