{"id":13713,"date":"2021-02-21T14:18:38","date_gmt":"2021-02-21T14:18:38","guid":{"rendered":"https:\/\/www.autonvaraosahaku.fi\/?product=sasic-1640020-kierretulppa"},"modified":"2021-02-21T14:18:40","modified_gmt":"2021-02-21T14:18:40","slug":"sasic-1640020-kierretulppa","status":"publish","type":"product","link":"https:\/\/www.autonvaraosahaku.fi\/?product=sasic-1640020-kierretulppa","title":{"rendered":"SASIC 1640020 Kierretulppa"},"content":{"rendered":"<p>Materiaali: Kupari; Sis\u00e4l\u00e4pimitta [mm]: 16; Ulkol\u00e4pimitta [mm]: 22; Paksuus [mm]: 2; OE-numerolle: 016402; CITRO\u00cbN: XM Y4,AX ZA-_,ZX N2,BX XB-_,C25 Bus 280_, 290_,JUMPER Kasten 230L,C25 Pritsche\/Fahrgestell 280_, 290_,XM Break Y4,BX Break XB-_,C25 Kasten 280_, 290_,C15 VD-_,C15 Kombi; PEUGEOT: 306 Schr\u00e4gheck 7A, 7C, N3, N5,205 II 20A\/C,J5 Pritsche\/Fahrgestell 280L,J5 Pritsche\/Fahrgestell 290L,BOXER Kasten 230L,J5 Kasten 280L,J5 Bus 290P,205 I 741A\/C,J5 Kasten 290L,J5 Bus 280P,405 I 15B,BOXER Bus 230P,BOXER Pritsche\/Fahrgestell ZCT_,405 II 4B,504 A_, M_,404,504 Cabriolet,505 551A,504 Coupe,204,104,305 II 581M,505 Break 551D,604 561A_,204 Cabriolet,504 Break D_, F_,504 Pick-up E_,304 _04M_,104 Coupe,J7 Kasten,404 Cabriolet,305 I 581A,J9 Kasten,204 Break,J9 Pritsche\/Fahrgestell,304 Break _04D_,204 Coupe; RENAULT: TWINGO I C06_,CLIO II BB0\/1\/2_, CB0\/1\/2_,KANGOO KC0\/1_,SC\u00c9NIC I JA0\/1_,ESPACE III JE0_,MEGANE Scenic JA0\/1_,MEGANE I BA0\/1_,MASTER II Kasten FD,KANGOO Express FC0\/1_,LAGUNA I B56_, 556_,CLIO I B\/C57_, 5\/357_,MASTER II Pritsche\/Fahrgestell ED\/HD\/UD,MASTER II Bus JD,CLIO II Kasten SB0\/1\/2_,RAPID Kasten F40_, G40_,SAFRANE II B54_,TRAFIC Kasten TXX,TRAFIC Bus TXW,SAFRANE I B54_,21 Stufenheck L48_,TRAFIC Kasten T1, T3, T4,CLIO I Kasten S57_,TRAFIC Bus T5, T6, T7,21 B48_,TRAFIC Pritsche\/Fahrgestell P6,TRAFIC Pritsche\/Fahrgestell PXX,EXPRESS Pick-up; 016430, 016402, 016430, 7703062062; Tiiviste, \u00d6ljynlaskutulppa<\/p>\n","protected":false},"excerpt":{"rendered":"<p>SASIC \u00d6ljytulpan Tiiviste 1640020 Tiiviste, \u00d6ljynlaskutulppa CITRO\u00cbN,PEUGEOT,RENAULT,XM Y4,AX ZA-_,ZX N2,BX XB-_,C25 Bus 280_, 290_,JUMPER Kasten 230L<\/p>\n","protected":false},"featured_media":0,"template":"","meta":{"site-sidebar-layout":"default","site-content-layout":"default","ast-global-header-display":"","ast-main-header-display":"","ast-hfb-above-header-display":"","ast-hfb-below-header-display":"","ast-hfb-mobile-header-display":"","site-post-title":"","ast-breadcrumbs-content":"","ast-featured-img":"","footer-sml-layout":"","theme-transparent-header-meta":"","adv-header-id-meta":"","stick-header-meta":"","header-above-stick-meta":"","header-main-stick-meta":"","header-below-stick-meta":""},"pwb-brand":[110],"product_cat":[40],"product_tag":[],"class_list":{"0":"post-13713","1":"product","2":"type-product","3":"status-publish","5":"pwb-brand-sasic","6":"product_cat-kierretulppa","7":"desktop-align-left","8":"tablet-align-left","9":"mobile-align-left","11":"first","12":"instock","13":"product-type-external"},"brands":[{"id":110,"name":"SASIC","slug":"sasic"}],"_links":{"self":[{"href":"https:\/\/www.autonvaraosahaku.fi\/index.php?rest_route=\/wp\/v2\/product\/13713","targetHints":{"allow":["GET"]}}],"collection":[{"href":"https:\/\/www.autonvaraosahaku.fi\/index.php?rest_route=\/wp\/v2\/product"}],"about":[{"href":"https:\/\/www.autonvaraosahaku.fi\/index.php?rest_route=\/wp\/v2\/types\/product"}],"wp:attachment":[{"href":"https:\/\/www.autonvaraosahaku.fi\/index.php?rest_route=%2Fwp%2Fv2%2Fmedia&parent=13713"}],"wp:term":[{"taxonomy":"pwb-brand","embeddable":true,"href":"https:\/\/www.autonvaraosahaku.fi\/index.php?rest_route=%2Fwp%2Fv2%2Fpwb-brand&post=13713"},{"taxonomy":"product_cat","embeddable":true,"href":"https:\/\/www.autonvaraosahaku.fi\/index.php?rest_route=%2Fwp%2Fv2%2Fproduct_cat&post=13713"},{"taxonomy":"product_tag","embeddable":true,"href":"https:\/\/www.autonvaraosahaku.fi\/index.php?rest_route=%2Fwp%2Fv2%2Fproduct_tag&post=13713"}],"curies":[{"name":"wp","href":"https:\/\/api.w.org\/{rel}","templated":true}]}}