{"id":13741,"date":"2021-02-21T14:18:46","date_gmt":"2021-02-21T14:18:46","guid":{"rendered":"https:\/\/www.autonvaraosahaku.fi\/?product=valeo-586021-oljynsuodatin"},"modified":"2021-02-21T14:18:46","modified_gmt":"2021-02-21T14:18:46","slug":"valeo-586021-oljynsuodatin","status":"publish","type":"product","link":"https:\/\/www.autonvaraosahaku.fi\/?product=valeo-586021-oljynsuodatin","title":{"rendered":"VALEO 586021 \u00d6ljynsuodatin"},"content":{"rendered":"<p>Kierremitta: M 20&#215;1,5; Ulkol\u00e4pimitta [mm]: 69,5; Sis\u00e4l\u00e4pimitta 1 [mm]: 63; Sis\u00e4l\u00e4pimitta 2 [mm]: 55; Korkeus (mm): 85; Avauspaine ohitusventtiili [bar]: 1,5; Suodatintyyppi: Ruuvattava suodatin; Paino [kg]: 0,26; Valmistusvuosi alkaen: 05\/2010; MAZDA: 3 BK,MX-5 II NB,2 DE,323 F VI BJ,PREMACY CP,3 BL,MX-5 I NA,3 BM,DEMIO DW,RX 8 SE17,626 V Hatchback GF,3 Stufenheck BK,MPV II LW,626 V GF,626 V Station Wagon GW,323 P V BA,3 Stufenheck BL,626 IV Hatchback GE,MX-3 EC,FAMILIA VI BJ,3 Stufenheck BM,B-SERIE UN,XEDOS 6 CA,323 C IV BG,FAMILIA IV BF,XEDOS 9 TA,626 IV GE,FAMILIA V BA,FAMILIA V BG8,RX 7 II FC,323 III Hatchback BF,121 II DB,MX-6 GE,RX 7 I SA,626 III GD,FAMILIA IV BG,626 III Hatchback GD,626 III Coupe GD,E-SERIE Kasten SR2,626 III Station Wagon GV,626 II GC,626 II Hatchback GC,929 III HC,B-SERIE UF,323 III BF,MPV I LV,RX 7 III FD,323 III Station Wagon BW,323 II Hatchback BD,121 I DA,323 II BD,929 II HB,626 I CB,626 II Coupe GC,323 I Station Wagon FA,B-SERIE PE,B-SERIE UD; NISSAN: PATHFINDER R51,PATROL GR II Wagon Y61,MAXIMA QX A33,MAXIMA QX A32,MAXIMA Station Wagon; KIA: SPORTAGE K00,RETONA CE; FORD USA: PROBE II ECP,PROBE I; HONDA: S2000 AP; VOLVO: V40 Kombi VW,S40 I VS; DAIHATSU: FOURTRAK F7, F8,ROCKY Soft Top F7, F8,WILDCAT\/ROCKY F75; LANCIA: YPSILON 843,Y 840A,MUSA 350; FIAT: GRANDE PUNTO 199,PUNTO 188,PANDA 169,500 312,STILO 192,BRAVO II 198,PUNTO EVO 199,DOBLO Cargo 223,500 C 312,PUNTO 176,STILO Multi Wagon 192,DOBLO 119,DOBLO Kasten\/Kombi 263,PANDA Van 169,IDEA,STRADA Pick-up 178E,DOBLO Gro\u00dfraumlimousine 152, 263,PUNTO Van 188AX,BRAVO I 182,BRAVA 182,PUNTO Cabriolet 176C,MAREA Weekend 185,PALIO Weekend 178DX,LINEA 323,PUNTO Van 199,DOBLO Pritsche\/Fahrgestell 263,MAREA 185,PALIO 178BX,SIENA 178_; ALFA ROMEO: MITO 955; 1560187305000, 1560187310LOC, 46544820, 46751179, 3521840, 3891893, 5016958, 3891893, 04154PR3E00, 15200PH1004, 15220PH1014, 15400PLC004, 15400PR3003, 4154PR3E00, 2630035A00, 0FE3R14302, FE3R14302, 0FE3R14302, B6Y1143029A, B6Y114302A, F2Y014302A, F80223802, F802238029A, FE3R14302, FEY0143029A, FEYO14302, FEYO143029A, JEY014302, JEY014302A, N35014302, PEY014302, PEYO14302, MD135737, MD360935, MZ690070, 1520831000, 1520831U00, 1520831U01, 152087B000, 152089E000, PW510577, 30866266<\/p>\n","protected":false},"excerpt":{"rendered":"<p>VALEO \u00d6ljynsuodatin 586021  MAZDA,NISSAN,KIA,3 BK,MX-5 II NB,2 DE,323 F VI BJ,PREMACY CP,3 BL,MX-5 I NA,3 BM,DEMIO DW,RX 8 SE17,626 V Hatchback GF<\/p>\n","protected":false},"featured_media":0,"template":"","meta":{"site-sidebar-layout":"default","site-content-layout":"default","ast-global-header-display":"","ast-main-header-display":"","ast-hfb-above-header-display":"","ast-hfb-below-header-display":"","ast-hfb-mobile-header-display":"","site-post-title":"","ast-breadcrumbs-content":"","ast-featured-img":"","footer-sml-layout":"","theme-transparent-header-meta":"","adv-header-id-meta":"","stick-header-meta":"","header-above-stick-meta":"","header-main-stick-meta":"","header-below-stick-meta":""},"pwb-brand":[28],"product_cat":[30],"product_tag":[],"class_list":{"0":"post-13741","1":"product","2":"type-product","3":"status-publish","5":"pwb-brand-valeo","6":"product_cat-oljynsuodatin","7":"desktop-align-left","8":"tablet-align-left","9":"mobile-align-left","11":"first","12":"instock","13":"product-type-external"},"brands":[{"id":28,"name":"VALEO","slug":"valeo"}],"_links":{"self":[{"href":"https:\/\/www.autonvaraosahaku.fi\/index.php?rest_route=\/wp\/v2\/product\/13741","targetHints":{"allow":["GET"]}}],"collection":[{"href":"https:\/\/www.autonvaraosahaku.fi\/index.php?rest_route=\/wp\/v2\/product"}],"about":[{"href":"https:\/\/www.autonvaraosahaku.fi\/index.php?rest_route=\/wp\/v2\/types\/product"}],"wp:attachment":[{"href":"https:\/\/www.autonvaraosahaku.fi\/index.php?rest_route=%2Fwp%2Fv2%2Fmedia&parent=13741"}],"wp:term":[{"taxonomy":"pwb-brand","embeddable":true,"href":"https:\/\/www.autonvaraosahaku.fi\/index.php?rest_route=%2Fwp%2Fv2%2Fpwb-brand&post=13741"},{"taxonomy":"product_cat","embeddable":true,"href":"https:\/\/www.autonvaraosahaku.fi\/index.php?rest_route=%2Fwp%2Fv2%2Fproduct_cat&post=13741"},{"taxonomy":"product_tag","embeddable":true,"href":"https:\/\/www.autonvaraosahaku.fi\/index.php?rest_route=%2Fwp%2Fv2%2Fproduct_tag&post=13741"}],"curies":[{"name":"wp","href":"https:\/\/api.w.org\/{rel}","templated":true}]}}