{"id":14362,"date":"2021-02-21T14:20:42","date_gmt":"2021-02-21T14:20:42","guid":{"rendered":"https:\/\/www.autonvaraosahaku.fi\/?product=mahle-original-oc-976-oljynsuodatin"},"modified":"2021-02-21T14:20:43","modified_gmt":"2021-02-21T14:20:43","slug":"mahle-original-oc-976-oljynsuodatin","status":"publish","type":"product","link":"https:\/\/www.autonvaraosahaku.fi\/?product=mahle-original-oc-976-oljynsuodatin","title":{"rendered":"MAHLE ORIGINAL OC 976 \u00d6ljynsuodatin"},"content":{"rendered":"<p>Suodatintyyppi: Ruuvattava suodatin; L\u00e4pimitta [mm]: 76,0; Korkeus (mm): 89,0; Ulkol\u00e4pimitta 2 [mm]: 72,0; Sis\u00e4l\u00e4pimitta 2 [mm]: 62,0; Liitinkierre: M20x1,5; Kiristysmomentti: 20; Suositellun erikoisty\u00f6kalun tuotenumero: OCS 7, OCS 7; Moottorinumero: DW10FD; NISSAN: MICRA II K11; DAEWOO: TOSCA; LADA: NIVA 2121; SUZUKI: SAMURAI SJ,GRAND VITARA I FT,VITARA ET, TA,VITARA Cabrio ET, TA,BALENO Kombi EG,BALENO EG,BALENO Schr\u00e4gheck EG,VITARA ET,VITARA Cabrio ET; CHEVROLET: EPICA KL1_,EPICA Stufenheck US; LANCIA: PHEDRA 179,ZETA 220; OPEL: CROSSLAND X,GRANDLAND X A18; IVECO: EUROCARGO I-III; TOYOTA: COROLLA Liftback _E11_,COROLLA Compact _E11_,COROLLA _E11_,COROLLA Wagon __E11_,AYGO PAB4_, KGB4_,PROACE Bus MPY_,PROACE Kasten MDZ_,PROACE Pritsche\/Fahrgestell MDZ_; ROVER: 200 Hatchback XW,400 Tourer XW,100 \/ METRO XP,400 XW; 25184029, 96389188, 96818899, 1109AL, 1109AP, 1109CA, 1109CN, 1109J8, 1109J9, 1109K2, 1109L1, 1109N3, 1109R0, 1109R1, 1109T0, 1109T1, 1109X1, 1109X2, 1109X5, 1109X6, 95495621, 95495622, 95580482, 95580483, 95638747, 96002933, 9637143480, 9644885480, E149003, E149102, E149130, E149134, 25184029, 96389188, 96818899, 0192143, 1667695, 1109AL, 1109R0, 1109R1, 1109T0, 1109T1, 1109X2, E149134, 0000071771371, 0000071771763, 0000071772207, 0006001073241, 0006001073242, 0009567205780, 0009624148680, 6001073241, 6001073242, 71753741, 71771371, 71771763, 71772207, 7571543, 9456000927, 9456183480, 9456203480, 9456203580, 9558048380, 9567205780, 9600293380, 9624148680, 9626732880, 9628173380, 5011788, 5011991, A830X6714ABA, A830X6714AHA, EFL273, 93156538, 96818899, 2630029000, 71772207, 9456183480, 9456203580, 152086F901, 152086F905, 152086F906, 152086F910, 1109AL, 3647177, E149134, 110950, 110951, 110967, 110968, 110975, 110981, 110982, 110984, 110986, 1109AL, 1109AP, 1109CA, 1109CN, 1109F0, 110&#8230;<\/p>\n","protected":false},"excerpt":{"rendered":"<p>MAHLE ORIGINAL \u00d6ljynsuodatin OC 976  NISSAN,DAEWOO,LADA,MICRA II K11,TOSCA,NIVA 2121,SAMURAI SJ,GRAND VITARA I FT,VITARA ET, TA,VITARA Cabrio ET, TA<\/p>\n","protected":false},"featured_media":0,"template":"","meta":{"site-sidebar-layout":"default","site-content-layout":"default","ast-global-header-display":"","ast-main-header-display":"","ast-hfb-above-header-display":"","ast-hfb-below-header-display":"","ast-hfb-mobile-header-display":"","site-post-title":"","ast-breadcrumbs-content":"","ast-featured-img":"","footer-sml-layout":"","theme-transparent-header-meta":"","adv-header-id-meta":"","stick-header-meta":"","header-above-stick-meta":"","header-main-stick-meta":"","header-below-stick-meta":""},"pwb-brand":[153],"product_cat":[30],"product_tag":[],"class_list":{"0":"post-14362","1":"product","2":"type-product","3":"status-publish","5":"pwb-brand-mahle-original","6":"product_cat-oljynsuodatin","7":"desktop-align-left","8":"tablet-align-left","9":"mobile-align-left","11":"first","12":"instock","13":"product-type-external"},"brands":[{"id":153,"name":"MAHLE ORIGINAL","slug":"mahle-original"}],"_links":{"self":[{"href":"https:\/\/www.autonvaraosahaku.fi\/index.php?rest_route=\/wp\/v2\/product\/14362","targetHints":{"allow":["GET"]}}],"collection":[{"href":"https:\/\/www.autonvaraosahaku.fi\/index.php?rest_route=\/wp\/v2\/product"}],"about":[{"href":"https:\/\/www.autonvaraosahaku.fi\/index.php?rest_route=\/wp\/v2\/types\/product"}],"wp:attachment":[{"href":"https:\/\/www.autonvaraosahaku.fi\/index.php?rest_route=%2Fwp%2Fv2%2Fmedia&parent=14362"}],"wp:term":[{"taxonomy":"pwb-brand","embeddable":true,"href":"https:\/\/www.autonvaraosahaku.fi\/index.php?rest_route=%2Fwp%2Fv2%2Fpwb-brand&post=14362"},{"taxonomy":"product_cat","embeddable":true,"href":"https:\/\/www.autonvaraosahaku.fi\/index.php?rest_route=%2Fwp%2Fv2%2Fproduct_cat&post=14362"},{"taxonomy":"product_tag","embeddable":true,"href":"https:\/\/www.autonvaraosahaku.fi\/index.php?rest_route=%2Fwp%2Fv2%2Fproduct_tag&post=14362"}],"curies":[{"name":"wp","href":"https:\/\/api.w.org\/{rel}","templated":true}]}}