{"id":14448,"date":"2021-02-21T14:20:56","date_gmt":"2021-02-21T14:20:56","guid":{"rendered":"https:\/\/www.autonvaraosahaku.fi\/?product=trw-df4364-jarrulevyt"},"modified":"2021-02-21T14:20:58","modified_gmt":"2021-02-21T14:20:58","slug":"trw-df4364-jarrulevyt","status":"publish","type":"product","link":"https:\/\/www.autonvaraosahaku.fi\/?product=trw-df4364-jarrulevyt","title":{"rendered":"TRW DF4364 Jarrulevyt"},"content":{"rendered":"<p>Kierremitta: 13,5; Jarrulevytyyppi: Tuuletettu; Ulkol\u00e4pimitta [mm]: 260; Jarrulevyn paksuus (mm): 22; keskitt\u00e4misl\u00e4pimitta [mm]: 61; Korkeus (mm): 44; Reikien m\u00e4\u00e4r\u00e4: 4; Reik\u00e4ympyr\u00e4-\u00d8 [mm]: 100; K\u00e4sittely: hiiliter\u00e4s; V\u00e4himm\u00e4ispaksuus (mm): 19,8; V\u00e4ri: Musta; Pinta: Lakattu; Tarkistuskilpi: E190R-02 C0185\/0627; Asennuspuoli: Vorderachse; NISSAN: MICRA III K12,NOTE E11,MICRA C+C K12,TIIDA Schr\u00e4gheck,TIIDA Stufenheck SC11X,MICRA V K14; DACIA: LOGAN MCV KS_,LOGAN LS_,LOGAN EXPRESS FS_,LOGAN Pick-up US_; RENAULT: CLIO III BR0\/1, CR0\/1,MODUS \/ GRAND MODUS F\/JP0_,MEGANE II BM0\/1_, CM0\/1_,CLIO Grandtour KR0\/1_,MEGANE II Stufenheck LM0\/1_,CLIO III Kasten SB_, SR_,LOGAN I Kombi KS_,LOGAN EXPRESS; 7701207795, 7701207795, 40206AX600, 40206AX602, 40206AX603, 40206AX60A, 40206EE320, 7701207795; Jarrulevy<\/p>\n","protected":false},"excerpt":{"rendered":"<p>TRW Jarrulevyt DF4364 Jarrulevy NISSAN,DACIA,RENAULT,MICRA III K12,NOTE E11,MICRA C+C K12,TIIDA Schr\u00e4gheck,TIIDA Stufenheck SC11X,MICRA V K14<\/p>\n","protected":false},"featured_media":0,"template":"","meta":{"site-sidebar-layout":"default","site-content-layout":"default","ast-global-header-display":"","ast-main-header-display":"","ast-hfb-above-header-display":"","ast-hfb-below-header-display":"","ast-hfb-mobile-header-display":"","site-post-title":"","ast-breadcrumbs-content":"","ast-featured-img":"","footer-sml-layout":"","theme-transparent-header-meta":"","adv-header-id-meta":"","stick-header-meta":"","header-above-stick-meta":"","header-main-stick-meta":"","header-below-stick-meta":""},"pwb-brand":[332],"product_cat":[66],"product_tag":[],"class_list":{"0":"post-14448","1":"product","2":"type-product","3":"status-publish","5":"pwb-brand-trw","6":"product_cat-jarrulevyt","7":"desktop-align-left","8":"tablet-align-left","9":"mobile-align-left","11":"first","12":"instock","13":"product-type-external"},"brands":[{"id":332,"name":"TRW","slug":"trw"}],"_links":{"self":[{"href":"https:\/\/www.autonvaraosahaku.fi\/index.php?rest_route=\/wp\/v2\/product\/14448","targetHints":{"allow":["GET"]}}],"collection":[{"href":"https:\/\/www.autonvaraosahaku.fi\/index.php?rest_route=\/wp\/v2\/product"}],"about":[{"href":"https:\/\/www.autonvaraosahaku.fi\/index.php?rest_route=\/wp\/v2\/types\/product"}],"wp:attachment":[{"href":"https:\/\/www.autonvaraosahaku.fi\/index.php?rest_route=%2Fwp%2Fv2%2Fmedia&parent=14448"}],"wp:term":[{"taxonomy":"pwb-brand","embeddable":true,"href":"https:\/\/www.autonvaraosahaku.fi\/index.php?rest_route=%2Fwp%2Fv2%2Fpwb-brand&post=14448"},{"taxonomy":"product_cat","embeddable":true,"href":"https:\/\/www.autonvaraosahaku.fi\/index.php?rest_route=%2Fwp%2Fv2%2Fproduct_cat&post=14448"},{"taxonomy":"product_tag","embeddable":true,"href":"https:\/\/www.autonvaraosahaku.fi\/index.php?rest_route=%2Fwp%2Fv2%2Fproduct_tag&post=14448"}],"curies":[{"name":"wp","href":"https:\/\/api.w.org\/{rel}","templated":true}]}}