{"id":14467,"date":"2021-02-21T14:21:00","date_gmt":"2021-02-21T14:21:00","guid":{"rendered":"https:\/\/www.autonvaraosahaku.fi\/?product=ngk-48065-sytytyspuola"},"modified":"2021-02-21T14:21:01","modified_gmt":"2021-02-21T14:21:01","slug":"ngk-48065-sytytyspuola","status":"publish","type":"product","link":"https:\/\/www.autonvaraosahaku.fi\/?product=ngk-48065-sytytyspuola","title":{"rendered":"NGK 48065 Sytytyspuola"},"content":{"rendered":"<p>Sis\u00e4\u00e4n\/ulosmeno aukkojen lukum\u00e4\u00e4r\u00e4: 1; Napojen m\u00e4\u00e4r\u00e4: 4; Sytytyspuola: Liit\u00e4nt\u00e4 SAE; TECDOC-moottorinumero: 19820; VW: GOLF IV 1J1,GOLF V 1K1,PASSAT Variant 3C5,PASSAT 3C2,PASSAT Variant 365,TRANSPORTER V Bus 7HB, 7HJ, 7EB, 7EJ, 7EF,TOUAREG 7LA, 7L6, 7L7,MULTIVAN V 7HM, 7HN, 7HF, 7EF, 7EM, 7EN,EOS 1F7, 1F8,TRANSPORTER V Kasten 7HA, 7HH, 7EA, 7EH,PASSAT CC 357,PHAETON 3D_,TOUAREG 7P5,PASSAT 362,CC 358,TRANSPORTER V Pritsche\/Fahrgestell 7JD, 7JE, 7JL, 7JY, 7JZ,; AUDI: A3 8P1,A3 Sportback 8PA,Q7 4L,TT 8N3,TT 8J3,TT Roadster 8N9,TT Roadster 8J9; SKODA: SUPERB Kombi 3T5,SUPERB 3T4; PORSCHE: CAYENNE 955,CAYENNE; 022905100B, 022905100E, 022905100H, 022905100L, 022905100P, 022905100S, 022905100T, 022905715, 022905715A, 022905715B, 022905715D, 022905715E, 022905100B, 022905100E, 022905100H, 022905100L, 022905100P, 022905100S, 022905100T, 022905715, 022905715A, 022905715B, 022905715D, 022905715E, 022905100B, 022905100E, 022905100H, 022905100L, 022905100P, 022905100S, 022905100T, 022905715, 022905715A, 022905715B, 022905715D, 022905715E, 95560210103, 95560210105, 95860210100, 022905100B, 022905100E, 022905100H, 022905100L, 022905100P, 022905100S, 022905100T, 022905715, 022905715A, 022905715B, 022905715D, 022905715E, 022905100B, 022905100E, 022905100H, 022905100L, 022905100P, 022905100S, 022905100T, 022905715, 022905715A, 022905715B, 022905715D, 022905715E, 022905100B, 022905100E, 022905100H, 022905100L, 022905100P, 022905100S, 022905100T, 022905715, 022905715A, 022905715B, 022905715D, 022905715E<\/p>\n","protected":false},"excerpt":{"rendered":"<p>NGK Sytytyspuola 48065  VW,AUDI,SKODA,GOLF IV 1J1,GOLF V 1K1,PASSAT Variant 3C5,PASSAT 3C2,PASSAT Variant 365<\/p>\n","protected":false},"featured_media":0,"template":"","meta":{"site-sidebar-layout":"default","site-content-layout":"default","ast-global-header-display":"","ast-main-header-display":"","ast-hfb-above-header-display":"","ast-hfb-below-header-display":"","ast-hfb-mobile-header-display":"","site-post-title":"","ast-breadcrumbs-content":"","ast-featured-img":"","footer-sml-layout":"","theme-transparent-header-meta":"","adv-header-id-meta":"","stick-header-meta":"","header-above-stick-meta":"","header-main-stick-meta":"","header-below-stick-meta":""},"pwb-brand":[189],"product_cat":[25],"product_tag":[],"class_list":{"0":"post-14467","1":"product","2":"type-product","3":"status-publish","5":"pwb-brand-ngk","6":"product_cat-sytytyspuola","7":"desktop-align-left","8":"tablet-align-left","9":"mobile-align-left","11":"first","12":"instock","13":"product-type-external"},"brands":[{"id":189,"name":"NGK","slug":"ngk"}],"_links":{"self":[{"href":"https:\/\/www.autonvaraosahaku.fi\/index.php?rest_route=\/wp\/v2\/product\/14467","targetHints":{"allow":["GET"]}}],"collection":[{"href":"https:\/\/www.autonvaraosahaku.fi\/index.php?rest_route=\/wp\/v2\/product"}],"about":[{"href":"https:\/\/www.autonvaraosahaku.fi\/index.php?rest_route=\/wp\/v2\/types\/product"}],"wp:attachment":[{"href":"https:\/\/www.autonvaraosahaku.fi\/index.php?rest_route=%2Fwp%2Fv2%2Fmedia&parent=14467"}],"wp:term":[{"taxonomy":"pwb-brand","embeddable":true,"href":"https:\/\/www.autonvaraosahaku.fi\/index.php?rest_route=%2Fwp%2Fv2%2Fpwb-brand&post=14467"},{"taxonomy":"product_cat","embeddable":true,"href":"https:\/\/www.autonvaraosahaku.fi\/index.php?rest_route=%2Fwp%2Fv2%2Fproduct_cat&post=14467"},{"taxonomy":"product_tag","embeddable":true,"href":"https:\/\/www.autonvaraosahaku.fi\/index.php?rest_route=%2Fwp%2Fv2%2Fproduct_tag&post=14467"}],"curies":[{"name":"wp","href":"https:\/\/api.w.org\/{rel}","templated":true}]}}