{"id":14492,"date":"2021-02-21T14:21:04","date_gmt":"2021-02-21T14:21:04","guid":{"rendered":"https:\/\/www.autonvaraosahaku.fi\/?product=elring-110-604-kierretulppa"},"modified":"2021-02-21T14:21:05","modified_gmt":"2021-02-21T14:21:05","slug":"elring-110-604-kierretulppa","status":"publish","type":"product","link":"https:\/\/www.autonvaraosahaku.fi\/?product=elring-110-604-kierretulppa","title":{"rendered":"ELRING 110.604 Kierretulppa"},"content":{"rendered":"<p>Sis\u00e4l\u00e4pimitta [mm]: 12; Ulkol\u00e4pimitta [mm]: 16; Paksuus [mm]: 1,5; Materiaali: Kupari; Muoto: A-muoto; Vaihtoehtoinen korjaussarja: 017.655, 505.540; TECDOC-moottorinumero: 26600; JEEP: GRAND CHEROKEE III WH, WK,COMMANDER XK,RENEGADE Gel\u00e4ndewagen geschlossen BU,COMPASS; ABARTH: 500 \/ 595 312_,500C \/ 595C 312_,PUNTO 199_,PUNTO EVO 199_,124 Spider 348_; MERCEDES-BENZ: C-CLASS W203,E-CLASS W211,C-CLASS W204,C-CLASS T-Model S204,C-CLASS T-Model S203,E-CLASS T-Model S211,190 W201,E-CLASS W212,M-CLASS W164,E-CLASS T-Model S212,GLK-CLASS X204,CLK C209,S-CLASS W221,CLS C219,R-CLASS W251, V251,M-CLASS W166,G-CLASS W463,E-CLASS Coupe C207,CLK Cabriolet A209,E-CLASS Cabriolet A207,GL-CLASS X164,CLS C218,CLS Shooting Brake X218,GL-CLASS X166,G-CLASS Cabrio W463,SPRINTER 4,6-t Kasten 906,E-CLASS W213,GLC X253,E-CLASS T-Model S213,GLE W166,C-CLASS Coupe C205,GLC Coupe C253,GLE Coupe C292,GLS X166,E-CLASS Coupe C238,E-CLASS Cabriolet A238,E-CLASS All-Terrain S213; OPEL: COMBO Kasten\/Kombi X12,COMBO Tour X12; CHRYSLER: 300 C Touring LX,300 C LX; LANCIA: YPSILON 843,DELTA III 844,MUSA 350,YPSILON 312, 846; FIAT: GRANDE PUNTO 199,PUNTO 188,PANDA 169,500 312,STILO 192,BRAVO II 198,PUNTO EVO 199,500 C 312,STILO Multi Wagon 192,DOBLO Kasten\/Kombi 263,PUNTO 199,IDEA,PANDA 312,500L,DOBLO Gro\u00dfraumlimousine 152, 263,LINEA 323,PUNTO Van 199,DOBLO Pritsche\/Fahrgestell 263,PALIO 178BX,500X,TIPO Schr\u00e4gheck 356_,PANDA VAN 312,TIPO Kombi 356_,TIPO Stufenheck 356_,124 Spider 348_; ALFA ROMEO: GIULIETTA 940,MITO 955; TATA (TELCO): INDICA VISTA; VAUXHALL: COMBO Mk III D Kasten\/Kombi; 234032233, N0138182, N0138183, 6106000AA, 037964, 6106000AA, 10261060, 60805415, 6106000AA, 06561900703, 000000006035, 007603012102, 11015219, 2091036, 037964, 90012300520, N0138182, 5000280297, N0138182, N0138183, N0138182, N0138183, 0002724V000, 188391, N0138182, N0138183; Tiiviste, \u00d6ljynlaskutulppa<\/p>\n","protected":false},"excerpt":{"rendered":"<p>ELRING \u00d6ljytulpan Tiiviste 110.604 Tiiviste, \u00d6ljynlaskutulppa JEEP,ABARTH,MERCEDES-BENZ,GRAND CHEROKEE III WH, WK,COMMANDER XK<\/p>\n","protected":false},"featured_media":0,"template":"","meta":{"site-sidebar-layout":"default","site-content-layout":"default","ast-global-header-display":"","ast-main-header-display":"","ast-hfb-above-header-display":"","ast-hfb-below-header-display":"","ast-hfb-mobile-header-display":"","site-post-title":"","ast-breadcrumbs-content":"","ast-featured-img":"","footer-sml-layout":"","theme-transparent-header-meta":"","adv-header-id-meta":"","stick-header-meta":"","header-above-stick-meta":"","header-main-stick-meta":"","header-below-stick-meta":""},"pwb-brand":[26],"product_cat":[40],"product_tag":[],"class_list":{"0":"post-14492","1":"product","2":"type-product","3":"status-publish","5":"pwb-brand-elring","6":"product_cat-kierretulppa","7":"desktop-align-left","8":"tablet-align-left","9":"mobile-align-left","11":"first","12":"instock","13":"product-type-external"},"brands":[{"id":26,"name":"ELRING","slug":"elring"}],"_links":{"self":[{"href":"https:\/\/www.autonvaraosahaku.fi\/index.php?rest_route=\/wp\/v2\/product\/14492","targetHints":{"allow":["GET"]}}],"collection":[{"href":"https:\/\/www.autonvaraosahaku.fi\/index.php?rest_route=\/wp\/v2\/product"}],"about":[{"href":"https:\/\/www.autonvaraosahaku.fi\/index.php?rest_route=\/wp\/v2\/types\/product"}],"wp:attachment":[{"href":"https:\/\/www.autonvaraosahaku.fi\/index.php?rest_route=%2Fwp%2Fv2%2Fmedia&parent=14492"}],"wp:term":[{"taxonomy":"pwb-brand","embeddable":true,"href":"https:\/\/www.autonvaraosahaku.fi\/index.php?rest_route=%2Fwp%2Fv2%2Fpwb-brand&post=14492"},{"taxonomy":"product_cat","embeddable":true,"href":"https:\/\/www.autonvaraosahaku.fi\/index.php?rest_route=%2Fwp%2Fv2%2Fproduct_cat&post=14492"},{"taxonomy":"product_tag","embeddable":true,"href":"https:\/\/www.autonvaraosahaku.fi\/index.php?rest_route=%2Fwp%2Fv2%2Fproduct_tag&post=14492"}],"curies":[{"name":"wp","href":"https:\/\/api.w.org\/{rel}","templated":true}]}}