{"id":14839,"date":"2021-02-21T14:22:08","date_gmt":"2021-02-21T14:22:08","guid":{"rendered":"https:\/\/www.autonvaraosahaku.fi\/?product=purflux-ep58-polttoainesuodatin"},"modified":"2021-02-21T14:22:09","modified_gmt":"2021-02-21T14:22:09","slug":"purflux-ep58-polttoainesuodatin","status":"publish","type":"product","link":"https:\/\/www.autonvaraosahaku.fi\/?product=purflux-ep58-polttoainesuodatin","title":{"rendered":"PURFLUX EP58 Polttoainesuodatin"},"content":{"rendered":"<p>Ulkol\u00e4pimitta [mm]: 44; Sis\u00e4l\u00e4pimitta [mm]: 8; Korkeus (mm): 124; Suodatintyyppi: Vorfilter; MAZDA: RX 7 I SA,929 II Coupe HB,323 III Station Wagon BW,323 II Hatchback BD,323 II BD,929 II HB,323 I Station Wagon FA,E-SERIE Kasten,929 II Kombi HV,B-SERIE PE,1300; SEAT: 127 127A,124,600 D,133,128,132,PANDA 141A,RITMO 138; LADA: NIVA 2121,SAMARA 2108, 2109, 2115, 2113, 2114,NOVA 2105,NOVA Kombi 2104,SAMARA Stufenheck 21099, 2115; HONDA: PRELUDE I Coupe SN; VOLVO: 240 Kombi P245,240 P242, P244,340-360 343, 345,DUETT,340-360 Stufenheck 344; SAAB: 99 Combi Coupe; ROVER: 2000-3500 P6; MERCEDES-BENZ: S-CLASS W108, W109; OPEL: OMEGA A 16_, 17_, 19_,OMEGA A Caravan 66_, 67_; SUBARU: LEONE I Hatchback,LEONE I Station Wagon,LEONE I AB; 1555410, FS1, FS15, FS4, FS5, FS9286E, 24165, 5224165, 13321277481, 13321278272, 13321461265, 2084528, 2525254, 2846061, 2303087603, 2330087603, 119003206100, 4323062, 4352637, 60735555, 60745338, 71736104, 82323784, 82425649, 82428006, 82434499, 91386006, 93814412, 9401567188, 5008881, 5015543, A810X9155DA, B7S9155A, C2DE9155A, C2DZ9155A, C2RZ9155B, CC1DZ9155, CIDZ9155A, CIDZ9155B, D129155A, D12E9155A, D12F9155AA, D3FZ9155A, 16900671003, 16900671004, 16900671013, 16900671014, 16900671023, 16900671034, 16900SA0003, 16900SA0004, 16900SA0013, 16900SA0014, 16900SA0024, 16900SA0033, 16900SA0044, 16900SAO003, 16900SAO004, 16900SAO013, 16900SAO014, 16900SAO033, 5132000661, J1333001, J1336005, 210451117010, 210501117012, 210801117010, 81125030045, 81125030056, 81125030057, 81125030058, 022213470A, 022213470B, 022213478, 0014773801, 0014773901, 7002080492, 7121081072, 71212081070, 7122081070, A0014773801, A0014773901, A7002080492, A7121081072, A71212081070, A7122081070, MA166060, MT166060, 5&#8230;<\/p>\n","protected":false},"excerpt":{"rendered":"<p>PURFLUX Polttoainesuodatin EP58  MAZDA,SEAT,LADA,RX 7 I SA,929 II Coupe HB,323 III Station Wagon BW,323 II Hatchback BD,323 II BD,929 II HB<\/p>\n","protected":false},"featured_media":0,"template":"","meta":{"site-sidebar-layout":"default","site-content-layout":"default","ast-global-header-display":"","ast-main-header-display":"","ast-hfb-above-header-display":"","ast-hfb-below-header-display":"","ast-hfb-mobile-header-display":"","site-post-title":"","ast-breadcrumbs-content":"","ast-featured-img":"","footer-sml-layout":"","theme-transparent-header-meta":"","adv-header-id-meta":"","stick-header-meta":"","header-above-stick-meta":"","header-main-stick-meta":"","header-below-stick-meta":""},"pwb-brand":[303],"product_cat":[29],"product_tag":[],"class_list":{"0":"post-14839","1":"product","2":"type-product","3":"status-publish","5":"pwb-brand-purflux","6":"product_cat-polttoainesuodatin","7":"desktop-align-left","8":"tablet-align-left","9":"mobile-align-left","11":"first","12":"instock","13":"product-type-external"},"brands":[{"id":303,"name":"PURFLUX","slug":"purflux"}],"_links":{"self":[{"href":"https:\/\/www.autonvaraosahaku.fi\/index.php?rest_route=\/wp\/v2\/product\/14839","targetHints":{"allow":["GET"]}}],"collection":[{"href":"https:\/\/www.autonvaraosahaku.fi\/index.php?rest_route=\/wp\/v2\/product"}],"about":[{"href":"https:\/\/www.autonvaraosahaku.fi\/index.php?rest_route=\/wp\/v2\/types\/product"}],"wp:attachment":[{"href":"https:\/\/www.autonvaraosahaku.fi\/index.php?rest_route=%2Fwp%2Fv2%2Fmedia&parent=14839"}],"wp:term":[{"taxonomy":"pwb-brand","embeddable":true,"href":"https:\/\/www.autonvaraosahaku.fi\/index.php?rest_route=%2Fwp%2Fv2%2Fpwb-brand&post=14839"},{"taxonomy":"product_cat","embeddable":true,"href":"https:\/\/www.autonvaraosahaku.fi\/index.php?rest_route=%2Fwp%2Fv2%2Fproduct_cat&post=14839"},{"taxonomy":"product_tag","embeddable":true,"href":"https:\/\/www.autonvaraosahaku.fi\/index.php?rest_route=%2Fwp%2Fv2%2Fproduct_tag&post=14839"}],"curies":[{"name":"wp","href":"https:\/\/api.w.org\/{rel}","templated":true}]}}