{"id":15175,"date":"2021-02-21T14:23:09","date_gmt":"2021-02-21T14:23:09","guid":{"rendered":"https:\/\/www.autonvaraosahaku.fi\/?product=febi-bilstein-23368-pyoranpultit"},"modified":"2021-02-21T14:23:11","modified_gmt":"2021-02-21T14:23:11","slug":"febi-bilstein-23368-pyoranpultit","status":"publish","type":"product","link":"https:\/\/www.autonvaraosahaku.fi\/?product=febi-bilstein-23368-pyoranpultit","title":{"rendered":"FEBI BILSTEIN 23368 Py\u00f6r\u00e4npultit"},"content":{"rendered":"<p>Pituus (mm): 51; Ulkol\u00e4pimitta [mm]: 23,0; Ulkokierre [mm]: M14 x 1,5; Kierteen pituus (mm): 22; Laatu \/ luokka: 8.8; Avainv\u00e4li: 17; Ruuvikanta\/mutteriprofiili: Kuusioruuvi \/-mutteri; Py\u00f6r\u00e4n kiinnitys: Kuula istukka A\/G; V\u00e4ri: Hopea; Materiaali: Ter\u00e4s; Pinta: Sinkitetty; Ruuvin pituus ilman p\u00e4\u00e4t\u00e4: 27; Asennuspuoli: Etuakseli, Taka-akseli; Paino [kg]: 0,074; Huomioi huolto-ohjeet: , ; Varustelumahdollisuudet: S-Line; VW: PHAETON 3D_; AUDI: A4 Avant 8K5, B8,A6 Avant 4F5, C6,A4 Avant 8ED, B7,A4 Avant 8E5, B6,A6 Avant 4B5, C5,A4 8E2, B6,A4 8K2, B8,A6 4F2, C6,A6 4B2, C5,A6 Avant 4G5, C7, 4GD,A5 8T3,A4 Cabriolet 8H7, B6, 8HE, B7,A5 Sportback 8TA,A4 8EC, B7,TT 8N3,A8 4E_,A3 Sportback 8VA,A8 4D2, 4D8,A6 4G2, C7, 4GC,A6 Allroad 4FH, C6,TT Roadster 8N9,A7 Sportback 4GA, 4GF,A5 Cabriolet 8F7,A3 Limousine 8VS,ALLROAD 4BH, C5,A8 4H_,A6 Allroad 4GH, 4GJ,R8 42,R8 Spyder,A4 Avant 8W5, B9,TT FV3,A4 8W2, B9,A5 Sportback F5A,TT Roadster FV9,A5 F53,R8 4S,A4 Allroad 8WH, B9,A5 Cabriolet F57,A8 4N2, 4N8,R8 Spyder 4S9; 4D0601137, 4D0601139, 4D0601139A, WHT002438, 4D0601137, 4D0601139, 4D0601139A, WHT002438; Py\u00f6r\u00e4nruuvi<\/p>\n","protected":false},"excerpt":{"rendered":"<p>FEBI BILSTEIN Py\u00f6r\u00e4npultit 23368 Py\u00f6r\u00e4nruuvi VW,AUDI,PHAETON 3D_,A4 Avant 8K5, B8,A6 Avant 4F5, C6,A4 Avant 8ED, B7,A4 Avant 8E5, B6,A6 Avant 4B5, C5<\/p>\n","protected":false},"featured_media":0,"template":"","meta":{"site-sidebar-layout":"default","site-content-layout":"default","ast-global-header-display":"","ast-main-header-display":"","ast-hfb-above-header-display":"","ast-hfb-below-header-display":"","ast-hfb-mobile-header-display":"","site-post-title":"","ast-breadcrumbs-content":"","ast-featured-img":"","footer-sml-layout":"","theme-transparent-header-meta":"","adv-header-id-meta":"","stick-header-meta":"","header-above-stick-meta":"","header-main-stick-meta":"","header-below-stick-meta":""},"pwb-brand":[50],"product_cat":[51],"product_tag":[],"class_list":{"0":"post-15175","1":"product","2":"type-product","3":"status-publish","5":"pwb-brand-febi-bilstein","6":"product_cat-pyoranpultit","7":"desktop-align-left","8":"tablet-align-left","9":"mobile-align-left","11":"first","12":"instock","13":"product-type-external"},"brands":[{"id":50,"name":"FEBI BILSTEIN","slug":"febi-bilstein"}],"_links":{"self":[{"href":"https:\/\/www.autonvaraosahaku.fi\/index.php?rest_route=\/wp\/v2\/product\/15175","targetHints":{"allow":["GET"]}}],"collection":[{"href":"https:\/\/www.autonvaraosahaku.fi\/index.php?rest_route=\/wp\/v2\/product"}],"about":[{"href":"https:\/\/www.autonvaraosahaku.fi\/index.php?rest_route=\/wp\/v2\/types\/product"}],"wp:attachment":[{"href":"https:\/\/www.autonvaraosahaku.fi\/index.php?rest_route=%2Fwp%2Fv2%2Fmedia&parent=15175"}],"wp:term":[{"taxonomy":"pwb-brand","embeddable":true,"href":"https:\/\/www.autonvaraosahaku.fi\/index.php?rest_route=%2Fwp%2Fv2%2Fpwb-brand&post=15175"},{"taxonomy":"product_cat","embeddable":true,"href":"https:\/\/www.autonvaraosahaku.fi\/index.php?rest_route=%2Fwp%2Fv2%2Fproduct_cat&post=15175"},{"taxonomy":"product_tag","embeddable":true,"href":"https:\/\/www.autonvaraosahaku.fi\/index.php?rest_route=%2Fwp%2Fv2%2Fproduct_tag&post=15175"}],"curies":[{"name":"wp","href":"https:\/\/api.w.org\/{rel}","templated":true}]}}