{"id":15204,"date":"2021-02-21T14:23:17","date_gmt":"2021-02-21T14:23:17","guid":{"rendered":"https:\/\/www.autonvaraosahaku.fi\/?product=ridex-458f0005-polttoainepumppu"},"modified":"2021-02-21T14:23:18","modified_gmt":"2021-02-21T14:23:18","slug":"ridex-458f0005-polttoainepumppu","status":"publish","type":"product","link":"https:\/\/www.autonvaraosahaku.fi\/?product=ridex-458f0005-polttoainepumppu","title":{"rendered":"RIDEX 458F0005 Polttoainepumppu"},"content":{"rendered":"<p>K\u00e4ytt\u00f6: S\u00e4hk\u00f6inen; L\u00e4pimitta [mm]: 38; Kokonaispituus (mm): 135; L\u00e4pimitta 1\/l\u00e4pimitta 2 [mm]: IN :10 OUT :9; J\u00e4nnite (V): 12; Paine (bar): 3.35; Korvaava tuote\/korvaava tiedote 2: Suodattimella; Siirtom\u00e4\u00e4r\u00e4 (l\/h): 100; Asennuspuoli: polttoaines\u00e4ili\u00f6ss\u00e4; Valmistusvuoteen: 10\/1999; OPEL: MONTEREY A UBS_; FIAT: COUPE FA\/175,BRAVO I 182,MAREA Weekend 185,MAREA 185; TOYOTA: RAV 4 I SXA1_,PICNIC _XM10,CARINA E _T19_,CELICA ST20_, AT20_,COROLLA Wagon __E11_,CARINA E Sportswagon _T19_,4 RUNNER RN10_, VZN13_, VZN10_, RN13_,COROLLA Wagon _E10_; HYUNDAI: GETZ TB,SANTA F\u00c9 I SM,MATRIX FC,COUPE GK,TRAJET FO,SONATA IV EF,ACCENT II LC,COUPE RD,ACCENT III MC,ELANTRA XD,ACCENT III Stufenheck MC,ELANTRA Stufenheck XD,ACCENT I X-3,ACCENT II Stufenheck LC,LANTRA II Wagon J-2,LANTRA II J-2,ACCENT Stufenheck X-3,SONATA III Y-3,LANTRA I J-1,SONATA II Y-2; NISSAN: PRIMERA P11,PRIMERA Kombi WP12,PRIMERA P12,PRIMERA Traveller WP11,PRIMERA Hatchback P11,PRIMERA Hatchback P12,PATHFINDER R50,PICK UP D21,200 SX S14,PRIMERA P10,MAXIMA QX A33,MAXIMA QX A32,PRIMERA Hatchback P10,PRIMERA Traveller W10,MAXIMA Station Wagon; MAZDA: MX-5 II NB,323 F VI BJ,MX-5 I NA,MX-5 III NC,DEMIO DW,626 V Hatchback GF,626 V GF,626 V Station Wagon GW,323 P V BA,626 IV Hatchback GE,MX-3 EC,FAMILIA VI BJ,323 C IV BG,FAMILIA IV BF,626 IV GE,FAMILIA V BA,FAMILIA V BG8,323 III Hatchback BF,121 II DB,MX-6 GE,626 III GD,FAMILIA IV BG,626 III Hatchback GD,626 III Coupe GD,626 III Station Wagon GV,626 II GC,626 II Hatchback GC,323 III BF,MPV I LV,323 III Station Wagon BW,323 II Hatchback BD,323 I FA,323 II BD,626 I CB,323 I Station Wagon FA; KIA: PICANTO BA,SPORTAGE JE_, KM_,SPORTAGE K00,SEPHIA Stufenheck FA,SEPHIA FA; HONDA: CIVIC VIII Hatchback FN, FK,CIVIC VII Hatchback EU, EP, EV,CR-V II RD_,ACCORD VII CL,CIVIC VI Hatchback EJ, EK,ACCORD VII Tourer CM,ACCORD VI CG, CK,CIVIC VI Fastback MA, MB,CRX III EH, EG,CIVIC VI Aerodeck MB, MC,CR-V I RD,CIVIC V Hatchback EG,PRELUDE V BB,CIVIC VII Coupe EM2,ACCORD VI Hatchback CH,ACCORD VI Coupe CG,CIVIC IV Hatchback EC, ED, EE,ACCORD V CE, CF,CIVIC VI Stufenheck EJ, EK,CIVIC VI Coupe EJ, EM1,INTEGRA Coupe DC2, DC4,CIVIC V Coupe EJ,CIVIC VII Stufenheck ES,ACCORD IV CB,CIVIC V Stufenheck EG, EH,ACCORD V Aerodeck CE,ACCORD V CC, CD,ACCORD V Coupe CD,CIVIC IV Stufenheck ED,ACCORD III CA,LEGEND II Coupe KA8,CIVIC III Hatchback AL, AJ, AG, AH,ACCORD IV Aerodeck CB,ACCORD III Aerodeck CA,CIVIC I Hatchback SB,LEGEND II KA7,CIVIC II Schr\u00e4gheck SS, SL,ACCORD IV Coupe CB, CC,INTEGRA DC5,CIVIC II Shuttle EE,CIVIC I Stufenheck SF,CIVIC III Stufenheck AM, AK, AU,CIVIC I Shuttle AN, AR,INTEGRA DA; MITSUBISHI: COLT VI Z3_A, Z2_A,COLT V CJ_, CP_,PAJERO PININ H6_W, H7_W,COLT CZC Cabriolet RG,GALANT VI Station Wagon EA_,GALANT VI EA_,PAJERO II V3_W, V2_W, V4_W,PAJERO SPORT K90,COLT IV CA_A,ECLIPSE II D3_A,ECLIPSE I D2_A,PAJERO I L04_G, L14_G,SPACE RUNNER N1_W, N2_W,COLT III C5_A,LANCER VI CJ-CP_,3000 GT Z16A,GALANT IV E3_A,LANCER V CB\/D_A,SPACE WAGON N3_W, N4_W,GALANT IV Stufenheck E3_A,LANCER IV C6_A, C7_A,PAJERO III Gel\u00e4ndewagen offen V6_W, V7_W,GALANT V Stufenheck E5_A, E7_A, E8_A,SIGMA Station Wagon F0_W,GALANT V E5_A, E7_A, E8_A,PAJERO II Canvas Top V2_W, V4_W,COLT II C1_A,GALANT III E1_A,COLT I A15_A,GALANT II A16_,GALANT I A12_,COLT LANCER Station Wagon A7_K,COLT LANCER A7_,GALANT II Station Wagon A16_V,GALANT I Station Wagon A12_V; SUZUKI: SWIFT III MZ, EZ,JIMNY FJ,GRAND VITARA I FT,SWIFT II Schr\u00e4gheck EA, MA,VITARA ET, TA,VITARA Cabrio ET, TA,BALENO Kombi EG,BALENO EG,BALENO Schr\u00e4gheck EG,X-90 EL,SWIFT I AA,SWIFT Cabriolet SF413,SWIFT II Stufenheck AH, AJ; 46437229, 04637003, 04762964, 04798941, 05003868AA, 05003869AA, 4637003, 4762964, 4798941, 5003868AA, 5003869AA, 52018387, 52127624, K04762964, K52127624, 60812839, 7789626, 17040S01A30, 17040S01A31, 17040S04940, 17040S04941, 17040S04G30, 17040S04G31, 17040S04G40, 17040S04G41, 17040S04L00, 17040S10A00, 17040S10C01, 17040S84A01, 17040SR1A30, 17040SR2930, 17040SR2931, 17040SR2A30, 17040SR2A31, 17040SR2A32, 17040SR2A33, 17040SR2A50, 17040SR2J30, 17040SR2J31, 17040SR2Y30, 17040SR2Y31, 17040SS8A00, 17040SS8A02, 17040ST7L00, 17040SV1A30, 17040SV1A31, 17040SV1A32, 17040SV1L00, 17040SV1L01, 17040SV4A30, 17040SV4A31, 17040SX0A30, 17040SY8A01, 04637003, 3111028100, 3111033610, 311111R500, 3111122050, 3111128100, 3111128150, 3111128300, 311112D000, 3111137100, 3111137150, 3111137200, 3111137250, 3111137300, 3112025000, 3112325000, 8970418763, 8971185120, 05003869AA, 5003869AA, 0K01A13350B, 0K01D1335Z, 0K2401335ZA, 0K24C1335ZA, 0K29T1335Z, MBP021335ZD, B3C713350, B3E713350, B3E713350A, B3E71335Z&#8230;<\/p>\n","protected":false},"excerpt":{"rendered":"<p>RIDEX Polttoainepumppu 458F0005  OPEL,FIAT,TOYOTA,MONTEREY A UBS_,COUPE FA\/175,BRAVO I 182,MAREA Weekend 185,MAREA 185,RAV 4 I SXA1_,PICNIC _XM10<\/p>\n","protected":false},"featured_media":0,"template":"","meta":{"site-sidebar-layout":"default","site-content-layout":"default","ast-global-header-display":"","ast-main-header-display":"","ast-hfb-above-header-display":"","ast-hfb-below-header-display":"","ast-hfb-mobile-header-display":"","site-post-title":"","ast-breadcrumbs-content":"","ast-featured-img":"","footer-sml-layout":"","theme-transparent-header-meta":"","adv-header-id-meta":"","stick-header-meta":"","header-above-stick-meta":"","header-main-stick-meta":"","header-below-stick-meta":""},"pwb-brand":[157],"product_cat":[73],"product_tag":[],"class_list":{"0":"post-15204","1":"product","2":"type-product","3":"status-publish","5":"pwb-brand-ridex","6":"product_cat-polttoainepumppu","7":"desktop-align-left","8":"tablet-align-left","9":"mobile-align-left","11":"first","12":"instock","13":"product-type-external"},"brands":[{"id":157,"name":"RIDEX","slug":"ridex"}],"_links":{"self":[{"href":"https:\/\/www.autonvaraosahaku.fi\/index.php?rest_route=\/wp\/v2\/product\/15204","targetHints":{"allow":["GET"]}}],"collection":[{"href":"https:\/\/www.autonvaraosahaku.fi\/index.php?rest_route=\/wp\/v2\/product"}],"about":[{"href":"https:\/\/www.autonvaraosahaku.fi\/index.php?rest_route=\/wp\/v2\/types\/product"}],"wp:attachment":[{"href":"https:\/\/www.autonvaraosahaku.fi\/index.php?rest_route=%2Fwp%2Fv2%2Fmedia&parent=15204"}],"wp:term":[{"taxonomy":"pwb-brand","embeddable":true,"href":"https:\/\/www.autonvaraosahaku.fi\/index.php?rest_route=%2Fwp%2Fv2%2Fpwb-brand&post=15204"},{"taxonomy":"product_cat","embeddable":true,"href":"https:\/\/www.autonvaraosahaku.fi\/index.php?rest_route=%2Fwp%2Fv2%2Fproduct_cat&post=15204"},{"taxonomy":"product_tag","embeddable":true,"href":"https:\/\/www.autonvaraosahaku.fi\/index.php?rest_route=%2Fwp%2Fv2%2Fproduct_tag&post=15204"}],"curies":[{"name":"wp","href":"https:\/\/api.w.org\/{rel}","templated":true}]}}