{"id":15213,"date":"2021-02-21T14:23:17","date_gmt":"2021-02-21T14:23:17","guid":{"rendered":"https:\/\/www.autonvaraosahaku.fi\/?product=mahle-original-oc-204-oljynsuodatin"},"modified":"2021-02-21T14:23:19","modified_gmt":"2021-02-21T14:23:19","slug":"mahle-original-oc-204-oljynsuodatin","status":"publish","type":"product","link":"https:\/\/www.autonvaraosahaku.fi\/?product=mahle-original-oc-204-oljynsuodatin","title":{"rendered":"MAHLE ORIGINAL OC 204 \u00d6ljynsuodatin"},"content":{"rendered":"<p>Suodatintyyppi: Ruuvattava suodatin; L\u00e4pimitta [mm]: 93,2; Korkeus (mm): 81,0; Ulkol\u00e4pimitta 2 [mm]: 72,0; Sis\u00e4l\u00e4pimitta 2 [mm]: 62,0; Liitinkierre: 3\/4-16UNF-2B; Kiristysmomentti: 20; Suositellun erikoisty\u00f6kalun tuotenumero: OCS 2, OCS 2; Paino [g]: 0,98; Korkeus (tuumaa): 3,35; Leveys (tuumaa): 3,78; Pituus (tuumaa): 3,78; Valmistusvuoteen: 04\/1984; OPEL: DIPLOMAT B,KAPIT\u00c4N A; VOLVO: V40 Kombi VW,V70 II SW,V70 I LV,850 Kombi LW,XC70 CROSS COUNTRY,S40 I VS,940 II Kombi 945,940 Kombi 945,240 Kombi P245,740 Kombi 745,C70 I Cabriolet,C70 I Coupe,850 LS,960 II Kombi 965,740 744,240 P242, P244,S70 LS,960 II 964,940 944,P 544,V90 Kombi,P 1800,760 704, 764,P 121,340-360 343, 345,960 Kombi 965,164,140 142, 144,760 Kombi 704, 765,940 II 944,960 964,66,P 122 S AMAZON,140 Kombi 145,260 P262, P264,S90,P 122 S AMAZON Kombi,DUETT,260 Coupe P262,340-360 Stufenheck 344,66 Kombi,260 Kombi P265,780,P 2200 Kombi,8500,8900,B10,B12,F10,F12,F16,FH12,FH16,FL10,FM12,NH12; SAAB: 900 I Combi Coupe,900 I AC4, AM4; DAF: 55 Kombi,66; 1498024, 5000187, 5014515, A720X6714RA, A85SU6714A, BFL41, EFL56, 0650367, 3430499, 650354, 6503546, 650356, 650367, 93156306, 650367, 7984235, 7984718, 12661862, 1266286, 12662862, 1266388, 266286, 3517857, 35178573, 418432, 4184321<\/p>\n","protected":false},"excerpt":{"rendered":"<p>MAHLE ORIGINAL \u00d6ljynsuodatin OC 204  OPEL,VOLVO,SAAB,DIPLOMAT B,KAPIT\u00c4N A,V40 Kombi VW,V70 II SW,V70 I LV,850 Kombi LW,XC70 CROSS COUNTRY,S40 I VS<\/p>\n","protected":false},"featured_media":0,"template":"","meta":{"site-sidebar-layout":"default","site-content-layout":"default","ast-global-header-display":"","ast-main-header-display":"","ast-hfb-above-header-display":"","ast-hfb-below-header-display":"","ast-hfb-mobile-header-display":"","site-post-title":"","ast-breadcrumbs-content":"","ast-featured-img":"","footer-sml-layout":"","theme-transparent-header-meta":"","adv-header-id-meta":"","stick-header-meta":"","header-above-stick-meta":"","header-main-stick-meta":"","header-below-stick-meta":""},"pwb-brand":[153],"product_cat":[30],"product_tag":[],"class_list":{"0":"post-15213","1":"product","2":"type-product","3":"status-publish","5":"pwb-brand-mahle-original","6":"product_cat-oljynsuodatin","7":"desktop-align-left","8":"tablet-align-left","9":"mobile-align-left","11":"first","12":"instock","13":"product-type-external"},"brands":[{"id":153,"name":"MAHLE ORIGINAL","slug":"mahle-original"}],"_links":{"self":[{"href":"https:\/\/www.autonvaraosahaku.fi\/index.php?rest_route=\/wp\/v2\/product\/15213","targetHints":{"allow":["GET"]}}],"collection":[{"href":"https:\/\/www.autonvaraosahaku.fi\/index.php?rest_route=\/wp\/v2\/product"}],"about":[{"href":"https:\/\/www.autonvaraosahaku.fi\/index.php?rest_route=\/wp\/v2\/types\/product"}],"wp:attachment":[{"href":"https:\/\/www.autonvaraosahaku.fi\/index.php?rest_route=%2Fwp%2Fv2%2Fmedia&parent=15213"}],"wp:term":[{"taxonomy":"pwb-brand","embeddable":true,"href":"https:\/\/www.autonvaraosahaku.fi\/index.php?rest_route=%2Fwp%2Fv2%2Fpwb-brand&post=15213"},{"taxonomy":"product_cat","embeddable":true,"href":"https:\/\/www.autonvaraosahaku.fi\/index.php?rest_route=%2Fwp%2Fv2%2Fproduct_cat&post=15213"},{"taxonomy":"product_tag","embeddable":true,"href":"https:\/\/www.autonvaraosahaku.fi\/index.php?rest_route=%2Fwp%2Fv2%2Fproduct_tag&post=15213"}],"curies":[{"name":"wp","href":"https:\/\/api.w.org\/{rel}","templated":true}]}}