{"id":15435,"date":"2021-02-21T14:24:00","date_gmt":"2021-02-21T14:24:00","guid":{"rendered":"https:\/\/www.autonvaraosahaku.fi\/?product=mannol-mn8103-4-vaihteistooljy"},"modified":"2021-02-21T14:24:02","modified_gmt":"2021-02-21T14:24:02","slug":"mannol-mn8103-4-vaihteistooljy","status":"publish","type":"product","link":"https:\/\/www.autonvaraosahaku.fi\/?product=mannol-mn8103-4-vaihteistooljy","title":{"rendered":"MANNOL MN8103-4 Vaihteisto\u00f6ljy"},"content":{"rendered":"<p>Tuotelinja: Extra GL5, Getriebeoel; Pakkaustyyppi: Kanisteri; Tilavuus (litra): 4; Viskositeettiluokka SAE: 75W-90; Erittely: API GL 4, API GL 5 LS; Valmistajan hyv\u00e4ksym\u00e4: MAN 342 Type M1, MAN 342 Type M2, MAN 342 Type M3, MACK GO-J, MACK GO-J Plus, SCANIA STO 1:0; \u00d6ljy: Synteettinen \u00f6ljy; MAZDA: 5 CR19,3 BK,6 Station Wagon GY,MX-5 II NB,6 Kombi GH,323 F VI BJ,PREMACY CP,6 Hatchback GG,6 GG,MX-5 I NA,TRIBUTE EP,MX-5 III NC,DEMIO DW,6 Schr\u00e4gheck GH,RX 8 SE17,626 V Hatchback GF,3 Stufenheck BK,6 GH,MPV II LW,626 V GF,626 V Station Wagon GW,323 P V BA,626 IV Hatchback GE,MX-3 EC,FAMILIA VI BJ,B-SERIE UN,XEDOS 6 CA,BT-50 CD, UN,323 C IV BG,FAMILIA IV BF,626 IV GE,FAMILIA V BA,FAMILIA V BG8,323 III Hatchback BF,MX-6 GE,FAMILIA IV BG,626 III Hatchback GD,E-SERIE Kasten SR2,626 III Station Wagon GV,323 III BF,MPV I LV,RX 7 III FD,323 III Station Wagon BW; CHEVROLET: CAMARO GMX511,CAMARO Convertible GMX511,CORVETTE Convertible 1YY; JEEP: GRAND CHEROKEE I ZJ,CHEROKEE XJ,WRANGLER I YJ, SJ_,CJ5 &#8211; CJ8; LADA: NIVA 2121,KALINA Kombi 1117,KALINA Schr\u00e4gheck 1119,KALINA Stufenheck 1118; IVECO: STRALIS; NISSAN: NAVARA D40,NAVARA Pritsche\/Fahrgestell D40,PICK UP D22,PICK UP D21,VANETTE Bus C22,VANETTE CARGO Kasten HC 23,VANETTE CARGO Bus HC 23,VANETTE Kasten C22,TRADE Bus,URVAN Bus E24,URVAN Kasten E23,URVAN Kasten E24,VANETTE Bus KC120,URVAN Bus E23; KIA: MAGENTIS GD,PREGIO Kasten TB,PREGIO Bus,K2500 SD; LEXUS: IS II GSE2_, ALE2_, USE2_,IS I JCE1_, GXE1_,IS SportCross,IS C GSE2_; HYUNDAI: TRAJET FO,H-1 Kasten,H-1 \/ STAREX,PONY X-2,LANTRA I J-1,S COUPE SLC,PONY \/ EXCEL Stufenheck X-2,SONATA II Y-2; DAIHATSU: HIJET Kasten S85; Vaihdelaatikon \u00d6ljy<\/p>\n","protected":false},"excerpt":{"rendered":"<p>MANNOL Vaihteisto\u00f6ljy MN8103-4 Vaihdelaatikon \u00d6ljy MAZDA,CHEVROLET,JEEP,5 CR19,3 BK,6 Station Wagon GY,MX-5 II NB,6 Kombi GH,323 F VI BJ,PREMACY CP<\/p>\n","protected":false},"featured_media":0,"template":"","meta":{"site-sidebar-layout":"default","site-content-layout":"default","ast-global-header-display":"","ast-main-header-display":"","ast-hfb-above-header-display":"","ast-hfb-below-header-display":"","ast-hfb-mobile-header-display":"","site-post-title":"","ast-breadcrumbs-content":"","ast-featured-img":"","footer-sml-layout":"","theme-transparent-header-meta":"","adv-header-id-meta":"","stick-header-meta":"","header-above-stick-meta":"","header-main-stick-meta":"","header-below-stick-meta":""},"pwb-brand":[167],"product_cat":[58],"product_tag":[],"class_list":{"0":"post-15435","1":"product","2":"type-product","3":"status-publish","5":"pwb-brand-mannol","6":"product_cat-vaihteistooljy","7":"desktop-align-left","8":"tablet-align-left","9":"mobile-align-left","11":"first","12":"instock","13":"product-type-external"},"brands":[{"id":167,"name":"MANNOL","slug":"mannol"}],"_links":{"self":[{"href":"https:\/\/www.autonvaraosahaku.fi\/index.php?rest_route=\/wp\/v2\/product\/15435","targetHints":{"allow":["GET"]}}],"collection":[{"href":"https:\/\/www.autonvaraosahaku.fi\/index.php?rest_route=\/wp\/v2\/product"}],"about":[{"href":"https:\/\/www.autonvaraosahaku.fi\/index.php?rest_route=\/wp\/v2\/types\/product"}],"wp:attachment":[{"href":"https:\/\/www.autonvaraosahaku.fi\/index.php?rest_route=%2Fwp%2Fv2%2Fmedia&parent=15435"}],"wp:term":[{"taxonomy":"pwb-brand","embeddable":true,"href":"https:\/\/www.autonvaraosahaku.fi\/index.php?rest_route=%2Fwp%2Fv2%2Fpwb-brand&post=15435"},{"taxonomy":"product_cat","embeddable":true,"href":"https:\/\/www.autonvaraosahaku.fi\/index.php?rest_route=%2Fwp%2Fv2%2Fproduct_cat&post=15435"},{"taxonomy":"product_tag","embeddable":true,"href":"https:\/\/www.autonvaraosahaku.fi\/index.php?rest_route=%2Fwp%2Fv2%2Fproduct_tag&post=15435"}],"curies":[{"name":"wp","href":"https:\/\/api.w.org\/{rel}","templated":true}]}}