{"id":15486,"date":"2021-02-21T14:24:12","date_gmt":"2021-02-21T14:24:12","guid":{"rendered":"https:\/\/www.autonvaraosahaku.fi\/?product=mahle-original-oc-1566-oljynsuodatin"},"modified":"2021-02-21T14:24:13","modified_gmt":"2021-02-21T14:24:13","slug":"mahle-original-oc-1566-oljynsuodatin","status":"publish","type":"product","link":"https:\/\/www.autonvaraosahaku.fi\/?product=mahle-original-oc-1566-oljynsuodatin","title":{"rendered":"MAHLE ORIGINAL OC 1566 \u00d6ljynsuodatin"},"content":{"rendered":"<p>Suodatintyyppi: Ruuvattava suodatin; L\u00e4pimitta [mm]: 66,0; Korkeus (mm): 65,0; Ulkol\u00e4pimitta 2 [mm]: 62,0; Sis\u00e4l\u00e4pimitta 2 [mm]: 54,0; Liitinkierre: M20x1,5; Kiristysmomentti: 10; Suositellun erikoisty\u00f6kalun tuotenumero: 0,0, OCS 1; Valmistusvuosi alkaen: 01\/2015; RENAULT: CLIO III BR0\/1, CR0\/1,MEGANE III Grandtour KZ0\/1,ESPACE IV JK0\/1_,SC\u00c9NIC III JZ0\/1_,LAGUNA III Grandtour KT0\/1,CLIO IV,MEGANE III Schr\u00e4gheck BZ0_,MEGANE III Coupe DZ0\/1_,KOLEOS HY_,CAPTUR,LAGUNA III BT0\/1,VEL SATIS BJ0_,LAGUNA Coupe DT0\/1,FLUENCE L30_,LATITUDE L70_,KADJAR,MEGANE IV B9A\/M_,MEGANE IV Grandtour K9A\/M_,ESPACE V,TALISMAN Grandtour KP_,TALISMAN,KOLEOS II,MEGANE IV Stufenheck,SANDERO\/STEPWAY II,LOGAN II; HYUNDAI: GETZ TB,i20 PB, PBT,i30 GD,i30 CW GD,i20 GB,i30 PDE,i30 Kombi PDE,i20 ACTIVE GB,i20 Coupe,KONA OS,i30 FASTBACK PDE; NISSAN: QASHQAI \/ QASHQAI +2 J10, JJ10,MICRA III K12,X-TRAIL T30,NOTE E11,ALMERA TINO V10,ALMERA II Hatchback N16,NAVARA D40,JUKE F15,X-TRAIL T31,PRIMERA P11,MICRA IV K13,PRIMERA Kombi WP12,PRIMERA P12,NV200 EVALIA,PRIMERA Traveller WP11,350 Z Z33,PRIMERA Hatchback P11,MICRA C+C K12,MURANO Z50,NOTE E12,PRIMERA Hatchback P12,PATROL GR II Wagon Y61,TIIDA Schr\u00e4gheck,NV200 Kasten,ALMERA I Hatchback N15,MURANO Z51,PICK UP D22,PATHFINDER R50,ALMERA Mk II N16,370 Z Z34,200 SX S14,350 Z Roadster Z33,MAXIMA QX A33,GT-R R35,CUBE Z12,TIIDA Stufenheck SC11X,370 Z Roadster Z34,QASHQAI J11, J11_,ALMERA Classic B10,X-TRAIL T32,TEANA II J32,ALTIMA,TEANA I J31,PATHFINDER R52,ALMERA N17,SENTRA B17,TIIDA Schr\u00e4gheck C12; MAZDA: 323 F VI BJ,MX-5 I NA,FAMILIA V BA,2 Stufenheck DE,B-SERIE Pritsche\/Fahrgestell UF; KIA: PICANTO BA,RIO III UB,CEE&#8217;D JD,PICANTO TA,CEE`D Sportswagon JD,PRO CEE\u00b4D JD,CERATO Stufenheck LD,RIO Stufenheck DC_,CARENS I FC,RIO III Stufenheck UB,RIO IV YB,CEE&#8217;D Combi Van JD,PICANTO JA,STONIC YB,RIO IV Stufenheck SC, FB; DACIA: DUSTER,LODGY,DOKKER,DOKKER Express,DUSTER Kasten; SUBARU: IMPREZA Station Wagon GG,IMPREZA Stufenheck GR; INFINITI: Q50,FX,EX,M Y51,G Stufenheck,QX56,M37,G Coupe,M35,Q70 Y51,QX70,Q60 Coupe,QX50; 152009645R, 152085758R, 1520865F0A, 1520865F0B, 152088066R, 7701053054, 7701068766, 8671004310, 2630002500, 2630002501, 2630002502, 2630002503, 2630003000, 2630003001, S2630002500, 1520865F0A, 1520865F0B, 1520865F0C, 1520865F0D, 1520865F1A, 1520865F1B, 2630002500, 2630002501, 2630002502, 2630002503, 2630003000, 2630003001, S2630002502, S2630002503, S2630003001, 152085758R, 152081HC0A, 152083J400, 152083J400XX, 1520865F00, 1520865F01, 1520865F0A, 1520865F0B, 1520865F0C, 1520865F0D, 1520865F0E, 1520865F10, 1520865F1A, 1520865F1B, 152087B000, 1520895F0A, 152089F600, 152089F60A, 152009645R, 152085758R, 1520865F0A, 1520865F0B, 152088066R, 152089F600, 152089F60A, 1521021920, 7701053054, 7701068766, 8660005350, 8671004310, 15208AA12A<\/p>\n","protected":false},"excerpt":{"rendered":"<p>MAHLE ORIGINAL \u00d6ljynsuodatin OC 1566  RENAULT,HYUNDAI,NISSAN,CLIO III BR0\/1, CR0\/1,MEGANE III Grandtour KZ0\/1,ESPACE IV JK0\/1_,SC\u00c9NIC III JZ0\/1_<\/p>\n","protected":false},"featured_media":0,"template":"","meta":{"site-sidebar-layout":"default","site-content-layout":"default","ast-global-header-display":"","ast-main-header-display":"","ast-hfb-above-header-display":"","ast-hfb-below-header-display":"","ast-hfb-mobile-header-display":"","site-post-title":"","ast-breadcrumbs-content":"","ast-featured-img":"","footer-sml-layout":"","theme-transparent-header-meta":"","adv-header-id-meta":"","stick-header-meta":"","header-above-stick-meta":"","header-main-stick-meta":"","header-below-stick-meta":""},"pwb-brand":[153],"product_cat":[30],"product_tag":[],"class_list":{"0":"post-15486","1":"product","2":"type-product","3":"status-publish","5":"pwb-brand-mahle-original","6":"product_cat-oljynsuodatin","7":"desktop-align-left","8":"tablet-align-left","9":"mobile-align-left","11":"first","12":"instock","13":"product-type-external"},"brands":[{"id":153,"name":"MAHLE ORIGINAL","slug":"mahle-original"}],"_links":{"self":[{"href":"https:\/\/www.autonvaraosahaku.fi\/index.php?rest_route=\/wp\/v2\/product\/15486","targetHints":{"allow":["GET"]}}],"collection":[{"href":"https:\/\/www.autonvaraosahaku.fi\/index.php?rest_route=\/wp\/v2\/product"}],"about":[{"href":"https:\/\/www.autonvaraosahaku.fi\/index.php?rest_route=\/wp\/v2\/types\/product"}],"wp:attachment":[{"href":"https:\/\/www.autonvaraosahaku.fi\/index.php?rest_route=%2Fwp%2Fv2%2Fmedia&parent=15486"}],"wp:term":[{"taxonomy":"pwb-brand","embeddable":true,"href":"https:\/\/www.autonvaraosahaku.fi\/index.php?rest_route=%2Fwp%2Fv2%2Fpwb-brand&post=15486"},{"taxonomy":"product_cat","embeddable":true,"href":"https:\/\/www.autonvaraosahaku.fi\/index.php?rest_route=%2Fwp%2Fv2%2Fproduct_cat&post=15486"},{"taxonomy":"product_tag","embeddable":true,"href":"https:\/\/www.autonvaraosahaku.fi\/index.php?rest_route=%2Fwp%2Fv2%2Fproduct_tag&post=15486"}],"curies":[{"name":"wp","href":"https:\/\/api.w.org\/{rel}","templated":true}]}}