{"id":15976,"date":"2021-02-21T14:25:46","date_gmt":"2021-02-21T14:25:46","guid":{"rendered":"https:\/\/www.autonvaraosahaku.fi\/?product=ackoja-a70-0114-kierretulppa"},"modified":"2021-02-21T14:25:49","modified_gmt":"2021-02-21T14:25:49","slug":"ackoja-a70-0114-kierretulppa","status":"publish","type":"product","link":"https:\/\/www.autonvaraosahaku.fi\/?product=ackoja-a70-0114-kierretulppa","title":{"rendered":"ACKOJA A70-0114 Kierretulppa"},"content":{"rendered":"<p>Kierrenousu (mm): 1,25; Paino [kg]: 0,02; V\u00e4ri: Hopea; Asennuspuoli: Moottorin puoli; Ulkokierre [mm]: M12 x 1,25; Avainv\u00e4li: 14; Ruuvikanta\/mutteriprofiili: Kuusioruuvi \/-mutteri; Pinta: Sinkitetty; Tarvittava kappalem\u00e4\u00e4r\u00e4: 1; Kierremitta: M12 x 1,25; Materiaali: Ter\u00e4s; Kierteen pituus (mm): 11; Korvaava tuote\/korvaava tiedote 2: Tiivisterenkaalla; Pakkausleveys [cm]: 2,2; Pakkauskorkeus [mm]: 2,05; Pakkaussyvyys [cm]: 2,2; Ulkol\u00e4pimitta [mm]: 22,5; VW: TARO; NISSAN: QASHQAI \/ QASHQAI +2 J10, JJ10,MICRA III K12,X-TRAIL T30,MICRA II K11,NOTE E11,ALMERA TINO V10,ALMERA II Hatchback N16,NAVARA D40,JUKE F15,PATHFINDER R51,X-TRAIL T31,PRIMERA P11,MICRA IV K13,PRIMERA Kombi WP12,PRIMERA P12,NV200 EVALIA,TERRANO II R20,PRIMERA Traveller WP11,350 Z Z33,PRIMERA Hatchback P11,MICRA C+C K12,MURANO Z50,NAVARA Pritsche\/Fahrgestell D40,PRIMERA Hatchback P12,PATROL GR II Wagon Y61,TIIDA Schr\u00e4gheck,NV200 Kasten,ALMERA I Hatchback N15,MURANO Z51,PICK UP D22,PATHFINDER R50,ALMERA Mk II N16,200 SX S13,MICRA I K10,ALMERA I N15,PICK UP D21,100 NX B13,SERENA C23M,200 SX S14,PATROL GR I Y60, GR,PRIMERA P10,350 Z Roadster Z33,MAXIMA QX A33,TERRANO I WD21,300 ZX Z32,MAXIMA QX A32,CUBE Z12,300 ZX Z31,PATROL Station Wagon W260,PATROL Hardtop K260,TIIDA Stufenheck SC11X,SUNNY II Coupe B12,NP300,SUNNY III N14,QASHQAI J11, J11_,VANETTE Bus C22,PULSAR V Schr\u00e4gheck N14,SUNNY III Liftback N14,PRIMERA Hatchback P10,PRIMERA Traveller W10,SUNNY I; LEXUS: IS II GSE2_, ALE2_, USE2_,RX MHU3_, GSU3_, MCU3_,IS I JCE1_, GXE1_,GS GRS19_, UZS19_, GWS19_,RX GYL1_, GGL15, AGL10,CT ZWA1_,GS UZS161, JZS160,IS SportCross,RX MCU15,LS UVF4_, USF4_,LS UCF20,LS UCF10,GS JZS147,IS C GSE2_,LX URJ201,ES GSV4_, ACV4_,ES F1, F2,ES MCV_, VZV_; MINI: MINI R50, R53; TOYOTA: YARIS SCP9_, NSP9_, KSP9_, NCP9_, ZSP9_,YARIS SCP1_, NLP1_, NCP1_,AVENSIS Kombi T25,COROLLA Verso ZER_, ZZE12_, R1_,AURIS NRE15_, ZZE15_, ADE15_, ZRE15_, NDE15_,RAV 4 III ACA3_, ACE_, ALA3_, GSA3_, ZSA3_,RAV 4 II CLA2_, XA2_, ZCA2_, ACA2_,COROLLA ZZE12_, NDE12_, ZDE12_,AVENSIS Station Wagon ZRT27, ADT27,VERSO _AUR2_, _ZGR2_,AVENSIS T25_,YARIS VERSO _NLP2_, _NCP2_,YARIS NHP13_, NSP13_, NCP13_, KSP13_, NLP13_,AURIS NZE18_, ZRE18_,STARLET EP91,COROLLA Kombi _E12J_, _E12T_,PRIUS Liftback NHW20_,AVENSIS Stufenheck T25,AVENSIS _T22_,COROLLA Liftback _E11_,IQ KPJ1_, NGJ1_, KGJ1_, NUJ1_,COROLLA Compact _E11_,AVENSIS Station Wagon _T22_,RAV 4 I SXA1_,COROLLA Verso ZDE12_, CDE12_,CELICA ZZT23_,PRIUS ZVW3_,AVENSIS Stufenheck ZRT27, ADT27,RAV 4 IV ZSA4_, ALA4_,PREVIA MCR3_, ACR3_, CLR3_,LAND CRUISER KDJ12_, GRJ12_,HILUX III Pick-up TGN1_, GGN2_, GGN1_, KUN2_, KUN1_,VERSO S NLP12_, NCP12_, NSP12_,COROLLA Stufenheck _E12J_, _E12T_,AVENSIS Liftback _T22_,PICNIC _XM10,LAND CRUISER 90 _J9_;; BMW: X1 E84; DAIHATSU: SIRION M3_,CUORE VII L251,MATERIA M4_,TERIOS J2_,TREVIS,SIRION M1,YRV M2,TERIOS J1,COPEN L880_, L881_,FOURTRAK F7, F8,ROCKY Soft Top F7, F8,EXTOL Bus S22_, S23_; INFINITI: FX,QX4; FORD: MAVERICK UDS, UNS; RENAULT: ESPACE IV JK0\/1_,LAGUNA III Grandtour KT0\/1,CLIO IV,LAGUNA III BT0\/1,VEL SATIS BJ0_,LAGUNA Coupe DT0\/1,ESPACE V; 11137791817, 7791817, 90043140410, A132E6175S, 1112801M00, 1112801M01, 1112801M05, 1112801M0B, 90043140410, 9034112012, 9034112026, 90341T0004; \u00d6ljytulppa,Kierretulppa, \u00d6ljypohja<\/p>\n","protected":false},"excerpt":{"rendered":"<p>ACKOJA Kierretulppa Original ACKOJA Quality A70-0114 \u00d6ljytulppa,Kierretulppa, \u00d6ljypohja VW,NISSAN,LEXUS,TARO,QASHQAI \/ QASHQAI +2 J10, JJ10<\/p>\n","protected":false},"featured_media":0,"template":"","meta":{"site-sidebar-layout":"default","site-content-layout":"default","ast-global-header-display":"","ast-main-header-display":"","ast-hfb-above-header-display":"","ast-hfb-below-header-display":"","ast-hfb-mobile-header-display":"","site-post-title":"","ast-breadcrumbs-content":"","ast-featured-img":"","footer-sml-layout":"","theme-transparent-header-meta":"","adv-header-id-meta":"","stick-header-meta":"","header-above-stick-meta":"","header-main-stick-meta":"","header-below-stick-meta":""},"pwb-brand":[386],"product_cat":[40],"product_tag":[],"class_list":{"0":"post-15976","1":"product","2":"type-product","3":"status-publish","5":"pwb-brand-ackoja","6":"product_cat-kierretulppa","7":"desktop-align-left","8":"tablet-align-left","9":"mobile-align-left","11":"first","12":"instock","13":"product-type-external"},"brands":[{"id":386,"name":"ACKOJA","slug":"ackoja"}],"_links":{"self":[{"href":"https:\/\/www.autonvaraosahaku.fi\/index.php?rest_route=\/wp\/v2\/product\/15976","targetHints":{"allow":["GET"]}}],"collection":[{"href":"https:\/\/www.autonvaraosahaku.fi\/index.php?rest_route=\/wp\/v2\/product"}],"about":[{"href":"https:\/\/www.autonvaraosahaku.fi\/index.php?rest_route=\/wp\/v2\/types\/product"}],"wp:attachment":[{"href":"https:\/\/www.autonvaraosahaku.fi\/index.php?rest_route=%2Fwp%2Fv2%2Fmedia&parent=15976"}],"wp:term":[{"taxonomy":"pwb-brand","embeddable":true,"href":"https:\/\/www.autonvaraosahaku.fi\/index.php?rest_route=%2Fwp%2Fv2%2Fpwb-brand&post=15976"},{"taxonomy":"product_cat","embeddable":true,"href":"https:\/\/www.autonvaraosahaku.fi\/index.php?rest_route=%2Fwp%2Fv2%2Fproduct_cat&post=15976"},{"taxonomy":"product_tag","embeddable":true,"href":"https:\/\/www.autonvaraosahaku.fi\/index.php?rest_route=%2Fwp%2Fv2%2Fproduct_tag&post=15976"}],"curies":[{"name":"wp","href":"https:\/\/api.w.org\/{rel}","templated":true}]}}