{"id":16002,"date":"2021-02-21T14:25:54","date_gmt":"2021-02-21T14:25:54","guid":{"rendered":"https:\/\/www.autonvaraosahaku.fi\/?product=mannol-mn8206-1-automaattivaihteistooljy"},"modified":"2021-02-21T14:25:55","modified_gmt":"2021-02-21T14:25:55","slug":"mannol-mn8206-1-automaattivaihteistooljy","status":"publish","type":"product","link":"https:\/\/www.autonvaraosahaku.fi\/?product=mannol-mn8206-1-automaattivaihteistooljy","title":{"rendered":"MANNOL MN8206-1 Automaattivaihteisto\u00f6ljy"},"content":{"rendered":"<p>Tilavuus (litra): 1; Tuotelinja: Dexron III, Automatic Plus; Pakkaustyyppi: Pullo; Erittely: ALLISON C4, ALLISON TES 389; Valmistajan hyv\u00e4ksym\u00e4: GM DEXRON III H, GM DEXRON III G, GM DEXRON III F, FORD MERCON V, FORD M2C138-CJ, FORD M2C166-H, ZF TE-ML 09, ZF TE-ML 11, ZF TE-ML 14C, MB 236.1, VOITH G.607, CATERPILLAR TO-2; Vaihteistonumero: AF 13-II 4\/1; MAZDA: 6 Station Wagon GY,MX-5 II NB,323 F VI BJ,PREMACY CP,TRIBUTE EP,DEMIO DW,RX 8 SE17,626 V Hatchback GF,MPV II LW,626 V GF,626 V Station Wagon GW,323 P V BA,626 IV Hatchback GE,MX-3 EC,FAMILIA VI BJ,XEDOS 6 CA,XEDOS 9 TA,626 IV GE,FAMILIA V BA,FAMILIA V BG8,121 II DB,MX-6 GE,626 III GD,626 III Hatchback GD,626 III Coupe GD,626 III Station Wagon GV; NISSAN: MICRA III K12,X-TRAIL T30,MICRA II K11,NOTE E11,ALMERA TINO V10,ALMERA II Hatchback N16,PRIMERA P11,PRIMERA Kombi WP12,PRIMERA P12,TERRANO II R20,PRIMERA Traveller WP11,PRIMERA Hatchback P11,MICRA C+C K12,PRIMERA Hatchback P12,PATROL GR II Wagon Y61,TIIDA Schr\u00e4gheck,ALMERA I Hatchback N15,ALMERA Mk II N16,200 SX S13,MICRA I K10,ALMERA I N15,100 NX B13,200 SX S14,PATROL GR I Y60, GR,PRIMERA P10,MAXIMA QX A33,TERRANO I WD21,300 ZX Z32,MAXIMA QX A32,300 ZX Z31,TIIDA Stufenheck SC11X,SUNNY II Coupe B12,SUNNY III N14,PULSAR V Schr\u00e4gheck N14,SUNNY III Liftback N14,PRIMERA Hatchback P10,PRIMERA Traveller W10,SUNNY II Hatchback N13,KUBISTAR Kasten X80,BLUEBIRD T72 , T12,LAUREL JC32,SUNNY III Traveller Y10,BLUEBIRD Hatchback T72, T12,MAXIMA II J30,SUNNY II N13,BLUEBIRD Station Wagon WU11,PRAIRIE PRO M11,BLUEBIRD U11,SUNNY Kasten Y10,SUNNY II Traveller B12,LAUREL JC31,CHERRY III N12,SUNNY I B11,SUNNY I Coupe B11,SUNNY I Traveller B11,MAXIMA Station Wagon,STANZA ; JEEP: CHEROKEE KJ,GRAND CHEROKEE I ZJ,CHEROKEE XJ,WRANGLER I YJ, SJ_; DAEWOO: KALOS KLAS,LANOS KLAT,LACETTI Schr\u00e4gheck KLAN,NUBIRA Stufenheck KLAN,KALOS Stufenheck KLAS,NUBIRA Wagon KLAN,NUBIRA Wagon KLAJ,LANOS Stufenheck KLAT,NEXIA KLETN,NUBIRA Stufenheck KLAJ,ESPERO KLEJ,NUBIRA KLAJ,MUSSO FJ,KORANDO KJ,NEXIA Stufenheck KLETN,KORANDO Cabrio KJ; SUZUKI: JIMNY FJ,GRAND VITARA I FT,WAGON R+ MM,IGNIS FH,IGNIS II,SWIFT II Schr\u00e4gheck EA, MA,VITARA ET, TA,VITARA Cabrio ET, TA,LIANA Schr\u00e4gheck,ALTO HA24,LIANA ER,WAGON R+ EM,BALENO Kombi EG,BALENO EG,BALENO Schr\u00e4gheck EG,ALTO HA12, HA23,X-90 EL,VITARA ET,VITARA Cabrio ET; CHEVROLET: NUBIRA Kombi,KALOS,LACETTI J200,CORVETTE C5,KALOS Stufenheck,BLAZER S10,TRAILBLAZER KC_,CAMARO F,NUBIRA Stufenheck,CORVETTE Convertible,CORVETTE Convertible 1YY,TAHOE B2W,TRANS SPORT,CAMARO Convertible F,S10 Pick-up; MERCEDES-BENZ: C-CLASS W203,E-CLASS W211,A-CLASS W168,C-CLASS T-Model S203,C-CLASS W202,E-CLASS T-Model S211,190 W201,SLK R170,E-CLASS W210,C-CLASS Coupe CL203,M-CLASS W163,Stufenheck W124,E-CLASS Kombi S210,CLK C208,SL R129,CLK C209,C-CLASS Kombi S202,VANEO 414,SL R230,KOMBI Kombi S124,E-CLASS W124,G-CLASS W463,CLK Cabriolet A208,COUPE C124,CLK Cabriolet A209,S-CLASS W140,E-CLASS Kombi S124,SPRINTER 3-t Kasten 903,SPRINTER 2-t Bus 901, 902,G-CLASS W461,SPRINTER 2-t Kasten 901, 902,SPRINTER 3-t Bus 903,SPRINTER 3-t Pritsche\/Fahrgestell 903,T1 Bus 601,E-CLASS Cabriolet A124,E-CLASS Coupe C124,T1 Pritsche\/Fahrgestell 602,T1 Kasten 602,SPRINTER 4-t Pritsche\/Fahrgestell 904,T1 Pritsche\/Fahrgestell 601,SPRINTER 2-t Pritsche\/Fahrgestell 901, 902,T1 Kasten 601,S-CLASS Coupe C140,SPRINTER 4-t Kasten 904,T1 Bus 602,G-CLASS Cabrio W463,SPRINTER 4-t Bus 904,ATEGO 2,ECONIC; KIA: SPORTAGE K00,SHUMA FB,PRIDE DA,CLARUS K9A,CLARUS Kombi GC,PRIDE Kombi,SEPHIA FB; HONDA: ACCORD VI CG, CK,CR-V I RD,PRELUDE V BB,ACCORD VI Hatchback CH,ACCORD VI Coupe CG,ACCORD V CE, CF,SHUTTLE RA,ACCORD V CC, CD,LEGEND III KA9; LAND ROVER: RANGE ROVER III LM,DISCOVERY II LJ, LT,RANGE ROVER II LP,DISCOVERY I LJ, LG; M2C138CJ, M2C166H, MERCONV, 2361<\/p>\n","protected":false},"excerpt":{"rendered":"<p>MANNOL Automaattivaihteisto\u00f6ljy MN8206-1  MAZDA,NISSAN,JEEP,6 Station Wagon GY,MX-5 II NB,323 F VI BJ,PREMACY CP,TRIBUTE EP,DEMIO DW,RX 8 SE17<\/p>\n","protected":false},"featured_media":0,"template":"","meta":{"site-sidebar-layout":"default","site-content-layout":"default","ast-global-header-display":"","ast-main-header-display":"","ast-hfb-above-header-display":"","ast-hfb-below-header-display":"","ast-hfb-mobile-header-display":"","site-post-title":"","ast-breadcrumbs-content":"","ast-featured-img":"","footer-sml-layout":"","theme-transparent-header-meta":"","adv-header-id-meta":"","stick-header-meta":"","header-above-stick-meta":"","header-main-stick-meta":"","header-below-stick-meta":""},"pwb-brand":[167],"product_cat":[143],"product_tag":[],"class_list":{"0":"post-16002","1":"product","2":"type-product","3":"status-publish","5":"pwb-brand-mannol","6":"product_cat-automaattivaihteistooljy","7":"desktop-align-left","8":"tablet-align-left","9":"mobile-align-left","11":"first","12":"instock","13":"product-type-external"},"brands":[{"id":167,"name":"MANNOL","slug":"mannol"}],"_links":{"self":[{"href":"https:\/\/www.autonvaraosahaku.fi\/index.php?rest_route=\/wp\/v2\/product\/16002","targetHints":{"allow":["GET"]}}],"collection":[{"href":"https:\/\/www.autonvaraosahaku.fi\/index.php?rest_route=\/wp\/v2\/product"}],"about":[{"href":"https:\/\/www.autonvaraosahaku.fi\/index.php?rest_route=\/wp\/v2\/types\/product"}],"wp:attachment":[{"href":"https:\/\/www.autonvaraosahaku.fi\/index.php?rest_route=%2Fwp%2Fv2%2Fmedia&parent=16002"}],"wp:term":[{"taxonomy":"pwb-brand","embeddable":true,"href":"https:\/\/www.autonvaraosahaku.fi\/index.php?rest_route=%2Fwp%2Fv2%2Fpwb-brand&post=16002"},{"taxonomy":"product_cat","embeddable":true,"href":"https:\/\/www.autonvaraosahaku.fi\/index.php?rest_route=%2Fwp%2Fv2%2Fproduct_cat&post=16002"},{"taxonomy":"product_tag","embeddable":true,"href":"https:\/\/www.autonvaraosahaku.fi\/index.php?rest_route=%2Fwp%2Fv2%2Fproduct_tag&post=16002"}],"curies":[{"name":"wp","href":"https:\/\/api.w.org\/{rel}","templated":true}]}}