{"id":16405,"date":"2021-02-21T14:27:12","date_gmt":"2021-02-21T14:27:12","guid":{"rendered":"https:\/\/www.autonvaraosahaku.fi\/?product=topran-502-635-jakoketjun-kiristin"},"modified":"2021-02-21T14:27:13","modified_gmt":"2021-02-21T14:27:13","slug":"topran-502-635-jakoketjun-kiristin","status":"publish","type":"product","link":"https:\/\/www.autonvaraosahaku.fi\/?product=topran-502-635-jakoketjun-kiristin","title":{"rendered":"TOPRAN 502 635 Jakoketjun kiristin"},"content":{"rendered":"<p>Apulaitteet: Nokka-akseli; Ruuvikanta\/mutteriprofiili: Kuusioruuvi \/-mutteri; Lis\u00e4tarvike\/lis\u00e4tieto: Tiivisteill\u00e4; K\u00e4ytt\u00f6: Hydraulinen; Asennuspuoli: vorne und hinten; MINI: MINI R56,MINI CLUBMAN R55,MINI Cabriolet R57,MINI COUNTRYMAN R60,MINI Coupe R58,MINI Roadster R59,MINI PACEMAN R61; BMW: 1 F20,3 Touring F31,3 F30, F35, F80,1 F21; CITRO\u00cbN: C5 III Break TD_,C4 Picasso I UD_,C4 Grand Picasso I UA_,C4 I LC_,DS3,C5 III RD_,C4 II B7,C4 Grand Picasso II,C4 Picasso II,DS4,DS5; PEUGEOT: 207 WA_, WC_,207 CC WD_,207 SW WK_,308 SW,208,308 4A_, 4C_,5008,508 SW,3008,RCZ,308 CC,2008,508,308 II,308 SW II,3008 SUV,5008 II; DS: DS 3,DS5,DS 4 \/ DS 4 CROSSBACK,DS 3 Cabriolet; 11314609482, 11314609483, 11317534772, 11317565868, 11317582036, 11317593309, 11317597895, 11317598956, 11317601809, 11317607551, 4609482, 4609483, 7534772, 7565868, 7582036, 7593309, 7597895, 7598956, 7601809, 7607551, 0829E1, 0829G3, 9816058580, 0829E1, 0829G3, 9816058580, 11314609482, 11314609483, 11317534772, 11317565868, 11317582036, 11317593309, 11317597895, 11317598956, 11317601809, 11317607551, 4609482, 4609483, 7534772, 7565868, 7582036, 7593309, 7597895, 7598956, 7601809, 7607551, 0829E1, 0829G3, 9816058580; Nokkaketjun Kiristin,Kiristyslaite, Jakoketju<\/p>\n","protected":false},"excerpt":{"rendered":"<p>TOPRAN Jakoketjun Kiristin 502 635 Nokkaketjun Kiristin,Kiristyslaite, Jakoketju MINI,BMW,CITRO\u00cbN,MINI R56,MINI CLUBMAN R55,MINI Cabriolet R57<\/p>\n","protected":false},"featured_media":0,"template":"","meta":{"site-sidebar-layout":"default","site-content-layout":"default","ast-global-header-display":"","ast-main-header-display":"","ast-hfb-above-header-display":"","ast-hfb-below-header-display":"","ast-hfb-mobile-header-display":"","site-post-title":"","ast-breadcrumbs-content":"","ast-featured-img":"","footer-sml-layout":"","theme-transparent-header-meta":"","adv-header-id-meta":"","stick-header-meta":"","header-above-stick-meta":"","header-main-stick-meta":"","header-below-stick-meta":""},"pwb-brand":[18],"product_cat":[404],"product_tag":[],"class_list":{"0":"post-16405","1":"product","2":"type-product","3":"status-publish","5":"pwb-brand-topran","6":"product_cat-jakoketjun-kiristin","7":"desktop-align-left","8":"tablet-align-left","9":"mobile-align-left","11":"first","12":"instock","13":"product-type-external"},"brands":[{"id":18,"name":"TOPRAN","slug":"topran"}],"_links":{"self":[{"href":"https:\/\/www.autonvaraosahaku.fi\/index.php?rest_route=\/wp\/v2\/product\/16405","targetHints":{"allow":["GET"]}}],"collection":[{"href":"https:\/\/www.autonvaraosahaku.fi\/index.php?rest_route=\/wp\/v2\/product"}],"about":[{"href":"https:\/\/www.autonvaraosahaku.fi\/index.php?rest_route=\/wp\/v2\/types\/product"}],"wp:attachment":[{"href":"https:\/\/www.autonvaraosahaku.fi\/index.php?rest_route=%2Fwp%2Fv2%2Fmedia&parent=16405"}],"wp:term":[{"taxonomy":"pwb-brand","embeddable":true,"href":"https:\/\/www.autonvaraosahaku.fi\/index.php?rest_route=%2Fwp%2Fv2%2Fpwb-brand&post=16405"},{"taxonomy":"product_cat","embeddable":true,"href":"https:\/\/www.autonvaraosahaku.fi\/index.php?rest_route=%2Fwp%2Fv2%2Fproduct_cat&post=16405"},{"taxonomy":"product_tag","embeddable":true,"href":"https:\/\/www.autonvaraosahaku.fi\/index.php?rest_route=%2Fwp%2Fv2%2Fproduct_tag&post=16405"}],"curies":[{"name":"wp","href":"https:\/\/api.w.org\/{rel}","templated":true}]}}