{"id":16418,"date":"2021-02-21T14:27:12","date_gmt":"2021-02-21T14:27:12","guid":{"rendered":"https:\/\/www.autonvaraosahaku.fi\/?product=topran-116-032-lasinnostimen-kytkin"},"modified":"2021-02-21T14:27:14","modified_gmt":"2021-02-21T14:27:14","slug":"topran-116-032-lasinnostimen-kytkin","status":"publish","type":"product","link":"https:\/\/www.autonvaraosahaku.fi\/?product=topran-116-032-lasinnostimen-kytkin","title":{"rendered":"TOPRAN 116 032 Lasinnostimen kytkin"},"content":{"rendered":"<p>Asennuspuoli: Etu, vasen, Edess\u00e4, Ajoneuvo-ovi; Oviluku: 4; Vasen \/ oikea liikenne: Oikean-\/vasemmanpuolinen ohjaus; Napojen m\u00e4\u00e4r\u00e4: 10; Katkaisijavalaistus: Punainen; V\u00e4ri: Kromi\/musta; V\u00e4rikoodi: XSH; Varusteet: ajon. s\u00e4hk\u00f6-ikkunanostimilla edess\u00e4 ja takana; Kotelomateriaali: Muovi; K\u00e4ytt\u00f6tapa: Vipukytkin; Yhdistelm\u00e4kytkintoiminto: Turvakytkint\u00e4; Valmistusp\u00e4iv\u00e4m\u00e4\u00e4r\u00e4st\u00e4: 19.11.2011; VW: GOLF VI 5K1,GOLF PLUS 5M1, 521,TIGUAN 5N_,PASSAT Variant 365,TOURAN 1T3,GOLF VI Variant AJ5,PASSAT 362,AMAROK 2H_, S1B,CC 358,JETTA IV 162, 163; 5K4959857, 5K4959857A, 5K4959857AXSH, 5K4959857XSH; Kytkin, Lasinnostin<\/p>\n","protected":false},"excerpt":{"rendered":"<p>TOPRAN Lasinnostimen Kytkin 116 032 Kytkin, Lasinnostin VW,GOLF VI 5K1,GOLF PLUS 5M1, 521,TIGUAN 5N_,PASSAT Variant 365,TOURAN 1T3,GOLF VI Variant AJ5<\/p>\n","protected":false},"featured_media":0,"template":"","meta":{"site-sidebar-layout":"default","site-content-layout":"default","ast-global-header-display":"","ast-main-header-display":"","ast-hfb-above-header-display":"","ast-hfb-below-header-display":"","ast-hfb-mobile-header-display":"","site-post-title":"","ast-breadcrumbs-content":"","ast-featured-img":"","footer-sml-layout":"","theme-transparent-header-meta":"","adv-header-id-meta":"","stick-header-meta":"","header-above-stick-meta":"","header-main-stick-meta":"","header-below-stick-meta":""},"pwb-brand":[18],"product_cat":[135],"product_tag":[],"class_list":{"0":"post-16418","1":"product","2":"type-product","3":"status-publish","5":"pwb-brand-topran","6":"product_cat-lasinnostimen-kytkin","7":"desktop-align-left","8":"tablet-align-left","9":"mobile-align-left","11":"first","12":"instock","13":"product-type-external"},"brands":[{"id":18,"name":"TOPRAN","slug":"topran"}],"_links":{"self":[{"href":"https:\/\/www.autonvaraosahaku.fi\/index.php?rest_route=\/wp\/v2\/product\/16418","targetHints":{"allow":["GET"]}}],"collection":[{"href":"https:\/\/www.autonvaraosahaku.fi\/index.php?rest_route=\/wp\/v2\/product"}],"about":[{"href":"https:\/\/www.autonvaraosahaku.fi\/index.php?rest_route=\/wp\/v2\/types\/product"}],"wp:attachment":[{"href":"https:\/\/www.autonvaraosahaku.fi\/index.php?rest_route=%2Fwp%2Fv2%2Fmedia&parent=16418"}],"wp:term":[{"taxonomy":"pwb-brand","embeddable":true,"href":"https:\/\/www.autonvaraosahaku.fi\/index.php?rest_route=%2Fwp%2Fv2%2Fpwb-brand&post=16418"},{"taxonomy":"product_cat","embeddable":true,"href":"https:\/\/www.autonvaraosahaku.fi\/index.php?rest_route=%2Fwp%2Fv2%2Fproduct_cat&post=16418"},{"taxonomy":"product_tag","embeddable":true,"href":"https:\/\/www.autonvaraosahaku.fi\/index.php?rest_route=%2Fwp%2Fv2%2Fproduct_tag&post=16418"}],"curies":[{"name":"wp","href":"https:\/\/api.w.org\/{rel}","templated":true}]}}