{"id":16469,"date":"2021-02-21T14:27:22","date_gmt":"2021-02-21T14:27:22","guid":{"rendered":"https:\/\/www.autonvaraosahaku.fi\/?product=metzger-8030013-kierretulppa"},"modified":"2021-02-21T14:27:24","modified_gmt":"2021-02-21T14:27:24","slug":"metzger-8030013-kierretulppa","status":"publish","type":"product","link":"https:\/\/www.autonvaraosahaku.fi\/?product=metzger-8030013-kierretulppa","title":{"rendered":"METZGER 8030013 Kierretulppa"},"content":{"rendered":"<p>Kierremitta: M14x1,5; Kierteen pituus (mm): 14; Lis\u00e4tarvike\/lis\u00e4tieto: Tiivisteill\u00e4; Materiaali: Ter\u00e4s, Kupari; Huomioi huolto-ohjeet: ; Kokonaispituus [mm]: 25,5; Avainv\u00e4li: 17; Materiaali tiiviste: Alumiini; Sis\u00e4l\u00e4pimitta 1 [mm]: 14; Ulkol\u00e4pimitta [mm]: 22, 24; Paksuus [mm]: 2, 1,5; Sis\u00e4l\u00e4pimitta [mm]: 14; Pakkaustyyppi: Pussi; MAZDA: 5 CR19,3 BK,6 Station Wagon GY,MX-5 II NB,6 Kombi GH,323 F VI BJ,CX-7 ER,6 Hatchback GG,6 GG,3 BL,MX-5 I NA,5 CW,MX-5 III NC,DEMIO DW,6 Schr\u00e4gheck GH,3 Stufenheck BK,6 GH,6 Stufenheck GJ, GH,323 P V BA,3 Stufenheck BL,MX-3 EC,FAMILIA VI BJ,323 C IV BG,FAMILIA IV BF,FAMILIA V BA,FAMILIA V BG8,121 II DB,FAMILIA IV BG; DAEWOO: MATIZ KLYA,REZZO KLAU,LANOS KLAT,NUBIRA Wagon KLAJ,LANOS Stufenheck KLAT,NUBIRA Stufenheck KLAJ,NUBIRA KLAJ,TICO KLY3; SUZUKI: SWIFT III MZ, EZ,JIMNY FJ,SWIFT IV FZ, NZ,GRAND VITARA II JT,SX4 EY, GY,SAMURAI SJ,GRAND VITARA I FT,WAGON R+ MM,IGNIS FH,IGNIS II,SWIFT II Schr\u00e4gheck EA, MA,VITARA ET, TA,VITARA Cabrio ET, TA,LIANA Schr\u00e4gheck,ALTO HA24,SJ 413,LIANA ER,KIZASHI FR,BALENO Kombi EG,BALENO EG,SX4 Stufenheck GY,BALENO Schr\u00e4gheck EG,ALTO HA12, HA23,ALTO HA11,X-90 EL,SWIFT I AA,SWIFT II Stufenheck AH, AJ,CARRY Kasten FD,ALTO,ALTO SS80; CHEVROLET: CAPTIVA C100, C140,MATIZ M200, M250,NUBIRA Kombi,EPICA KL1_,CRUZE Schr\u00e4gheck J305,REZZO,NUBIRA Stufenheck,SPARK M200 M250; KIA: SORENTO I JC,PICANTO BA,SPORTAGE SL,CEE&#8217;D SW ED,CEE&#8217;D Schr\u00e4gheck ED,SPORTAGE JE_, KM_,VENGA YN,SORENTO II XM,CARENS II FJ,RIO III UB,RIO II JB,CEE&#8217;D JD,CARENS III UN,CARNIVAL II GQ,CARNIVAL \/ GRAND CARNIVAL III VQ,PICANTO TA,CEE`D Sportswagon JD,RIO Kombi DC,PRO CEE&#8217;D ED,CARENS IV,SOUL AM,CERATO LD,MAGENTIS GD,MAGENTIS MG,PRO CEE\u00b4D JD,OPIRUS GH,SPORTAGE K00,CERATO Stufenheck LD,RIO II Stufenheck JB,OPTIMA,RIO Stufenheck DC_,JOICE,SHUMA II FB,RIO III Stufenheck UB,SHUMA II Stufenheck FB,SEPHIA Stufenheck FA,PREGIO Kasten TB,SEPHIA FA,K2700 SD,CERATO Stufenheck,PREGIO Bus,K2500 SD,CERATO II Stufenheck TD,BORREGO,BONGO Pritsche\/Fahrgestell,CERATO KOUP TD; HONDA: CIVIC VIII Hatchback FN, FK,JAZZ II GD,CR-V III RE,CIVIC VII Hatchback EU, EP, EV,JAZZ III GE,CR-V II RD_,ACCORD VII CL,CIVIC VI Hatchback EJ, EK,FR-V BE,CR-V IV RE,ACCORD VIII CU,ACCORD VII Tourer CM,ACCORD VI CG, CK,CIVIC IX FK,ACCORD VIII Kombi,CIVIC VI Fastback MA, MB,CRX III EH, EG,LOGO GA3,CIVIC VI Aerodeck MB, MC,CR-V I RD,HR-V GH,CRX II ED, EE,CIVIC V Hatchback EG,PRELUDE V BB,CIVIC VII Coupe EM2,ACCORD VI Hatchback CH,CIVIC VIII Stufenheck FD, FA,ACCORD VI Coupe CG,S2000 AP,CIVIC IV Hatchback EC, ED, EE,ACCORD V CE, CF,CIVIC VI Stufenheck EJ, EK,CR-Z ZF1,PRELUDE IV BB,CIVIC VI Coupe EJ, EM1,SHUTTLE RA,CIVIC V Coupe EJ,CIVIC VII Stufenheck ES,ACCORD IV CB,CIVIC V Stufenheck EG, EH,ACCORD V Aerodeck CE,ACCORD V CC, CD,ACCORD V Coupe CD,CIVIC IX Stufenheck FB, FG,CONCERTO HW,CIVIC IV Stufenheck ED,ACCORD III CA,ACCORD IV Aerodeck CB,CONCERTO Stufenheck HWW,ACCORD III Aerodeck CA,ACCORD VII CM,ODYSSEY RB_,LEGEND I Coupe KA3,ELEMENT,CIVIC IX Tourer FK;; LAND ROVER: FREELANDER LN,FREELANDER Soft Top; SUBARU: JUSTY III G3X; OPEL: VECTRA C Caravan,SIGNUM,VECTRA C,VECTRA C GTS,ANTARA; SMART: FORFOUR 454; 90009PH1000, 90009PY000, 2151221000, 251221010, MD050316, 0924714027000; \u00d6ljytulppa,Kierretulppa, \u00d6ljypohja<\/p>\n","protected":false},"excerpt":{"rendered":"<p>METZGER Kierretulppa 8030013 \u00d6ljytulppa,Kierretulppa, \u00d6ljypohja MAZDA,DAEWOO,SUZUKI,5 CR19,3 BK,6 Station Wagon GY,MX-5 II NB,6 Kombi GH,323 F VI BJ<\/p>\n","protected":false},"featured_media":0,"template":"","meta":{"site-sidebar-layout":"default","site-content-layout":"default","ast-global-header-display":"","ast-main-header-display":"","ast-hfb-above-header-display":"","ast-hfb-below-header-display":"","ast-hfb-mobile-header-display":"","site-post-title":"","ast-breadcrumbs-content":"","ast-featured-img":"","footer-sml-layout":"","theme-transparent-header-meta":"","adv-header-id-meta":"","stick-header-meta":"","header-above-stick-meta":"","header-main-stick-meta":"","header-below-stick-meta":""},"pwb-brand":[69],"product_cat":[40],"product_tag":[],"class_list":{"0":"post-16469","1":"product","2":"type-product","3":"status-publish","5":"pwb-brand-metzger","6":"product_cat-kierretulppa","7":"desktop-align-left","8":"tablet-align-left","9":"mobile-align-left","11":"first","12":"instock","13":"product-type-external"},"brands":[{"id":69,"name":"METZGER","slug":"metzger"}],"_links":{"self":[{"href":"https:\/\/www.autonvaraosahaku.fi\/index.php?rest_route=\/wp\/v2\/product\/16469","targetHints":{"allow":["GET"]}}],"collection":[{"href":"https:\/\/www.autonvaraosahaku.fi\/index.php?rest_route=\/wp\/v2\/product"}],"about":[{"href":"https:\/\/www.autonvaraosahaku.fi\/index.php?rest_route=\/wp\/v2\/types\/product"}],"wp:attachment":[{"href":"https:\/\/www.autonvaraosahaku.fi\/index.php?rest_route=%2Fwp%2Fv2%2Fmedia&parent=16469"}],"wp:term":[{"taxonomy":"pwb-brand","embeddable":true,"href":"https:\/\/www.autonvaraosahaku.fi\/index.php?rest_route=%2Fwp%2Fv2%2Fpwb-brand&post=16469"},{"taxonomy":"product_cat","embeddable":true,"href":"https:\/\/www.autonvaraosahaku.fi\/index.php?rest_route=%2Fwp%2Fv2%2Fproduct_cat&post=16469"},{"taxonomy":"product_tag","embeddable":true,"href":"https:\/\/www.autonvaraosahaku.fi\/index.php?rest_route=%2Fwp%2Fv2%2Fproduct_tag&post=16469"}],"curies":[{"name":"wp","href":"https:\/\/api.w.org\/{rel}","templated":true}]}}