{"id":16539,"date":"2021-02-21T14:27:38","date_gmt":"2021-02-21T14:27:38","guid":{"rendered":"https:\/\/www.autonvaraosahaku.fi\/?product=valeo-575007-pyyhkijansulat"},"modified":"2021-02-21T14:27:38","modified_gmt":"2021-02-21T14:27:38","slug":"valeo-575007-pyyhkijansulat","status":"publish","type":"product","link":"https:\/\/www.autonvaraosahaku.fi\/?product=valeo-575007-pyyhkijansulat","title":{"rendered":"VALEO 575007 Pyyhkij\u00e4nsulat"},"content":{"rendered":"<p>Pyyhkij\u00e4nsulkatyyppi: Flatblade-pyyhinsulka (rungoton); M\u00e4\u00e4r\u00e4: 1; Pituus (mm): 550; Pituus (tuumaa): 22; Sopiva adapteri: HOOK+U; Paino [kg]: 0,18; Tuotelinja: FIRST MULTICONNECTION; Valmistusvuoteen: 05\/2017; VW: TIGUAN 5N_,TRANSPORTER V Bus 7HB, 7HJ, 7EB, 7EJ, 7EF,MULTIVAN V 7HM, 7HN, 7HF, 7EF, 7EM, 7EN,TRANSPORTER V Kasten 7HA, 7HH, 7EA, 7EH,LT 28-46 II Kasten 2DA, 2DD, 2DH,BEETLE 5C1,TRANSPORTER V Pritsche\/Fahrgestell 7JD, 7JE, 7JL, 7JY, 7JZ,,LT 28-35 II Bus 2DB, 2DE, 2DK,LT 28-46 II Pritsche\/Fahrgestell 2DC, 2DF, 2DG, 2DL, 2DM,BEETLE Cabriolet 5C7,TIGUAN AD1; AUDI: A6 Avant 4B5, C5,A6 4B2, C5,CABRIOLET 8G7, B4,TT 8J3,100 4A, C4,A6 Avant 4A, C4,A6 4A, C4,100 Avant 4A, C4,TT Roadster 8J9,V8 44_, 4C_; MAZDA: 6 Station Wagon GY,6 Hatchback GG,6 GG,MPV I LV; NISSAN: JUKE F15,PATHFINDER R50,MAXIMA QX A32,MAXIMA Station Wagon; JEEP: COMPASS MK49,GRAND CHEROKEE IV WK, WK2,RENEGADE Gel\u00e4ndewagen geschlossen BU; DAEWOO: KALOS KLAS,LACETTI Schr\u00e4gheck KLAN,NUBIRA Stufenheck KLAN,KALOS Stufenheck KLAS,NUBIRA Wagon KLAN,NUBIRA Wagon KLAJ,LEGANZA KLAV,NUBIRA Stufenheck KLAJ,NUBIRA KLAJ; SUZUKI: SWIFT III MZ, EZ,SWIFT IV FZ, NZ,SPLASH,LIANA Schr\u00e4gheck,LIANA ER; CHEVROLET: MATIZ M200, M250,NUBIRA Kombi,KALOS,AVEO Schr\u00e4gheck T250, T255,EPICA KL1_,LACETTI J200,AVEO Stufenheck T250, T255,KALOS Stufenheck,NUBIRA Stufenheck,LACETTI Kombi J200,LACETTI Stufenheck; MERCEDES-BENZ: A-CLASS W169,A-CLASS W168,B-CLASS W245,SLK R170,M-CLASS W163,GLK-CLASS X204,SLK R171,VANEO 414,SPRINTER 3-t Kasten 903,SPRINTER 2-t Bus 901, 902,SLK R172,SPRINTER 2-t Kasten 901, 902,SPRINTER 3-t Bus 903,SPRINTER 3-t Pritsche\/Fahrgestell 903,CITAN Kasten 415,SPRINTER 4-t Pritsche\/Fahrgestell 904,SPRINTER 2-t Pritsche\/Fahrgestell 901, 902,SPRINTER 4-t Kasten 904,CITAN Kombi 415,SPRINTER 4-t Bus 904,SPRINTER 5-t Pritsche\/Fahrgestell 905,CITAN Mixto 415,C-CLASS T-Model S205,C-CLASS W205,SPRINTER Kipper 905,SLC R172; KIA: PICANTO BA,RIO II JB,PICANTO TA,RIO Kombi DC,MAGENTIS GD,RIO II Stufenheck JB,JOICE; 4B0955425, 4B0955427, 8D1955427, 1611346580, 6423K5, 6426XQ, 1714322, 5024465, 1611346580, 1611356380, 6426KZ, 6426S4, 8D1955427, 8D1955427, 8D1955427; Tuulilasinpyyhkimet,Pyyhkij\u00e4t,Pyyhkij\u00e4nsulka<\/p>\n","protected":false},"excerpt":{"rendered":"<p>VALEO Pyyhkij\u00e4nsulat 575007 Tuulilasinpyyhkimet,Pyyhkij\u00e4t VW,AUDI,MAZDA,TIGUAN 5N_,TRANSPORTER V Bus 7HB, 7HJ, 7EB, 7EJ, 7EF<\/p>\n","protected":false},"featured_media":0,"template":"","meta":{"site-sidebar-layout":"default","site-content-layout":"default","ast-global-header-display":"","ast-main-header-display":"","ast-hfb-above-header-display":"","ast-hfb-below-header-display":"","ast-hfb-mobile-header-display":"","site-post-title":"","ast-breadcrumbs-content":"","ast-featured-img":"","footer-sml-layout":"","theme-transparent-header-meta":"","adv-header-id-meta":"","stick-header-meta":"","header-above-stick-meta":"","header-main-stick-meta":"","header-below-stick-meta":""},"pwb-brand":[28],"product_cat":[33],"product_tag":[],"class_list":{"0":"post-16539","1":"product","2":"type-product","3":"status-publish","5":"pwb-brand-valeo","6":"product_cat-pyyhkijansulat","7":"desktop-align-left","8":"tablet-align-left","9":"mobile-align-left","11":"first","12":"instock","13":"product-type-external"},"brands":[{"id":28,"name":"VALEO","slug":"valeo"}],"_links":{"self":[{"href":"https:\/\/www.autonvaraosahaku.fi\/index.php?rest_route=\/wp\/v2\/product\/16539","targetHints":{"allow":["GET"]}}],"collection":[{"href":"https:\/\/www.autonvaraosahaku.fi\/index.php?rest_route=\/wp\/v2\/product"}],"about":[{"href":"https:\/\/www.autonvaraosahaku.fi\/index.php?rest_route=\/wp\/v2\/types\/product"}],"wp:attachment":[{"href":"https:\/\/www.autonvaraosahaku.fi\/index.php?rest_route=%2Fwp%2Fv2%2Fmedia&parent=16539"}],"wp:term":[{"taxonomy":"pwb-brand","embeddable":true,"href":"https:\/\/www.autonvaraosahaku.fi\/index.php?rest_route=%2Fwp%2Fv2%2Fpwb-brand&post=16539"},{"taxonomy":"product_cat","embeddable":true,"href":"https:\/\/www.autonvaraosahaku.fi\/index.php?rest_route=%2Fwp%2Fv2%2Fproduct_cat&post=16539"},{"taxonomy":"product_tag","embeddable":true,"href":"https:\/\/www.autonvaraosahaku.fi\/index.php?rest_route=%2Fwp%2Fv2%2Fproduct_tag&post=16539"}],"curies":[{"name":"wp","href":"https:\/\/api.w.org\/{rel}","templated":true}]}}