{"id":16660,"date":"2021-02-21T14:27:59","date_gmt":"2021-02-21T14:27:59","guid":{"rendered":"https:\/\/www.autonvaraosahaku.fi\/?product=ridex-298w0201-pyyhkijansulat"},"modified":"2021-02-21T14:28:00","modified_gmt":"2021-02-21T14:28:00","slug":"ridex-298w0201-pyyhkijansulat","status":"publish","type":"product","link":"https:\/\/www.autonvaraosahaku.fi\/?product=ridex-298w0201-pyyhkijansulat","title":{"rendered":"RIDEX 298W0201 Pyyhkij\u00e4nsulat"},"content":{"rendered":"<p>Asennuspuoli: Edess\u00e4; M\u00e4\u00e4r\u00e4yksikk\u00f6: Sarja; Pituus 1 (mm): 600; Pituus 2 (mm): 400; Pyyhkij\u00e4nsulkatyyppi: Flatblade-pyyhinsulka (rungoton), Rungottomat; Vasen \/ oikea liikenne: Ohjaus vasemmalla; Valmistusvuoteen: 11\/2011; VW: POLO 6R, 6C,POLO Stufenheck; MERCEDES-BENZ: X-CLASS 470,X-CLASS Pritsche\/Fahrgestell 470; OPEL: ANTARA; FORD: RANGER TKE,RANGER ES, ET; RENAULT: SC\u00c9NIC II JM0\/1_,SC\u00c9NIC I JA0\/1_,MEGANE Scenic JA0\/1_,FLUENCE L30_,LATITUDE L70_,ALASKAN; TOYOTA: AVENSIS Kombi T25,COROLLA Verso ZER_, ZZE12_, R1_,RAV 4 III ACA3_, ACE_, ALA3_, GSA3_, ZSA3_,COROLLA ZZE12_, NDE12_, ZDE12_,AVENSIS T25_,COROLLA Kombi _E12J_, _E12T_,AVENSIS Stufenheck T25,COROLLA Stufenheck _E12J_, _E12T_,PICNIC _XM10,VIOS\/YARIS Stufenheck ZSP9_, NCP9_,PRIUS Stufenheck NHW11_; HYUNDAI: ix35 LM, EL, ELH,i20 PB, PBT,TUCSON JM; NISSAN: X-TRAIL T30,X-TRAIL T31,NAVARA Pick-up D23,NAVARA Pritsche\/Fahrgestell; MAZDA: 2 DY,6 Kombi GH,PREMACY CP,6 Hatchback GG,6 Schr\u00e4gheck GH,6 GH; KIA: SPORTAGE JE_, KM_,CERATO LD,CERATO Stufenheck LD; Tuulilasinpyyhkimet,Pyyhkij\u00e4t,Pyyhkij\u00e4nsulka<\/p>\n","protected":false},"excerpt":{"rendered":"<p>RIDEX Pyyhkij\u00e4nsulat 298W0201 Tuulilasinpyyhkimet,Pyyhkij\u00e4t VW,MERCEDES-BENZ,OPEL,POLO 6R, 6C,POLO Stufenheck,X-CLASS 470<\/p>\n","protected":false},"featured_media":0,"template":"","meta":{"site-sidebar-layout":"default","site-content-layout":"default","ast-global-header-display":"","ast-main-header-display":"","ast-hfb-above-header-display":"","ast-hfb-below-header-display":"","ast-hfb-mobile-header-display":"","site-post-title":"","ast-breadcrumbs-content":"","ast-featured-img":"","footer-sml-layout":"","theme-transparent-header-meta":"","adv-header-id-meta":"","stick-header-meta":"","header-above-stick-meta":"","header-main-stick-meta":"","header-below-stick-meta":""},"pwb-brand":[157],"product_cat":[33],"product_tag":[],"class_list":{"0":"post-16660","1":"product","2":"type-product","3":"status-publish","5":"pwb-brand-ridex","6":"product_cat-pyyhkijansulat","7":"desktop-align-left","8":"tablet-align-left","9":"mobile-align-left","11":"first","12":"instock","13":"product-type-external"},"brands":[{"id":157,"name":"RIDEX","slug":"ridex"}],"_links":{"self":[{"href":"https:\/\/www.autonvaraosahaku.fi\/index.php?rest_route=\/wp\/v2\/product\/16660","targetHints":{"allow":["GET"]}}],"collection":[{"href":"https:\/\/www.autonvaraosahaku.fi\/index.php?rest_route=\/wp\/v2\/product"}],"about":[{"href":"https:\/\/www.autonvaraosahaku.fi\/index.php?rest_route=\/wp\/v2\/types\/product"}],"wp:attachment":[{"href":"https:\/\/www.autonvaraosahaku.fi\/index.php?rest_route=%2Fwp%2Fv2%2Fmedia&parent=16660"}],"wp:term":[{"taxonomy":"pwb-brand","embeddable":true,"href":"https:\/\/www.autonvaraosahaku.fi\/index.php?rest_route=%2Fwp%2Fv2%2Fpwb-brand&post=16660"},{"taxonomy":"product_cat","embeddable":true,"href":"https:\/\/www.autonvaraosahaku.fi\/index.php?rest_route=%2Fwp%2Fv2%2Fproduct_cat&post=16660"},{"taxonomy":"product_tag","embeddable":true,"href":"https:\/\/www.autonvaraosahaku.fi\/index.php?rest_route=%2Fwp%2Fv2%2Fproduct_tag&post=16660"}],"curies":[{"name":"wp","href":"https:\/\/api.w.org\/{rel}","templated":true}]}}