{"id":16691,"date":"2021-02-21T14:28:03","date_gmt":"2021-02-21T14:28:03","guid":{"rendered":"https:\/\/www.autonvaraosahaku.fi\/?product=ridex-914t0420-raidetangon-paa"},"modified":"2021-02-21T14:28:04","modified_gmt":"2021-02-21T14:28:04","slug":"ridex-914t0420-raidetangon-paa","status":"publish","type":"product","link":"https:\/\/www.autonvaraosahaku.fi\/?product=ridex-914t0420-raidetangon-paa","title":{"rendered":"RIDEX 914T0420 Raidetangon p\u00e4\u00e4"},"content":{"rendered":"<p>Asennuspuoli: Etuakseli, Oikea, Ulompi; Kierremalli: Oikealla kierteell\u00e4; Alustanumerosta: 007239; MERCEDES-BENZ: G-CLASS W463,G-CLASS W460,G-CLASS W461,100 Bus 631,100 Kasten 631,100 Pritsche\/Fahrgestell 631,G-CLASS Cabrio W463; FORD: TRANSIT Kasten T_ _,TRANSIT Bus T_ _,TRANSIT Pritsche\/Fahrgestell V_ _,TRANSIT Pritsche\/Fahrgestell T_ _; PUCH: G-MODELL W 460,G-MODELL W 461,G-MODELL W 463; 5021446, 6163543, 6792900, 880X3270SA, 88VB3285AA, 88VB3285AB, 0013304835, 4603300435, 4603301235, 6313380510, A0013304835, A4603301235<\/p>\n","protected":false},"excerpt":{"rendered":"<p>RIDEX Raidetangon P\u00e4\u00e4 914T0420  MERCEDES-BENZ,FORD,PUCH,G-CLASS W463,G-CLASS W460,G-CLASS W461,100 Bus 631,100 Kasten 631,100 Pritsche\/Fahrgestell 631<\/p>\n","protected":false},"featured_media":0,"template":"","meta":{"site-sidebar-layout":"default","site-content-layout":"default","ast-global-header-display":"","ast-main-header-display":"","ast-hfb-above-header-display":"","ast-hfb-below-header-display":"","ast-hfb-mobile-header-display":"","site-post-title":"","ast-breadcrumbs-content":"","ast-featured-img":"","footer-sml-layout":"","theme-transparent-header-meta":"","adv-header-id-meta":"","stick-header-meta":"","header-above-stick-meta":"","header-main-stick-meta":"","header-below-stick-meta":""},"pwb-brand":[157],"product_cat":[96],"product_tag":[],"class_list":{"0":"post-16691","1":"product","2":"type-product","3":"status-publish","5":"pwb-brand-ridex","6":"product_cat-raidetangon-paa","7":"desktop-align-left","8":"tablet-align-left","9":"mobile-align-left","11":"first","12":"instock","13":"product-type-external"},"brands":[{"id":157,"name":"RIDEX","slug":"ridex"}],"_links":{"self":[{"href":"https:\/\/www.autonvaraosahaku.fi\/index.php?rest_route=\/wp\/v2\/product\/16691","targetHints":{"allow":["GET"]}}],"collection":[{"href":"https:\/\/www.autonvaraosahaku.fi\/index.php?rest_route=\/wp\/v2\/product"}],"about":[{"href":"https:\/\/www.autonvaraosahaku.fi\/index.php?rest_route=\/wp\/v2\/types\/product"}],"wp:attachment":[{"href":"https:\/\/www.autonvaraosahaku.fi\/index.php?rest_route=%2Fwp%2Fv2%2Fmedia&parent=16691"}],"wp:term":[{"taxonomy":"pwb-brand","embeddable":true,"href":"https:\/\/www.autonvaraosahaku.fi\/index.php?rest_route=%2Fwp%2Fv2%2Fpwb-brand&post=16691"},{"taxonomy":"product_cat","embeddable":true,"href":"https:\/\/www.autonvaraosahaku.fi\/index.php?rest_route=%2Fwp%2Fv2%2Fproduct_cat&post=16691"},{"taxonomy":"product_tag","embeddable":true,"href":"https:\/\/www.autonvaraosahaku.fi\/index.php?rest_route=%2Fwp%2Fv2%2Fproduct_tag&post=16691"}],"curies":[{"name":"wp","href":"https:\/\/api.w.org\/{rel}","templated":true}]}}