{"id":16805,"date":"2021-02-21T14:28:25","date_gmt":"2021-02-21T14:28:25","guid":{"rendered":"https:\/\/www.autonvaraosahaku.fi\/?product=brembo-p-86-029-jarrupalat"},"modified":"2021-02-21T14:28:26","modified_gmt":"2021-02-21T14:28:26","slug":"brembo-p-86-029-jarrupalat","status":"publish","type":"product","link":"https:\/\/www.autonvaraosahaku.fi\/?product=brembo-p-86-029-jarrupalat","title":{"rendered":"BREMBO P 86 029 Jarrupalat"},"content":{"rendered":"<p>WVA-numero: 22142, 22141; Jarruj\u00e4rjestelm\u00e4: Teves; Kulumisenilmaisimen liitos: Kulumisenilmaisemelle; Korkeus 2 (mm): 59,6; Korkeus 1 (mm): 56,1; Leveys (mm): 122,4; Paksuus [mm]: 16,1; M\u00e4\u00e4r\u00e4yksikk\u00f6: Akselisarja; Asennuspuoli: Hinterachse; LAND ROVER: RANGE ROVER EVOQUE LV,DISCOVERY SPORT LC,RANGE ROVER VELAR L560,RANGE ROVER EVOQUE Cabriolet LV_; JAGUAR: XE X760,XF X260,F-PACE X761_,XF SPORTBRAKE X260,E-PACE X540; VOLVO: XC90 II,V90 II,S90 II,XC60 II; J9C14009, T2H41074, T2H7439, T2H9989, T2R36215, 28LR123010, LR061385, LR090707, LR095295, LR110327, LR123010, LR123519, LR123595, 31400432, 31445621, 31445622, 31471265, 31471266, 32233035; Jarrupalasarja,Jarrupala, Levyjarru<\/p>\n","protected":false},"excerpt":{"rendered":"<p>BREMBO Jarrupalat P 86 029 Jarrupalasarja,Jarrupala, Levyjarru LAND ROVER,JAGUAR,VOLVO,RANGE ROVER EVOQUE LV,DISCOVERY SPORT LC,RANGE ROVER VELAR L560<\/p>\n","protected":false},"featured_media":0,"template":"","meta":{"site-sidebar-layout":"default","site-content-layout":"default","ast-global-header-display":"","ast-main-header-display":"","ast-hfb-above-header-display":"","ast-hfb-below-header-display":"","ast-hfb-mobile-header-display":"","site-post-title":"","ast-breadcrumbs-content":"","ast-featured-img":"","footer-sml-layout":"","theme-transparent-header-meta":"","adv-header-id-meta":"","stick-header-meta":"","header-above-stick-meta":"","header-main-stick-meta":"","header-below-stick-meta":""},"pwb-brand":[146],"product_cat":[100],"product_tag":[],"class_list":{"0":"post-16805","1":"product","2":"type-product","3":"status-publish","5":"pwb-brand-brembo","6":"product_cat-jarrupalat","7":"desktop-align-left","8":"tablet-align-left","9":"mobile-align-left","11":"first","12":"instock","13":"product-type-external"},"brands":[{"id":146,"name":"BREMBO","slug":"brembo"}],"_links":{"self":[{"href":"https:\/\/www.autonvaraosahaku.fi\/index.php?rest_route=\/wp\/v2\/product\/16805","targetHints":{"allow":["GET"]}}],"collection":[{"href":"https:\/\/www.autonvaraosahaku.fi\/index.php?rest_route=\/wp\/v2\/product"}],"about":[{"href":"https:\/\/www.autonvaraosahaku.fi\/index.php?rest_route=\/wp\/v2\/types\/product"}],"wp:attachment":[{"href":"https:\/\/www.autonvaraosahaku.fi\/index.php?rest_route=%2Fwp%2Fv2%2Fmedia&parent=16805"}],"wp:term":[{"taxonomy":"pwb-brand","embeddable":true,"href":"https:\/\/www.autonvaraosahaku.fi\/index.php?rest_route=%2Fwp%2Fv2%2Fpwb-brand&post=16805"},{"taxonomy":"product_cat","embeddable":true,"href":"https:\/\/www.autonvaraosahaku.fi\/index.php?rest_route=%2Fwp%2Fv2%2Fproduct_cat&post=16805"},{"taxonomy":"product_tag","embeddable":true,"href":"https:\/\/www.autonvaraosahaku.fi\/index.php?rest_route=%2Fwp%2Fv2%2Fproduct_tag&post=16805"}],"curies":[{"name":"wp","href":"https:\/\/api.w.org\/{rel}","templated":true}]}}