{"id":17210,"date":"2021-02-21T14:29:43","date_gmt":"2021-02-21T14:29:43","guid":{"rendered":"https:\/\/www.autonvaraosahaku.fi\/?product=ridex-9f0121-polttoainesuodatin"},"modified":"2021-02-21T14:29:44","modified_gmt":"2021-02-21T14:29:44","slug":"ridex-9f0121-polttoainesuodatin","status":"publish","type":"product","link":"https:\/\/www.autonvaraosahaku.fi\/?product=ridex-9f0121-polttoainesuodatin","title":{"rendered":"RIDEX 9F0121 Polttoainesuodatin"},"content":{"rendered":"<p>Suodatintyyppi: Suodattimen l\u00e4mmitys; Ulkol\u00e4pimitta [mm]: 93; Sis\u00e4l\u00e4pimitta [mm]: 10; Korkeus (mm): 146; Pakokaasunormi: Euro 5; OPEL: COMBO Kasten\/Kombi X12,COMBO Tour X12,COMBO Pritsche\/Fahrgestell; FIAT: DUCATO Kasten 250,500 312,DUCATO Pritsche\/Fahrgestell 250,DUCATO Bus 250,DOBLO Kasten\/Kombi 263,PUNTO 199,PANDA 312,QUBO 225,500L,DOBLO Gro\u00dfraumlimousine 152, 263,FIORINO Kasten\/Kombi 225,DOBLO Pritsche\/Fahrgestell 263,500X,TIPO Schr\u00e4gheck 356_,PANDA VAN 312,TIPO Kombi 356_,TIPO Stufenheck 356_; PEUGEOT: BIPPER Tepee; CITRO\u00cbN: NEMO Kombi; ALFA ROMEO: GIULIETTA 940,MITO 955; JEEP: RENEGADE Gel\u00e4ndewagen geschlossen BU,COMPASS; LANCIA: YPSILON 312, 846; MASERATI: GHIBLI III M157,QUATTROPORTE VI,LEVANTE Gel\u00e4ndewagen geschlossen; VAUXHALL: COMBO Mk III D Kasten\/Kombi; 0077366607, 77366216, 77366330, 77366607, 0077366607, 77366216, 77366330, 77366607, 77366642, 0077366607, 77366216, 77366330, 77366607, 673001463, 0818021, 0818025, 818021, 818025, 95514999<\/p>\n","protected":false},"excerpt":{"rendered":"<p>RIDEX Polttoainesuodatin 9F0121  OPEL,FIAT,PEUGEOT,COMBO Kasten\/Kombi X12,COMBO Tour X12,COMBO Pritsche\/Fahrgestell,DUCATO Kasten 250,500 312<\/p>\n","protected":false},"featured_media":0,"template":"","meta":{"site-sidebar-layout":"default","site-content-layout":"default","ast-global-header-display":"","ast-main-header-display":"","ast-hfb-above-header-display":"","ast-hfb-below-header-display":"","ast-hfb-mobile-header-display":"","site-post-title":"","ast-breadcrumbs-content":"","ast-featured-img":"","footer-sml-layout":"","theme-transparent-header-meta":"","adv-header-id-meta":"","stick-header-meta":"","header-above-stick-meta":"","header-main-stick-meta":"","header-below-stick-meta":""},"pwb-brand":[157],"product_cat":[29],"product_tag":[],"class_list":{"0":"post-17210","1":"product","2":"type-product","3":"status-publish","5":"pwb-brand-ridex","6":"product_cat-polttoainesuodatin","7":"desktop-align-left","8":"tablet-align-left","9":"mobile-align-left","11":"first","12":"instock","13":"product-type-external"},"brands":[{"id":157,"name":"RIDEX","slug":"ridex"}],"_links":{"self":[{"href":"https:\/\/www.autonvaraosahaku.fi\/index.php?rest_route=\/wp\/v2\/product\/17210","targetHints":{"allow":["GET"]}}],"collection":[{"href":"https:\/\/www.autonvaraosahaku.fi\/index.php?rest_route=\/wp\/v2\/product"}],"about":[{"href":"https:\/\/www.autonvaraosahaku.fi\/index.php?rest_route=\/wp\/v2\/types\/product"}],"wp:attachment":[{"href":"https:\/\/www.autonvaraosahaku.fi\/index.php?rest_route=%2Fwp%2Fv2%2Fmedia&parent=17210"}],"wp:term":[{"taxonomy":"pwb-brand","embeddable":true,"href":"https:\/\/www.autonvaraosahaku.fi\/index.php?rest_route=%2Fwp%2Fv2%2Fpwb-brand&post=17210"},{"taxonomy":"product_cat","embeddable":true,"href":"https:\/\/www.autonvaraosahaku.fi\/index.php?rest_route=%2Fwp%2Fv2%2Fproduct_cat&post=17210"},{"taxonomy":"product_tag","embeddable":true,"href":"https:\/\/www.autonvaraosahaku.fi\/index.php?rest_route=%2Fwp%2Fv2%2Fproduct_tag&post=17210"}],"curies":[{"name":"wp","href":"https:\/\/api.w.org\/{rel}","templated":true}]}}