{"id":17229,"date":"2021-02-21T14:29:46","date_gmt":"2021-02-21T14:29:46","guid":{"rendered":"https:\/\/www.autonvaraosahaku.fi\/?product=ridex-405r0114-jarrusatula-korjaussarja"},"modified":"2021-02-21T14:29:47","modified_gmt":"2021-02-21T14:29:47","slug":"ridex-405r0114-jarrusatula-korjaussarja","status":"publish","type":"product","link":"https:\/\/www.autonvaraosahaku.fi\/?product=ridex-405r0114-jarrusatula-korjaussarja","title":{"rendered":"RIDEX 405R0114 Jarrusatula korjaussarja"},"content":{"rendered":"<p>Asennuspuoli: Etuakseli; L\u00e4pimitta [mm]: 68; Jarruj\u00e4rjestelm\u00e4: LUCAS\/NISSAN; T\u00e4yssarja: ; NISSAN: PATROL GR II Wagon Y61,PATROL GR I Y60, GR,PATROL Hardtop K160,PATROL Station Wagon W260,PATROL Hardtop K260,PATROL Station Wagon W160,CABSTAR Pritsche\/Fahrgestell F22, H40; 41000C7164, 4100101J01, 4100120J00, 4100120J01, 4100125T00, 4100125T01, 4100125T11, 41001C7801, 41001C7811, 41001C7812, 41001C9600, 41001G9804, 41001T7890, 41010C7164, 4101101J01, 4101120J00, 4101120J01, 4101125T00, 4101125T01, 4101125T11, 41011C7801, 41011C7811, 41011C7812, 41011C9600, 41011G9803, 41011T7890; Korjaussarja, Jarrusatula<\/p>\n","protected":false},"excerpt":{"rendered":"<p>RIDEX Jarrusatula Korjaussarja 405R0114 Korjaussarja, Jarrusatula NISSAN,PATROL GR II Wagon Y61,PATROL GR I Y60, GR,PATROL Hardtop K160<\/p>\n","protected":false},"featured_media":0,"template":"","meta":{"site-sidebar-layout":"default","site-content-layout":"default","ast-global-header-display":"","ast-main-header-display":"","ast-hfb-above-header-display":"","ast-hfb-below-header-display":"","ast-hfb-mobile-header-display":"","site-post-title":"","ast-breadcrumbs-content":"","ast-featured-img":"","footer-sml-layout":"","theme-transparent-header-meta":"","adv-header-id-meta":"","stick-header-meta":"","header-above-stick-meta":"","header-main-stick-meta":"","header-below-stick-meta":""},"pwb-brand":[157],"product_cat":[57],"product_tag":[],"class_list":{"0":"post-17229","1":"product","2":"type-product","3":"status-publish","5":"pwb-brand-ridex","6":"product_cat-jarrusatula-korjaussarja","7":"desktop-align-left","8":"tablet-align-left","9":"mobile-align-left","11":"first","12":"instock","13":"product-type-external"},"brands":[{"id":157,"name":"RIDEX","slug":"ridex"}],"_links":{"self":[{"href":"https:\/\/www.autonvaraosahaku.fi\/index.php?rest_route=\/wp\/v2\/product\/17229","targetHints":{"allow":["GET"]}}],"collection":[{"href":"https:\/\/www.autonvaraosahaku.fi\/index.php?rest_route=\/wp\/v2\/product"}],"about":[{"href":"https:\/\/www.autonvaraosahaku.fi\/index.php?rest_route=\/wp\/v2\/types\/product"}],"wp:attachment":[{"href":"https:\/\/www.autonvaraosahaku.fi\/index.php?rest_route=%2Fwp%2Fv2%2Fmedia&parent=17229"}],"wp:term":[{"taxonomy":"pwb-brand","embeddable":true,"href":"https:\/\/www.autonvaraosahaku.fi\/index.php?rest_route=%2Fwp%2Fv2%2Fpwb-brand&post=17229"},{"taxonomy":"product_cat","embeddable":true,"href":"https:\/\/www.autonvaraosahaku.fi\/index.php?rest_route=%2Fwp%2Fv2%2Fproduct_cat&post=17229"},{"taxonomy":"product_tag","embeddable":true,"href":"https:\/\/www.autonvaraosahaku.fi\/index.php?rest_route=%2Fwp%2Fv2%2Fproduct_tag&post=17229"}],"curies":[{"name":"wp","href":"https:\/\/api.w.org\/{rel}","templated":true}]}}