{"id":17319,"date":"2021-02-21T14:30:04","date_gmt":"2021-02-21T14:30:04","guid":{"rendered":"https:\/\/www.autonvaraosahaku.fi\/?product=ridex-772s0070-muut-luokat"},"modified":"2021-02-21T14:30:05","modified_gmt":"2021-02-21T14:30:05","slug":"ridex-772s0070-muut-luokat","status":"publish","type":"product","link":"https:\/\/www.autonvaraosahaku.fi\/?product=ridex-772s0070-muut-luokat","title":{"rendered":"RIDEX 772S0070 Muut luokat"},"content":{"rendered":"<p>Asennuspuoli: Etuakseli, Vasen, Oikea; Ohjausmalli: Poikittaistukivarsi; Lis\u00e4tarvike\/lis\u00e4tieto: Pidikkeell\u00e4; Korvaava tuote\/korvaava tiedote 2: Alapallo-\/pallonivelell\u00e4, Kumilaakerilla, Kiinnitysmateriaalilla; Materiaali: Alumiini; Tarvittava kappalem\u00e4\u00e4r\u00e4: 1; Kartiomitta (mm): 14,4, 14,8; Asennusmalli: Esiasennettu; Kiinnitysmalli: Hydrolaakeri; M\u00e4\u00e4r\u00e4yksikk\u00f6: Sarja; Ulkokierre 1 [mm]: M12 x 1,50 RHT M; Ulkokierre 2 [mm]: M14 x 1,50 RHT M; BMW: 3 E46,3 Touring E46,3 Compact E46,3 Coupe E46,3 Cabriolet E46,Z4 E85,Z4 Coupe E86; ALPINA: B3 E46,B3 Kombi E46; 31121094465, 31121094466, 31121096985, 31121096986, 31126750223, 31126750224, 31126751317, 31126751318, 31126752717, 31126752718, 31126758519, 31126758520, 31126770247, 31126770248, 31126774819, 31126774820, 31126777851, 31126777852; Korjaussarja, Poikittaistukivarsi<\/p>\n","protected":false},"excerpt":{"rendered":"<p>RIDEX Alatukivarren Korjaussarja 772S0070 Korjaussarja, Poikittaistukivarsi BMW,ALPINA,3 E46,3 Touring E46,3 Compact E46,3 Coupe E46,3 Cabriolet E46<\/p>\n","protected":false},"featured_media":0,"template":"","meta":{"site-sidebar-layout":"default","site-content-layout":"default","ast-global-header-display":"","ast-main-header-display":"","ast-hfb-above-header-display":"","ast-hfb-below-header-display":"","ast-hfb-mobile-header-display":"","site-post-title":"","ast-breadcrumbs-content":"","ast-featured-img":"","footer-sml-layout":"","theme-transparent-header-meta":"","adv-header-id-meta":"","stick-header-meta":"","header-above-stick-meta":"","header-main-stick-meta":"","header-below-stick-meta":""},"pwb-brand":[157],"product_cat":[37],"product_tag":[],"class_list":{"0":"post-17319","1":"product","2":"type-product","3":"status-publish","5":"pwb-brand-ridex","6":"product_cat-muut-luokat","7":"desktop-align-left","8":"tablet-align-left","9":"mobile-align-left","11":"first","12":"instock","13":"product-type-external"},"brands":[{"id":157,"name":"RIDEX","slug":"ridex"}],"_links":{"self":[{"href":"https:\/\/www.autonvaraosahaku.fi\/index.php?rest_route=\/wp\/v2\/product\/17319","targetHints":{"allow":["GET"]}}],"collection":[{"href":"https:\/\/www.autonvaraosahaku.fi\/index.php?rest_route=\/wp\/v2\/product"}],"about":[{"href":"https:\/\/www.autonvaraosahaku.fi\/index.php?rest_route=\/wp\/v2\/types\/product"}],"wp:attachment":[{"href":"https:\/\/www.autonvaraosahaku.fi\/index.php?rest_route=%2Fwp%2Fv2%2Fmedia&parent=17319"}],"wp:term":[{"taxonomy":"pwb-brand","embeddable":true,"href":"https:\/\/www.autonvaraosahaku.fi\/index.php?rest_route=%2Fwp%2Fv2%2Fpwb-brand&post=17319"},{"taxonomy":"product_cat","embeddable":true,"href":"https:\/\/www.autonvaraosahaku.fi\/index.php?rest_route=%2Fwp%2Fv2%2Fproduct_cat&post=17319"},{"taxonomy":"product_tag","embeddable":true,"href":"https:\/\/www.autonvaraosahaku.fi\/index.php?rest_route=%2Fwp%2Fv2%2Fproduct_tag&post=17319"}],"curies":[{"name":"wp","href":"https:\/\/api.w.org\/{rel}","templated":true}]}}