{"id":17631,"date":"2021-02-21T14:31:03","date_gmt":"2021-02-21T14:31:03","guid":{"rendered":"https:\/\/www.autonvaraosahaku.fi\/?product=hella-9xw-358-136-141-pyyhkijansulat"},"modified":"2021-02-21T14:31:04","modified_gmt":"2021-02-21T14:31:04","slug":"hella-9xw-358-136-141-pyyhkijansulat","status":"publish","type":"product","link":"https:\/\/www.autonvaraosahaku.fi\/?product=hella-9xw-358-136-141-pyyhkijansulat","title":{"rendered":"HELLA 9XW 358 136-141 Pyyhkij\u00e4nsulat"},"content":{"rendered":"<p>Asennuspuoli: Takana, Edess\u00e4; Pituus (mm): 340; Pituus (tuumaa): 14; Vasen \/ oikea liikenne: Oikean-\/vasemmanpuolinen ohjaus; M\u00e4\u00e4r\u00e4: 1; Pyyhkij\u00e4nsulkatyyppi: Flatblade-pyyhinsulka (rungoton); Valmistusvuosi alkaen: 09\/1987; MAZDA: 2 DE; NISSAN: NOTE E11,JUKE F15,MICRA IV K13,PIXO UA0,NOTE E12,TIIDA Schr\u00e4gheck,TIIDA Stufenheck SC11X,PULSAR Schr\u00e4gheck C13,MICRA V K14,SENTRA B17; ABARTH: 500 \/ 595 312_,500C \/ 595C 312_; SUZUKI: SX4 EY, GY,SX4 S-Cross,SX4 Stufenheck GY,CELERIO; CHEVROLET: MATIZ M200, M250,TRAX,SPARK M200 M250; KIA: CEE&#8217;D JD,CEE`D Sportswagon JD,PRO CEE\u00b4D JD,PICANTO JA; HONDA: JAZZ III GE,STREAM RN; OPEL: MOKKA; TOYOTA: AURIS NZE18_, ZRE18_,AURIS TOURING SPORTS ADE18_, ZWE18_, ZRE18_,VIOS\/YARIS Stufenheck ZSP9_, NCP9_,URBAN CRUISER NSP1_, NLP1_, ZSP1_, NCP11_,COROLLA Stufenheck NRE18_, ZRE17_, ZRE18_, NDE18_,ALPHARD \/ VELLFIRE GGH2_, ANH2_, ATH2_; SMART: FORTWO Coupe 453,FORFOUR Schr\u00e4gheck 453,FORTWO Cabriolet 453; Tuulilasinpyyhkimet,Pyyhkij\u00e4t,Pyyhkij\u00e4nsulka<\/p>\n","protected":false},"excerpt":{"rendered":"<p>HELLA Pyyhkij\u00e4nsulat 9XW 358 136-141 Tuulilasinpyyhkimet,Pyyhkij\u00e4t MAZDA,NISSAN,ABARTH,2 DE,NOTE E11,JUKE F15,MICRA IV K13,PIXO UA0,NOTE E12<\/p>\n","protected":false},"featured_media":0,"template":"","meta":{"site-sidebar-layout":"default","site-content-layout":"default","ast-global-header-display":"","ast-main-header-display":"","ast-hfb-above-header-display":"","ast-hfb-below-header-display":"","ast-hfb-mobile-header-display":"","site-post-title":"","ast-breadcrumbs-content":"","ast-featured-img":"","footer-sml-layout":"","theme-transparent-header-meta":"","adv-header-id-meta":"","stick-header-meta":"","header-above-stick-meta":"","header-main-stick-meta":"","header-below-stick-meta":""},"pwb-brand":[24],"product_cat":[33],"product_tag":[],"class_list":{"0":"post-17631","1":"product","2":"type-product","3":"status-publish","5":"pwb-brand-hella","6":"product_cat-pyyhkijansulat","7":"desktop-align-left","8":"tablet-align-left","9":"mobile-align-left","11":"first","12":"instock","13":"product-type-external"},"brands":[{"id":24,"name":"HELLA","slug":"hella"}],"_links":{"self":[{"href":"https:\/\/www.autonvaraosahaku.fi\/index.php?rest_route=\/wp\/v2\/product\/17631","targetHints":{"allow":["GET"]}}],"collection":[{"href":"https:\/\/www.autonvaraosahaku.fi\/index.php?rest_route=\/wp\/v2\/product"}],"about":[{"href":"https:\/\/www.autonvaraosahaku.fi\/index.php?rest_route=\/wp\/v2\/types\/product"}],"wp:attachment":[{"href":"https:\/\/www.autonvaraosahaku.fi\/index.php?rest_route=%2Fwp%2Fv2%2Fmedia&parent=17631"}],"wp:term":[{"taxonomy":"pwb-brand","embeddable":true,"href":"https:\/\/www.autonvaraosahaku.fi\/index.php?rest_route=%2Fwp%2Fv2%2Fpwb-brand&post=17631"},{"taxonomy":"product_cat","embeddable":true,"href":"https:\/\/www.autonvaraosahaku.fi\/index.php?rest_route=%2Fwp%2Fv2%2Fproduct_cat&post=17631"},{"taxonomy":"product_tag","embeddable":true,"href":"https:\/\/www.autonvaraosahaku.fi\/index.php?rest_route=%2Fwp%2Fv2%2Fproduct_tag&post=17631"}],"curies":[{"name":"wp","href":"https:\/\/api.w.org\/{rel}","templated":true}]}}