{"id":17656,"date":"2021-02-21T14:31:07","date_gmt":"2021-02-21T14:31:07","guid":{"rendered":"https:\/\/www.autonvaraosahaku.fi\/?product=brembo-p-85-095x-jarrupalat"},"modified":"2021-02-21T14:31:09","modified_gmt":"2021-02-21T14:31:09","slug":"brembo-p-85-095x-jarrupalat","status":"publish","type":"product","link":"https:\/\/www.autonvaraosahaku.fi\/?product=brembo-p-85-095x-jarrupalat","title":{"rendered":"BREMBO P 85 095X Jarrupalat"},"content":{"rendered":"<p>WVA-numero: 23914; Korvaava tuote\/korvaava tiedote 2: Jarrusatulan ruuveilla; Jarruj\u00e4rjestelm\u00e4: Lucas; Lis\u00e4tarvike\/lis\u00e4tieto: Tarvikkeilla; Kulumisenilmaisimen liitos: Kulumisenilmaisemelle; Korkeus (mm): 56,5; Leveys (mm): 105,5; Paksuus [mm]: 17,2; M\u00e4\u00e4r\u00e4yksikk\u00f6: Akselisarja; Asennuspuoli: Hinterachse; VW: GOLF V 1K1,GOLF VI 5K1,PASSAT Variant 3C5,PASSAT 3C2,EOS 1F7, 1F8,SCIROCCO 137, 138,GOLF VI Cabriolet 517; AUDI: A3 8P1,A3 Sportback 8PA,A4 Cabriolet 8H7, B6, 8HE, B7,TT 8J3,TT Roadster 8J9; SKODA: OCTAVIA Combi 5E5,SUPERB Kombi 3T5,SUPERB 3T4; SEAT: LEON 5F1,LEON ST 5F8,LEON SC 5F5; 1K0698451B, 1K0698451E, 1K0698451K, 3C0698451A, 1K0698451B, 1K0698451E, 1K0698451K, 3C0698451A, 1K0698451B, 1K0698451E, 1K0698451K, 3C0698451A, 1K0698451B, 1K0698451E, 1K0698451K, 3C0698451A, JZW698451M; Jarrupalasarja,Jarrupala, Levyjarru<\/p>\n","protected":false},"excerpt":{"rendered":"<p>BREMBO Jarrupalat XTRA LINE P 85 095X Jarrupalasarja,Jarrupala, Levyjarru VW,AUDI,SKODA,GOLF V 1K1,GOLF VI 5K1,PASSAT Variant 3C5,PASSAT 3C2<\/p>\n","protected":false},"featured_media":0,"template":"","meta":{"site-sidebar-layout":"default","site-content-layout":"default","ast-global-header-display":"","ast-main-header-display":"","ast-hfb-above-header-display":"","ast-hfb-below-header-display":"","ast-hfb-mobile-header-display":"","site-post-title":"","ast-breadcrumbs-content":"","ast-featured-img":"","footer-sml-layout":"","theme-transparent-header-meta":"","adv-header-id-meta":"","stick-header-meta":"","header-above-stick-meta":"","header-main-stick-meta":"","header-below-stick-meta":""},"pwb-brand":[146],"product_cat":[100],"product_tag":[],"class_list":{"0":"post-17656","1":"product","2":"type-product","3":"status-publish","5":"pwb-brand-brembo","6":"product_cat-jarrupalat","7":"desktop-align-left","8":"tablet-align-left","9":"mobile-align-left","11":"first","12":"instock","13":"product-type-external"},"brands":[{"id":146,"name":"BREMBO","slug":"brembo"}],"_links":{"self":[{"href":"https:\/\/www.autonvaraosahaku.fi\/index.php?rest_route=\/wp\/v2\/product\/17656","targetHints":{"allow":["GET"]}}],"collection":[{"href":"https:\/\/www.autonvaraosahaku.fi\/index.php?rest_route=\/wp\/v2\/product"}],"about":[{"href":"https:\/\/www.autonvaraosahaku.fi\/index.php?rest_route=\/wp\/v2\/types\/product"}],"wp:attachment":[{"href":"https:\/\/www.autonvaraosahaku.fi\/index.php?rest_route=%2Fwp%2Fv2%2Fmedia&parent=17656"}],"wp:term":[{"taxonomy":"pwb-brand","embeddable":true,"href":"https:\/\/www.autonvaraosahaku.fi\/index.php?rest_route=%2Fwp%2Fv2%2Fpwb-brand&post=17656"},{"taxonomy":"product_cat","embeddable":true,"href":"https:\/\/www.autonvaraosahaku.fi\/index.php?rest_route=%2Fwp%2Fv2%2Fproduct_cat&post=17656"},{"taxonomy":"product_tag","embeddable":true,"href":"https:\/\/www.autonvaraosahaku.fi\/index.php?rest_route=%2Fwp%2Fv2%2Fproduct_tag&post=17656"}],"curies":[{"name":"wp","href":"https:\/\/api.w.org\/{rel}","templated":true}]}}