{"id":17702,"date":"2021-02-21T14:31:18","date_gmt":"2021-02-21T14:31:18","guid":{"rendered":"https:\/\/www.autonvaraosahaku.fi\/?product=ridex-1216r0058-hydraulinen-venttiilinnostin"},"modified":"2021-02-21T14:31:19","modified_gmt":"2021-02-21T14:31:19","slug":"ridex-1216r0058-hydraulinen-venttiilinnostin","status":"publish","type":"product","link":"https:\/\/www.autonvaraosahaku.fi\/?product=ridex-1216r0058-hydraulinen-venttiilinnostin","title":{"rendered":"RIDEX 1216R0058 Hydraulinen venttiilinnostin"},"content":{"rendered":"<p>K\u00e4ytt\u00f6: Hydraulinen; Paino [g]: 12,6; Ulkol\u00e4pimitta [mm]: 12; Pituus (mm): 20,5; Tarvittava kappalem\u00e4\u00e4r\u00e4: 8; MAZDA: MX-3 EC,B-SERIE UN,BT-50 CD, UN,323 C IV BG,FAMILIA IV BF,323 III Hatchback BF,121 II DB,626 III GD,FAMILIA IV BG,626 III Hatchback GD,626 III Coupe GD,E-SERIE Kasten SR2,626 III Station Wagon GV,626 II GC,626 II Hatchback GC,929 III HC,B-SERIE UF,323 III BF,MPV I LV,BT-50 Pritsche\/Fahrgestell CD, UN,929 II Coupe HB,323 III Station Wagon BW,323 II Hatchback BD,121 I DA,323 II BD,929 II HB,626 II Coupe GC,MX-6 GD,B-SERIE Pritsche\/Fahrgestell UF; KIA: RIO Kombi DC,RIO Stufenheck DC_,PRIDE DA,SEPHIA Stufenheck FA,SEPHIA FA,SEPHIA FB,AVELLA,PRIDE Van DA; FORD USA: PROBE I; HYUNDAI: GETZ TB,ACCENT II LC,ACCENT III Stufenheck MC,ACCENT I X-3,ACCENT II Stufenheck LC,LANTRA II Wagon J-2,LANTRA II J-2,ACCENT Stufenheck X-3,S COUPE SLC; OPEL: MONTEREY A UBS_; SUBARU: IMPREZA Stufenheck GD,IMPREZA Stufenheck GC,LEGACY II Station Wagon BD, BG,IMPREZA Station Wagon GF,LEGACY I Station Wagon BC, BJF,LEGACY II BD, BG,IMPREZA Coupe GFC,LEGACY I BC; FORD: RANGER ER, EQ; VAUXHALL: MONTEREY; ISUZU: TROOPER UB,TROOPER Soft Top UB; 3895171, E92Z6C501B, 13230AA110, 2461022020, 2461022600, JFY112100, MJF0112100; Venttiilinnostin<\/p>\n","protected":false},"excerpt":{"rendered":"<p>RIDEX Hydraulinen Venttiilinnostin 1216R0058 Venttiilinnostin MAZDA,KIA,FORD USA,MX-3 EC,B-SERIE UN,BT-50 CD, UN,323 C IV BG,FAMILIA IV BF<\/p>\n","protected":false},"featured_media":0,"template":"","meta":{"site-sidebar-layout":"default","site-content-layout":"default","ast-global-header-display":"","ast-main-header-display":"","ast-hfb-above-header-display":"","ast-hfb-below-header-display":"","ast-hfb-mobile-header-display":"","site-post-title":"","ast-breadcrumbs-content":"","ast-featured-img":"","footer-sml-layout":"","theme-transparent-header-meta":"","adv-header-id-meta":"","stick-header-meta":"","header-above-stick-meta":"","header-main-stick-meta":"","header-below-stick-meta":""},"pwb-brand":[157],"product_cat":[126],"product_tag":[],"class_list":{"0":"post-17702","1":"product","2":"type-product","3":"status-publish","5":"pwb-brand-ridex","6":"product_cat-hydraulinen-venttiilinnostin","7":"desktop-align-left","8":"tablet-align-left","9":"mobile-align-left","11":"first","12":"instock","13":"product-type-external"},"brands":[{"id":157,"name":"RIDEX","slug":"ridex"}],"_links":{"self":[{"href":"https:\/\/www.autonvaraosahaku.fi\/index.php?rest_route=\/wp\/v2\/product\/17702","targetHints":{"allow":["GET"]}}],"collection":[{"href":"https:\/\/www.autonvaraosahaku.fi\/index.php?rest_route=\/wp\/v2\/product"}],"about":[{"href":"https:\/\/www.autonvaraosahaku.fi\/index.php?rest_route=\/wp\/v2\/types\/product"}],"wp:attachment":[{"href":"https:\/\/www.autonvaraosahaku.fi\/index.php?rest_route=%2Fwp%2Fv2%2Fmedia&parent=17702"}],"wp:term":[{"taxonomy":"pwb-brand","embeddable":true,"href":"https:\/\/www.autonvaraosahaku.fi\/index.php?rest_route=%2Fwp%2Fv2%2Fpwb-brand&post=17702"},{"taxonomy":"product_cat","embeddable":true,"href":"https:\/\/www.autonvaraosahaku.fi\/index.php?rest_route=%2Fwp%2Fv2%2Fproduct_cat&post=17702"},{"taxonomy":"product_tag","embeddable":true,"href":"https:\/\/www.autonvaraosahaku.fi\/index.php?rest_route=%2Fwp%2Fv2%2Fproduct_tag&post=17702"}],"curies":[{"name":"wp","href":"https:\/\/api.w.org\/{rel}","templated":true}]}}