{"id":17902,"date":"2021-02-21T14:31:57","date_gmt":"2021-02-21T14:31:57","guid":{"rendered":"https:\/\/www.autonvaraosahaku.fi\/?product=ate-24-9145-0001-2-abs-ohjausyksikko"},"modified":"2021-02-21T14:31:58","modified_gmt":"2021-02-21T14:31:58","slug":"ate-24-9145-0001-2-abs-ohjausyksikko","status":"publish","type":"product","link":"https:\/\/www.autonvaraosahaku.fi\/?product=ate-24-9145-0001-2-abs-ohjausyksikko","title":{"rendered":"ATE 24.9145-0001.2 ABS ohjausyksikk\u00f6"},"content":{"rendered":"<p>Lis\u00e4tarvike\/lis\u00e4tieto: Ilman ohjainlaitetta; Jarru-\/ajodynamiikka: Autoihin, joissa ESP; Jarruj\u00e4rjestelm\u00e4: Hydraulinen; Huomioi asennusoohje: ; Huomioi ajoneuvovalmistajan vaatimukset: ; Valmistusvuoteen: 10\/2012; VW: GOLF V 1K1,TOURAN 1T1, 1T2,GOLF PLUS 5M1, 521,CADDY III Kombi 2KB, 2KJ, 2CB, 2CJ,TOURAN 1T3,GOLF V Variant 1K5,CADDY III Kasten 2KA, 2KH, 2CA, 2CH,EOS 1F7, 1F8,JETTA III 1K2; AUDI: A3 8P1,A3 Sportback 8PA; SKODA: OCTAVIA Combi 1Z5,OCTAVIA 1Z3; SEAT: LEON 1P1,ALTEA 5P1,TOLEDO III 5P2; 1K0698517B, 1K0698517B; ABS Pumppu,Jarruj\u00e4rjestelm\u00e4n Hydrauliyksikk\u00f6,ABS Yksikk\u00f6,Hydraulinen Yksikk\u00f6, Jarruj\u00e4rjestelm\u00e4<\/p>\n","protected":false},"excerpt":{"rendered":"<p>ATE ABS Ohjausyksikk\u00f6 24.9145-0001.2 ABS Pumppu,Jarruj\u00e4rjestelm\u00e4n Hydrauliyksikk\u00f6 VW,AUDI,SKODA,GOLF V 1K1,TOURAN 1T1, 1T2,GOLF PLUS 5M1, 521<\/p>\n","protected":false},"featured_media":0,"template":"","meta":{"site-sidebar-layout":"default","site-content-layout":"default","ast-global-header-display":"","ast-main-header-display":"","ast-hfb-above-header-display":"","ast-hfb-below-header-display":"","ast-hfb-mobile-header-display":"","site-post-title":"","ast-breadcrumbs-content":"","ast-featured-img":"","footer-sml-layout":"","theme-transparent-header-meta":"","adv-header-id-meta":"","stick-header-meta":"","header-above-stick-meta":"","header-main-stick-meta":"","header-below-stick-meta":""},"pwb-brand":[108],"product_cat":[428],"product_tag":[],"class_list":{"0":"post-17902","1":"product","2":"type-product","3":"status-publish","5":"pwb-brand-ate","6":"product_cat-abs-ohjausyksikko","7":"desktop-align-left","8":"tablet-align-left","9":"mobile-align-left","11":"first","12":"instock","13":"product-type-external"},"brands":[{"id":108,"name":"ATE","slug":"ate"}],"_links":{"self":[{"href":"https:\/\/www.autonvaraosahaku.fi\/index.php?rest_route=\/wp\/v2\/product\/17902","targetHints":{"allow":["GET"]}}],"collection":[{"href":"https:\/\/www.autonvaraosahaku.fi\/index.php?rest_route=\/wp\/v2\/product"}],"about":[{"href":"https:\/\/www.autonvaraosahaku.fi\/index.php?rest_route=\/wp\/v2\/types\/product"}],"wp:attachment":[{"href":"https:\/\/www.autonvaraosahaku.fi\/index.php?rest_route=%2Fwp%2Fv2%2Fmedia&parent=17902"}],"wp:term":[{"taxonomy":"pwb-brand","embeddable":true,"href":"https:\/\/www.autonvaraosahaku.fi\/index.php?rest_route=%2Fwp%2Fv2%2Fpwb-brand&post=17902"},{"taxonomy":"product_cat","embeddable":true,"href":"https:\/\/www.autonvaraosahaku.fi\/index.php?rest_route=%2Fwp%2Fv2%2Fproduct_cat&post=17902"},{"taxonomy":"product_tag","embeddable":true,"href":"https:\/\/www.autonvaraosahaku.fi\/index.php?rest_route=%2Fwp%2Fv2%2Fproduct_tag&post=17902"}],"curies":[{"name":"wp","href":"https:\/\/api.w.org\/{rel}","templated":true}]}}