{"id":17911,"date":"2021-02-21T14:31:57","date_gmt":"2021-02-21T14:31:57","guid":{"rendered":"https:\/\/www.autonvaraosahaku.fi\/?product=maxgear-72-0550-tukivarren-hela"},"modified":"2021-02-21T14:31:59","modified_gmt":"2021-02-21T14:31:59","slug":"maxgear-72-0550-tukivarren-hela","status":"publish","type":"product","link":"https:\/\/www.autonvaraosahaku.fi\/?product=maxgear-72-0550-tukivarren-hela","title":{"rendered":"MAXGEAR 72-0550 Tukivarren hela"},"content":{"rendered":"<p>Asennuspuoli: Taka-akseli, Molemminpuolin; Pituus (mm): 48; Ulkol\u00e4pimitta [mm]: 40; Sis\u00e4l\u00e4pimitta [mm]: 14,1; MERCEDES-BENZ: C-CLASS W203,E-CLASS W211,C-CLASS W204,C-CLASS T-Model S204,C-CLASS T-Model S203,C-CLASS W202,E-CLASS T-Model S211,190 W201,SLK R170,E-CLASS W210,E-CLASS W212,C-CLASS Coupe CL203,Stufenheck W124,E-CLASS T-Model S212,GLK-CLASS X204,E-CLASS Kombi S210,SLK R171,CLK C208,SL R129,CLK C209,C-CLASS Kombi S202,S-CLASS W220,CLS C219,SL R230,KOMBI Kombi S124,E-CLASS W124,E-CLASS Coupe C207,CLK Cabriolet A208,COUPE C124,S-CLASS W140,E-CLASS Kombi S124,SLK R172,E-CLASS Cabriolet A207,CLC-CLASS CL203,CLS C218,S-CLASS Coupe C215,E-CLASS Cabriolet A124,S-CLASS Coupe C216,E-CLASS Coupe C124,CLS Shooting Brake X218,S-CLASS W222, V222, X222,S-CLASS Coupe C140,CABRIOLET A124,SL R231,C-CLASS T-Model S205,C-CLASS W205,E-CLASS W213,GLC X253,E-CLASS T-Model S213,GLC Coupe C253,SLC R172,S-CLASS Coupe C217,S-CLASS Cabriolet A217; CHRYSLER: CROSSFIRE,CROSSFIRE Roadster; 2013520027<\/p>\n","protected":false},"excerpt":{"rendered":"<p>MAXGEAR Tukivarren Hela 72-0550  MERCEDES-BENZ,CHRYSLER,C-CLASS W203,E-CLASS W211,C-CLASS W204,C-CLASS T-Model S204,C-CLASS T-Model S203,C-CLASS W202<\/p>\n","protected":false},"featured_media":0,"template":"","meta":{"site-sidebar-layout":"default","site-content-layout":"default","ast-global-header-display":"","ast-main-header-display":"","ast-hfb-above-header-display":"","ast-hfb-below-header-display":"","ast-hfb-mobile-header-display":"","site-post-title":"","ast-breadcrumbs-content":"","ast-featured-img":"","footer-sml-layout":"","theme-transparent-header-meta":"","adv-header-id-meta":"","stick-header-meta":"","header-above-stick-meta":"","header-main-stick-meta":"","header-below-stick-meta":""},"pwb-brand":[48],"product_cat":[115],"product_tag":[],"class_list":{"0":"post-17911","1":"product","2":"type-product","3":"status-publish","5":"pwb-brand-maxgear","6":"product_cat-tukivarren-hela","7":"desktop-align-left","8":"tablet-align-left","9":"mobile-align-left","11":"first","12":"instock","13":"product-type-external"},"brands":[{"id":48,"name":"MAXGEAR","slug":"maxgear"}],"_links":{"self":[{"href":"https:\/\/www.autonvaraosahaku.fi\/index.php?rest_route=\/wp\/v2\/product\/17911","targetHints":{"allow":["GET"]}}],"collection":[{"href":"https:\/\/www.autonvaraosahaku.fi\/index.php?rest_route=\/wp\/v2\/product"}],"about":[{"href":"https:\/\/www.autonvaraosahaku.fi\/index.php?rest_route=\/wp\/v2\/types\/product"}],"wp:attachment":[{"href":"https:\/\/www.autonvaraosahaku.fi\/index.php?rest_route=%2Fwp%2Fv2%2Fmedia&parent=17911"}],"wp:term":[{"taxonomy":"pwb-brand","embeddable":true,"href":"https:\/\/www.autonvaraosahaku.fi\/index.php?rest_route=%2Fwp%2Fv2%2Fpwb-brand&post=17911"},{"taxonomy":"product_cat","embeddable":true,"href":"https:\/\/www.autonvaraosahaku.fi\/index.php?rest_route=%2Fwp%2Fv2%2Fproduct_cat&post=17911"},{"taxonomy":"product_tag","embeddable":true,"href":"https:\/\/www.autonvaraosahaku.fi\/index.php?rest_route=%2Fwp%2Fv2%2Fproduct_tag&post=17911"}],"curies":[{"name":"wp","href":"https:\/\/api.w.org\/{rel}","templated":true}]}}