{"id":18021,"date":"2021-02-21T14:32:19","date_gmt":"2021-02-21T14:32:19","guid":{"rendered":"https:\/\/www.autonvaraosahaku.fi\/?product=m-tech-zhcd1s43-lamput-hehkulamppu"},"modified":"2021-02-21T14:32:20","modified_gmt":"2021-02-21T14:32:20","slug":"m-tech-zhcd1s43-lamput-hehkulamppu","status":"publish","type":"product","link":"https:\/\/www.autonvaraosahaku.fi\/?product=m-tech-zhcd1s43-lamput-hehkulamppu","title":{"rendered":"M-TECH ZHCD1S43 Lamput (hehkulamppu)"},"content":{"rendered":"<p>Lyhdyn muoto: Xenon; Lamppumalli: D1S (kaasupurkauslamppu); Kantamalli: P32d-2; V\u00e4ril\u00e4mp\u00f6 [K]: 4300; Nimellisteho (W): 35; J\u00e4nnite (V): 85<\/p>\n","protected":false},"excerpt":{"rendered":"<p>M-TECH Polttimo, Kaukovalo ZHCD1S43<\/p>\n","protected":false},"featured_media":0,"template":"","meta":{"site-sidebar-layout":"default","site-content-layout":"default","ast-global-header-display":"","ast-main-header-display":"","ast-hfb-above-header-display":"","ast-hfb-below-header-display":"","ast-hfb-mobile-header-display":"","site-post-title":"","ast-breadcrumbs-content":"","ast-featured-img":"","footer-sml-layout":"","theme-transparent-header-meta":"","adv-header-id-meta":"","stick-header-meta":"","header-above-stick-meta":"","header-main-stick-meta":"","header-below-stick-meta":""},"pwb-brand":[374],"product_cat":[151],"product_tag":[],"class_list":{"0":"post-18021","1":"product","2":"type-product","3":"status-publish","5":"pwb-brand-m-tech","6":"product_cat-lamput-hehkulamppu","7":"desktop-align-left","8":"tablet-align-left","9":"mobile-align-left","11":"first","12":"instock","13":"product-type-external"},"brands":[{"id":374,"name":"M-TECH","slug":"m-tech"}],"_links":{"self":[{"href":"https:\/\/www.autonvaraosahaku.fi\/index.php?rest_route=\/wp\/v2\/product\/18021","targetHints":{"allow":["GET"]}}],"collection":[{"href":"https:\/\/www.autonvaraosahaku.fi\/index.php?rest_route=\/wp\/v2\/product"}],"about":[{"href":"https:\/\/www.autonvaraosahaku.fi\/index.php?rest_route=\/wp\/v2\/types\/product"}],"wp:attachment":[{"href":"https:\/\/www.autonvaraosahaku.fi\/index.php?rest_route=%2Fwp%2Fv2%2Fmedia&parent=18021"}],"wp:term":[{"taxonomy":"pwb-brand","embeddable":true,"href":"https:\/\/www.autonvaraosahaku.fi\/index.php?rest_route=%2Fwp%2Fv2%2Fpwb-brand&post=18021"},{"taxonomy":"product_cat","embeddable":true,"href":"https:\/\/www.autonvaraosahaku.fi\/index.php?rest_route=%2Fwp%2Fv2%2Fproduct_cat&post=18021"},{"taxonomy":"product_tag","embeddable":true,"href":"https:\/\/www.autonvaraosahaku.fi\/index.php?rest_route=%2Fwp%2Fv2%2Fproduct_tag&post=18021"}],"curies":[{"name":"wp","href":"https:\/\/api.w.org\/{rel}","templated":true}]}}