{"id":18367,"date":"2021-02-21T14:33:22","date_gmt":"2021-02-21T14:33:22","guid":{"rendered":"https:\/\/www.autonvaraosahaku.fi\/?product=diederichs-lid10051-lamput-hehkulamppu"},"modified":"2021-02-21T14:33:23","modified_gmt":"2021-02-21T14:33:23","slug":"diederichs-lid10051-lamput-hehkulamppu","status":"publish","type":"product","link":"https:\/\/www.autonvaraosahaku.fi\/?product=diederichs-lid10051-lamput-hehkulamppu","title":{"rendered":"DIEDERICHS LID10051 Lamput (hehkulamppu)"},"content":{"rendered":"<p>J\u00e4nnite (V): 12; Nimellisteho (W): 4, 21; Kantamalli: Baz15d; M\u00e4\u00e4r\u00e4yksikk\u00f6: Pakkausyksikk\u00f6; VW: POLO 9N_,CADDY III Kombi 2KB, 2KJ, 2CB, 2CJ,TRANSPORTER V Bus 7HB, 7HJ, 7EB, 7EJ, 7EF,TOUAREG 7LA, 7L6, 7L7,MULTIVAN V 7HM, 7HN, 7HF, 7EF, 7EM, 7EN,UP,CADDY III Kasten 2KA, 2KH, 2CA, 2CH,TRANSPORTER V Kasten 7HA, 7HH, 7EA, 7EH; AUDI: A4 Cabriolet 8H7, B6, 8HE, B7; LADA: NIVA II 2123,KALINA Kombi 1117,KALINA Schr\u00e4gheck 1119,111 2111,110 2110,KALINA Stufenheck 1118,112 2112,PRIORA Schr\u00e4gheck 2172; SKODA: OCTAVIA Combi 1Z5,FABIA Combi,OCTAVIA 1Z3,CITIGO,SUPERB 3U4,RAPID Spaceback NH1,RAPID NH3,FABIA NJ3; MERCEDES-BENZ: C-CLASS W203,A-CLASS W169,A-CLASS W168,C-CLASS T-Model S203,C-CLASS W202,E-CLASS W210,C-CLASS Coupe CL203,CLK C208,SL R129,CLK C209,C-CLASS Kombi S202,CLK Cabriolet A208,CLK Cabriolet A209,S-CLASS Coupe C215; OPEL: VECTRA C Caravan,MERIVA B,VECTRA C,VECTRA B 36_,VECTRA C GTS,VECTRA B Caravan 31_,VECTRA B CC 38_,COMBO Tour X12; BMW: 3 Touring E46; SAAB: 9000 Schr\u00e4gheck,9000; FORD: MONDEO III Kombi BWY,FOCUS C-MAX,MONDEO III B5Y,MONDEO III Stufenheck B4Y,MONDEO II Kombi BNP,FOCUS II Stufenheck DA_,MONDEO II BAP,MONDEO IV Stufenheck BA7,MONDEO II Stufenheck BFP,MONDEO I Kombi BNP,SIERRA GBG, GB4,MONDEO I GBP,SIERRA Schr\u00e4gheck GBC, GBG,MONDEO I Stufenheck GBP; FIAT: DUCATO Kasten 244,DUCATO Pritsche\/Fahrgestell 244,DOBLO Kasten\/Kombi 263,DUCATO Bus 244, Z_,BRAVA 182,PALIO Weekend 178DX,STRADA Pick-up 578_,PALIO 178BX; N10251001, N000000000633, N10251001, N10251001, N10251001<\/p>\n","protected":false},"excerpt":{"rendered":"<p>DIEDERICHS Polttimo, Jarru-\/Takavalo LID10051  VW,AUDI,LADA,POLO 9N_,CADDY III Kombi 2KB, 2KJ, 2CB, 2CJ,TRANSPORTER V Bus 7HB, 7HJ, 7EB, 7EJ, 7EF<\/p>\n","protected":false},"featured_media":0,"template":"","meta":{"site-sidebar-layout":"default","site-content-layout":"default","ast-global-header-display":"","ast-main-header-display":"","ast-hfb-above-header-display":"","ast-hfb-below-header-display":"","ast-hfb-mobile-header-display":"","site-post-title":"","ast-breadcrumbs-content":"","ast-featured-img":"","footer-sml-layout":"","theme-transparent-header-meta":"","adv-header-id-meta":"","stick-header-meta":"","header-above-stick-meta":"","header-main-stick-meta":"","header-below-stick-meta":""},"pwb-brand":[227],"product_cat":[151],"product_tag":[],"class_list":{"0":"post-18367","1":"product","2":"type-product","3":"status-publish","5":"pwb-brand-diederichs","6":"product_cat-lamput-hehkulamppu","7":"desktop-align-left","8":"tablet-align-left","9":"mobile-align-left","11":"first","12":"instock","13":"product-type-external"},"brands":[{"id":227,"name":"DIEDERICHS","slug":"diederichs"}],"_links":{"self":[{"href":"https:\/\/www.autonvaraosahaku.fi\/index.php?rest_route=\/wp\/v2\/product\/18367","targetHints":{"allow":["GET"]}}],"collection":[{"href":"https:\/\/www.autonvaraosahaku.fi\/index.php?rest_route=\/wp\/v2\/product"}],"about":[{"href":"https:\/\/www.autonvaraosahaku.fi\/index.php?rest_route=\/wp\/v2\/types\/product"}],"wp:attachment":[{"href":"https:\/\/www.autonvaraosahaku.fi\/index.php?rest_route=%2Fwp%2Fv2%2Fmedia&parent=18367"}],"wp:term":[{"taxonomy":"pwb-brand","embeddable":true,"href":"https:\/\/www.autonvaraosahaku.fi\/index.php?rest_route=%2Fwp%2Fv2%2Fpwb-brand&post=18367"},{"taxonomy":"product_cat","embeddable":true,"href":"https:\/\/www.autonvaraosahaku.fi\/index.php?rest_route=%2Fwp%2Fv2%2Fproduct_cat&post=18367"},{"taxonomy":"product_tag","embeddable":true,"href":"https:\/\/www.autonvaraosahaku.fi\/index.php?rest_route=%2Fwp%2Fv2%2Fproduct_tag&post=18367"}],"curies":[{"name":"wp","href":"https:\/\/api.w.org\/{rel}","templated":true}]}}