{"id":18743,"date":"2021-02-21T14:34:35","date_gmt":"2021-02-21T14:34:35","guid":{"rendered":"https:\/\/www.autonvaraosahaku.fi\/?product=ridex-2s0030-starttimoottori"},"modified":"2021-02-21T14:34:36","modified_gmt":"2021-02-21T14:34:36","slug":"ridex-2s0030-starttimoottori","status":"publish","type":"product","link":"https:\/\/www.autonvaraosahaku.fi\/?product=ridex-2s0030-starttimoottori","title":{"rendered":"RIDEX 2S0030 Starttimoottori"},"content":{"rendered":"<p>Pantiton uusi osa: ; J\u00e4nnite (V): 12; Hammasluku: 9; K\u00e4ynnistinmoottori teho (kW): 1,1; Paino [kg]: 3,2; Kiinnitysreikien lukum\u00e4\u00e4r\u00e4: 2, 1; Py\u00f6rimissuunta: Py\u00f6rimissuunta my\u00f6t\u00e4p\u00e4iv\u00e4\u00e4n; Reikien m\u00e4\u00e4r\u00e4: 2; Liitin: 30,50; Laippa \u00d8(mm): 64; kierrereiki\u00e4 [kpl]: 2; K\u00e4ynnistintyyppi: vapaasti kytkev\u00e4; Moottorinumero: 12ST; SUZUKI: WAGON R+ MM,IGNIS II; OPEL: CORSA D,CORSA C F08, F68,MERIVA,AGILA A H00,ASTRA F CC 53_, 54_, 58_, 59_,TIGRA TwinTop,ASTRA F Caravan 51_, 52_,COMBO Kasten\/Kombi,COMBO Tour,VECTRA A 86_, 87_,ASTRA F Cabriolet 53_B,ASTRA F 56_, 57_,KADETT E CC 33_, 34_, 43_, 44_,CORSA A CC 93_, 94_, 98_, 99_,MANTA B 58_, 59_,CORSA C Kasten F08, W5L,VECTRA A CC 88_, 89_,KADETT E Cabriolet 43B_,ASCONA B 81_, 86_, 87_, 88_,ASCONA C 81_, 86_, 87_, 88_,CORSA A TR 91_, 92_, 96_, 97_,KADETT D 31_-34_, 41_-44_,KADETT E 39_, 49_,ASCONA C CC 84_, 89_,KADETT E Caravan 35_, 36_, 45_, 46_,MANTA B CC 53_, 55_,KADETT D 32_,37_,39, _42,KADETT D Caravan 35_, 36_, 45_, 46_,CORSA A Kasten,KADETT E Kasten 37_, 47_,KADETT E Combo 38_, 48_; VAUXHALL: CORSA Mk III D L_8,CORSA Mk II C W5L, F08,ASTRA Mk III F CC,MERIVA Mk I A,CORSAVAN Mk II C,ASTRA Mk II CC,TIGRA Convertible,CAVALIER Mk III 87,ASTRA Mk III F Estate,CAVALIER Mk III CC,TIGRA Mk I F07,COMBO Mk II C Kasten\/Kombi F25,ASTRAVAN Mk III F,CAVALIER Mk II CC,NOVA,NOVA CC; 518102660, 51810302, 51823860, 51880229, 518102660, 51823860, 51880229, 55353237, 55561503, 0000051810266, 0000051810302, 0000071722997, 0000071724238, 0000071789754, 0000071793302, 0000071794625, 33353237, 46823548, 51810266, 518102660, 51810302, 51823860, 51880229, 55204116, 55217673, 55353237, 55353247, 55353257, 553532570, 55561503, 71424238, 71722997, 71724236, 71724238, 71789754, 71793302, 71793488, 518102660, 51823860, 51880229, 55353237, 55561503, 06202083, 1202109, 1202265, 55353237, 5535325, 55353257, 55569540, 6202071, 6202083, 6202095, 6202099, 9317813, 93178138, 9318624, 93186246, 93189232, 93190320, 95511894, R1540025, 3110085E00, 3110084EC0, 3110085E00, 31100M86J01, 31100M86J20; Startti,K\u00e4ynnistinmoottori<\/p>\n","protected":false},"excerpt":{"rendered":"<p>RIDEX Starttimoottori 2S0030 Startti,K\u00e4ynnistinmoottori SUZUKI,OPEL,VAUXHALL,WAGON R+ MM,IGNIS II,CORSA D,CORSA C F08, F68,MERIVA,AGILA A H00<\/p>\n","protected":false},"featured_media":0,"template":"","meta":{"site-sidebar-layout":"default","site-content-layout":"default","ast-global-header-display":"","ast-main-header-display":"","ast-hfb-above-header-display":"","ast-hfb-below-header-display":"","ast-hfb-mobile-header-display":"","site-post-title":"","ast-breadcrumbs-content":"","ast-featured-img":"","footer-sml-layout":"","theme-transparent-header-meta":"","adv-header-id-meta":"","stick-header-meta":"","header-above-stick-meta":"","header-main-stick-meta":"","header-below-stick-meta":""},"pwb-brand":[157],"product_cat":[295],"product_tag":[],"class_list":{"0":"post-18743","1":"product","2":"type-product","3":"status-publish","5":"pwb-brand-ridex","6":"product_cat-starttimoottori","7":"desktop-align-left","8":"tablet-align-left","9":"mobile-align-left","11":"first","12":"instock","13":"product-type-external"},"brands":[{"id":157,"name":"RIDEX","slug":"ridex"}],"_links":{"self":[{"href":"https:\/\/www.autonvaraosahaku.fi\/index.php?rest_route=\/wp\/v2\/product\/18743","targetHints":{"allow":["GET"]}}],"collection":[{"href":"https:\/\/www.autonvaraosahaku.fi\/index.php?rest_route=\/wp\/v2\/product"}],"about":[{"href":"https:\/\/www.autonvaraosahaku.fi\/index.php?rest_route=\/wp\/v2\/types\/product"}],"wp:attachment":[{"href":"https:\/\/www.autonvaraosahaku.fi\/index.php?rest_route=%2Fwp%2Fv2%2Fmedia&parent=18743"}],"wp:term":[{"taxonomy":"pwb-brand","embeddable":true,"href":"https:\/\/www.autonvaraosahaku.fi\/index.php?rest_route=%2Fwp%2Fv2%2Fpwb-brand&post=18743"},{"taxonomy":"product_cat","embeddable":true,"href":"https:\/\/www.autonvaraosahaku.fi\/index.php?rest_route=%2Fwp%2Fv2%2Fproduct_cat&post=18743"},{"taxonomy":"product_tag","embeddable":true,"href":"https:\/\/www.autonvaraosahaku.fi\/index.php?rest_route=%2Fwp%2Fv2%2Fproduct_tag&post=18743"}],"curies":[{"name":"wp","href":"https:\/\/api.w.org\/{rel}","templated":true}]}}