{"id":18833,"date":"2021-02-21T14:34:51","date_gmt":"2021-02-21T14:34:51","guid":{"rendered":"https:\/\/www.autonvaraosahaku.fi\/?product=ridex-13d0230-vetoakseli"},"modified":"2021-02-21T14:34:53","modified_gmt":"2021-02-21T14:34:53","slug":"ridex-13d0230-vetoakseli","status":"publish","type":"product","link":"https:\/\/www.autonvaraosahaku.fi\/?product=ridex-13d0230-vetoakseli","title":{"rendered":"RIDEX 13D0230 Vetoakseli"},"content":{"rendered":"<p>Ulkohammastus, py\u00f6r\u00e4npuoli: 21; Ulkohammastus tasauspy\u00f6r\u00e4st\u00f6puoli: 24; Pituus (mm): 576; Tiivisteen l\u00e4pimitta [mm]: 57; Nivelen l\u00e4pimitta py\u00f6r\u00e4puoli [mm]: 86; Nivelen l\u00e4pimitta vaihteistopuoli [mm]: 77; Kierremitta: M20X1.5; Vaihto-osa: ; Valmistusvuoteen: 10\/1989; PEUGEOT: 205 II 20A\/C,205 I Cabriolet 741B, 20D,205 I 741A\/C,205 Kasten; CITRO\u00cbN: C15 VD-_,C15 Kombi; 327200, 327220, 32724K, 327276, 3272JT, 3272JV, 3272K2, 3272R5, 327366, 327367, 95591073, 95619481, 95654730, 9622264080, 9653795680, 9654773480, P054T2, 327200, 327220, 32724K, 327276, 3272JT, 3272JV, 3272K2, 3272R5, 327366, 327367, 95591073, 95619481, 95654730, P054T2<\/p>\n","protected":false},"excerpt":{"rendered":"<p>RIDEX Vetoakseli 13D0230  PEUGEOT,CITRO\u00cbN,205 II 20A\/C,205 I Cabriolet 741B, 20D,205 I 741A\/C,205 Kasten,C15 VD-_,C15 Kombi<\/p>\n","protected":false},"featured_media":0,"template":"","meta":{"site-sidebar-layout":"default","site-content-layout":"default","ast-global-header-display":"","ast-main-header-display":"","ast-hfb-above-header-display":"","ast-hfb-below-header-display":"","ast-hfb-mobile-header-display":"","site-post-title":"","ast-breadcrumbs-content":"","ast-featured-img":"","footer-sml-layout":"","theme-transparent-header-meta":"","adv-header-id-meta":"","stick-header-meta":"","header-above-stick-meta":"","header-main-stick-meta":"","header-below-stick-meta":""},"pwb-brand":[157],"product_cat":[215],"product_tag":[],"class_list":{"0":"post-18833","1":"product","2":"type-product","3":"status-publish","5":"pwb-brand-ridex","6":"product_cat-vetoakseli","7":"desktop-align-left","8":"tablet-align-left","9":"mobile-align-left","11":"first","12":"instock","13":"product-type-external"},"brands":[{"id":157,"name":"RIDEX","slug":"ridex"}],"_links":{"self":[{"href":"https:\/\/www.autonvaraosahaku.fi\/index.php?rest_route=\/wp\/v2\/product\/18833","targetHints":{"allow":["GET"]}}],"collection":[{"href":"https:\/\/www.autonvaraosahaku.fi\/index.php?rest_route=\/wp\/v2\/product"}],"about":[{"href":"https:\/\/www.autonvaraosahaku.fi\/index.php?rest_route=\/wp\/v2\/types\/product"}],"wp:attachment":[{"href":"https:\/\/www.autonvaraosahaku.fi\/index.php?rest_route=%2Fwp%2Fv2%2Fmedia&parent=18833"}],"wp:term":[{"taxonomy":"pwb-brand","embeddable":true,"href":"https:\/\/www.autonvaraosahaku.fi\/index.php?rest_route=%2Fwp%2Fv2%2Fpwb-brand&post=18833"},{"taxonomy":"product_cat","embeddable":true,"href":"https:\/\/www.autonvaraosahaku.fi\/index.php?rest_route=%2Fwp%2Fv2%2Fproduct_cat&post=18833"},{"taxonomy":"product_tag","embeddable":true,"href":"https:\/\/www.autonvaraosahaku.fi\/index.php?rest_route=%2Fwp%2Fv2%2Fproduct_tag&post=18833"}],"curies":[{"name":"wp","href":"https:\/\/api.w.org\/{rel}","templated":true}]}}