{"id":18950,"date":"2021-02-21T14:35:15","date_gmt":"2021-02-21T14:35:15","guid":{"rendered":"https:\/\/www.autonvaraosahaku.fi\/?product=ridex-854s1531-iskunvaimennin"},"modified":"2021-02-21T14:35:17","modified_gmt":"2021-02-21T14:35:17","slug":"ridex-854s1531-iskunvaimennin","status":"publish","type":"product","link":"https:\/\/www.autonvaraosahaku.fi\/?product=ridex-854s1531-iskunvaimennin","title":{"rendered":"RIDEX 854S1531 Iskunvaimennin"},"content":{"rendered":"<p>Iskunvaimennin asennustapa: Tappi ylh\u00e4\u00e4ll\u00e4, Silmukka alhaalla; Iskunvaimennusj\u00e4rjestelm\u00e4: Kaksiputki; Iskunvaimennin tyyppi: Kaasupaine; Asennuspuoli: Hinterachse; MAZDA: 3 BK,3 BL,3 Stufenheck BL; VOLVO: V50 MW,C30,S40 II MS; FORD: FOCUS II DA_,FOCUS C-MAX,C-MAX DM2,FOCUS III,C-MAX II,GRAND C-MAX,FOCUS II Stufenheck DA_,FOCUS III Stufenheck,C-MAX II Van,FOCUS III Kasten\/Schr\u00e4gheck; 1234195, 1306050, 1318134, 1325091, 1325104, 1325963, 1325966, 1360152, 1370294, 1370295, 1415594, 1415602, 1468800, 1468802, 1492401, 1492404, 1493524, 1493525, 1544026, 1681896, 1703060, 1709765, 1725049, 1751388, 3M5118008AAA, 3M5118008CAA, 3M5118008CAB, 3M5118008CBA, 3M5118080CAJ, 3M5118080CAK, 3M5118080CAL, 3M5118080SBF, 3M5118080SBG, 3M5118080SBH, 4M5118008AAA, 4M5118008AAB, 4M5118080AAF, 4M5118080ACA, 4M5118080ACB, 4M5118080ACC, 4M5118080PCA, 4M5118080PCB, BV6118080AAC, BV6118080AAD, BV6118080AAE, BV6118080AAG; Iskarit,Iskunvaimennin<\/p>\n","protected":false},"excerpt":{"rendered":"<p>RIDEX Iskunvaimentimet 854S1531 Iskarit,Iskunvaimennin MAZDA,VOLVO,FORD,3 BK,3 BL,3 Stufenheck BL,V50 MW,C30,S40 II MS,FOCUS II DA_,FOCUS C-MAX<\/p>\n","protected":false},"featured_media":0,"template":"","meta":{"site-sidebar-layout":"default","site-content-layout":"default","ast-global-header-display":"","ast-main-header-display":"","ast-hfb-above-header-display":"","ast-hfb-below-header-display":"","ast-hfb-mobile-header-display":"","site-post-title":"","ast-breadcrumbs-content":"","ast-featured-img":"","footer-sml-layout":"","theme-transparent-header-meta":"","adv-header-id-meta":"","stick-header-meta":"","header-above-stick-meta":"","header-main-stick-meta":"","header-below-stick-meta":""},"pwb-brand":[157],"product_cat":[80],"product_tag":[],"class_list":{"0":"post-18950","1":"product","2":"type-product","3":"status-publish","5":"pwb-brand-ridex","6":"product_cat-iskunvaimennin","7":"desktop-align-left","8":"tablet-align-left","9":"mobile-align-left","11":"first","12":"instock","13":"product-type-external"},"brands":[{"id":157,"name":"RIDEX","slug":"ridex"}],"_links":{"self":[{"href":"https:\/\/www.autonvaraosahaku.fi\/index.php?rest_route=\/wp\/v2\/product\/18950","targetHints":{"allow":["GET"]}}],"collection":[{"href":"https:\/\/www.autonvaraosahaku.fi\/index.php?rest_route=\/wp\/v2\/product"}],"about":[{"href":"https:\/\/www.autonvaraosahaku.fi\/index.php?rest_route=\/wp\/v2\/types\/product"}],"wp:attachment":[{"href":"https:\/\/www.autonvaraosahaku.fi\/index.php?rest_route=%2Fwp%2Fv2%2Fmedia&parent=18950"}],"wp:term":[{"taxonomy":"pwb-brand","embeddable":true,"href":"https:\/\/www.autonvaraosahaku.fi\/index.php?rest_route=%2Fwp%2Fv2%2Fpwb-brand&post=18950"},{"taxonomy":"product_cat","embeddable":true,"href":"https:\/\/www.autonvaraosahaku.fi\/index.php?rest_route=%2Fwp%2Fv2%2Fproduct_cat&post=18950"},{"taxonomy":"product_tag","embeddable":true,"href":"https:\/\/www.autonvaraosahaku.fi\/index.php?rest_route=%2Fwp%2Fv2%2Fproduct_tag&post=18950"}],"curies":[{"name":"wp","href":"https:\/\/api.w.org\/{rel}","templated":true}]}}