{"id":18982,"date":"2021-02-21T14:35:23","date_gmt":"2021-02-21T14:35:23","guid":{"rendered":"https:\/\/www.autonvaraosahaku.fi\/?product=ridex-8a0572-ilmansuodatin"},"modified":"2021-02-21T14:35:24","modified_gmt":"2021-02-21T14:35:24","slug":"ridex-8a0572-ilmansuodatin","status":"publish","type":"product","link":"https:\/\/www.autonvaraosahaku.fi\/?product=ridex-8a0572-ilmansuodatin","title":{"rendered":"RIDEX 8A0572 Ilmansuodatin"},"content":{"rendered":"<p>Ulkol\u00e4pimitta [mm]: 133; Sis\u00e4l\u00e4pimitta [mm]: 70; Korkeus (mm): 290; Valmistusvuosi alkaen: 07\/1987; NISSAN: URVAN Bus E24,URVAN Kasten E24; HYUNDAI: GALLOPER II JK-01,GALLOPER I; TOYOTA: LITEACE Bus _R2_LG,LITEACE Kasten _R2__V; MITSUBISHI: L 300 Bus P0_W, P1_W, P2_W,PAJERO I L04_G, L14_G,GALLOPER JK-01,L 300 Pritsche\/Fahrgestell L03_P,L 300 Kasten L03_P,L 300 Kasten P0_W, P1_W,L 300 Bus LO3_P\/G, L0_2P,PAJERO I Canvas Top L04_G,L 300 Pritsche\/Fahrgestell P1_T; A302C, A302CL, A703C, PC137, PC137K, PC2609E, 6598492, 0243163, 0248882, 0639050, 0721779, 08014420, 1140887, 1140888, 1167807, 1167808, 131141, 184753, 1909139, 215630, 243162, 243163, 2431632, 2705420, 40660, 4389026, 4996245, 5158648, 639050, 6390504, 6390507, 6390550, 640660, 659389, 664577, 664579, 674953, 6950185, 700721779, 70072636, 70243162, 70243163, 70248882, 70639050, 70640660, 70659389, 70674953, 70721719, 71140888, 71167807, 71167808, 72072636, 721779, 74389026, 74789026, 74842288, 74907795, 74996245, 77115920, 78009532, 79957615, 80095326, 8014420, 837620, 9957615, 131141, 184753, 215630, 5011312, 5011546, 761F9601AA, 8220044, 8248012, 8257912, A830X9601BRA, A830X9601NA, C6JZ900A, C6JZ9600A, C6TZ9600, C6TZ9600A, C6TZ9600A1, C6TZ9600AA1, C6TZ9600AL, 2811344000, 1142151350, 14215152, 9142151521, J1325014, 481013Z40, 114946183, 135946120, 2863093M1, 40094, A114946183, A135946120, A2863093M1, A40094, 3083019200, 3443006200, 3443012300, 6432047211, 9126115600, 9136101900, 9&#8230;<\/p>\n","protected":false},"excerpt":{"rendered":"<p>RIDEX Ilmansuodatin 8A0572  NISSAN,HYUNDAI,TOYOTA,URVAN Bus E24,URVAN Kasten E24,GALLOPER II JK-01,GALLOPER I,LITEACE Bus _R2_LG,LITEACE Kasten _R2__V<\/p>\n","protected":false},"featured_media":0,"template":"","meta":{"site-sidebar-layout":"default","site-content-layout":"default","ast-global-header-display":"","ast-main-header-display":"","ast-hfb-above-header-display":"","ast-hfb-below-header-display":"","ast-hfb-mobile-header-display":"","site-post-title":"","ast-breadcrumbs-content":"","ast-featured-img":"","footer-sml-layout":"","theme-transparent-header-meta":"","adv-header-id-meta":"","stick-header-meta":"","header-above-stick-meta":"","header-main-stick-meta":"","header-below-stick-meta":""},"pwb-brand":[157],"product_cat":[31],"product_tag":[],"class_list":{"0":"post-18982","1":"product","2":"type-product","3":"status-publish","5":"pwb-brand-ridex","6":"product_cat-ilmansuodatin","7":"desktop-align-left","8":"tablet-align-left","9":"mobile-align-left","11":"first","12":"instock","13":"product-type-external"},"brands":[{"id":157,"name":"RIDEX","slug":"ridex"}],"_links":{"self":[{"href":"https:\/\/www.autonvaraosahaku.fi\/index.php?rest_route=\/wp\/v2\/product\/18982","targetHints":{"allow":["GET"]}}],"collection":[{"href":"https:\/\/www.autonvaraosahaku.fi\/index.php?rest_route=\/wp\/v2\/product"}],"about":[{"href":"https:\/\/www.autonvaraosahaku.fi\/index.php?rest_route=\/wp\/v2\/types\/product"}],"wp:attachment":[{"href":"https:\/\/www.autonvaraosahaku.fi\/index.php?rest_route=%2Fwp%2Fv2%2Fmedia&parent=18982"}],"wp:term":[{"taxonomy":"pwb-brand","embeddable":true,"href":"https:\/\/www.autonvaraosahaku.fi\/index.php?rest_route=%2Fwp%2Fv2%2Fpwb-brand&post=18982"},{"taxonomy":"product_cat","embeddable":true,"href":"https:\/\/www.autonvaraosahaku.fi\/index.php?rest_route=%2Fwp%2Fv2%2Fproduct_cat&post=18982"},{"taxonomy":"product_tag","embeddable":true,"href":"https:\/\/www.autonvaraosahaku.fi\/index.php?rest_route=%2Fwp%2Fv2%2Fproduct_tag&post=18982"}],"curies":[{"name":"wp","href":"https:\/\/api.w.org\/{rel}","templated":true}]}}