{"id":19005,"date":"2021-02-21T14:35:27","date_gmt":"2021-02-21T14:35:27","guid":{"rendered":"https:\/\/www.autonvaraosahaku.fi\/?product=nrf-380044-magneettikytkin"},"modified":"2021-02-21T14:35:28","modified_gmt":"2021-02-21T14:35:28","slug":"nrf-380044-magneettikytkin","status":"publish","type":"product","link":"https:\/\/www.autonvaraosahaku.fi\/?product=nrf-380044-magneettikytkin","title":{"rendered":"NRF 380044 Magneettikytkin"},"content":{"rendered":"<p>Valmistaja rajaus: GENUINE DENSO; K\u00e4ytt\u00f6j\u00e4nnite [V]: 12; Rihloja (kpl): 6; Hihnapy\u00f6r\u00e4-\u00d8[mm]: 100, 100; Rakennemalli: A6 Quattro; VW: TRANSPORTER V Bus 7HB, 7HJ, 7EB, 7EJ, 7EF,MULTIVAN V 7HM, 7HN, 7HF, 7EF, 7EM, 7EN,TRANSPORTER V Kasten 7HA, 7HH, 7EA, 7EH,AMAROK 2H_, S1B,TRANSPORTER V Pritsche\/Fahrgestell 7JD, 7JE, 7JL, 7JY, 7JZ,; AUDI: A4 Avant 8K5, B8,A6 Avant 4F5, C6,A4 Avant 8ED, B7,A4 8K2, B8,Q5 8R,A6 4F2, C6,A5 8T3,A4 Cabriolet 8H7, B6, 8HE, B7,A5 Sportback 8TA,A4 8EC, B7,A8 4E_,A4 Allroad 8KH, B8,A5 Cabriolet 8F7; 4E0260805AD, 4E0260805AJ, 4E0260805AP, 4E0260805BA, 4E0260805J, 4F0260805AA, 4F0260805AC, 4F0260805AE, 4F0260805AG, 4F0260805AN, 4F0260805AP, 4F0260805BA, 4F0260805G, 4F0260805J, 4F0260805M, 4F0260805N, 4F0260805P, 4F0260805S, 4F0260805T, 8E0260805AG, 8E0260805AT, 8E0260805BA, 8E0260805BE, 8E0260805BF, 8E0260805BJ, 8E0260805BL, 8E0260805BP, 8E0260805BQ, 8E0260805BR, 8E0260805BS, 8E0260805CA, 8E0260805CB, 8E0260805CC, 8E0260805CD, 8E0260805CG, 8K0260805, 8K0260805E, 8K0260805L, 4E0260805AD, 4E0260805AJ, 4E0260805AP, 4E0260805BA, 4F0260805AN, 4F0260805AP, 8E0260805CB, 7E0820803, 7E0820803A, 7E0820803E, 7E0820803F, 7E0820803G; Ilmastoinnin Kompressorin Kytkin,Magneettikytkin, Ilmastointikompressori<\/p>\n","protected":false},"excerpt":{"rendered":"<p>NRF Magneettikytkin 380044 Ilmastoinnin Kompressorin Kytkin,Magneettikytkin, Ilmastointikompressori VW,AUDI,TRANSPORTER V Bus 7HB, 7HJ, 7EB, 7EJ, 7EF<\/p>\n","protected":false},"featured_media":0,"template":"","meta":{"site-sidebar-layout":"default","site-content-layout":"default","ast-global-header-display":"","ast-main-header-display":"","ast-hfb-above-header-display":"","ast-hfb-below-header-display":"","ast-hfb-mobile-header-display":"","site-post-title":"","ast-breadcrumbs-content":"","ast-featured-img":"","footer-sml-layout":"","theme-transparent-header-meta":"","adv-header-id-meta":"","stick-header-meta":"","header-above-stick-meta":"","header-main-stick-meta":"","header-below-stick-meta":""},"pwb-brand":[85],"product_cat":[435],"product_tag":[],"class_list":{"0":"post-19005","1":"product","2":"type-product","3":"status-publish","5":"pwb-brand-nrf","6":"product_cat-magneettikytkin","7":"desktop-align-left","8":"tablet-align-left","9":"mobile-align-left","11":"first","12":"instock","13":"product-type-external"},"brands":[{"id":85,"name":"NRF","slug":"nrf"}],"_links":{"self":[{"href":"https:\/\/www.autonvaraosahaku.fi\/index.php?rest_route=\/wp\/v2\/product\/19005","targetHints":{"allow":["GET"]}}],"collection":[{"href":"https:\/\/www.autonvaraosahaku.fi\/index.php?rest_route=\/wp\/v2\/product"}],"about":[{"href":"https:\/\/www.autonvaraosahaku.fi\/index.php?rest_route=\/wp\/v2\/types\/product"}],"wp:attachment":[{"href":"https:\/\/www.autonvaraosahaku.fi\/index.php?rest_route=%2Fwp%2Fv2%2Fmedia&parent=19005"}],"wp:term":[{"taxonomy":"pwb-brand","embeddable":true,"href":"https:\/\/www.autonvaraosahaku.fi\/index.php?rest_route=%2Fwp%2Fv2%2Fpwb-brand&post=19005"},{"taxonomy":"product_cat","embeddable":true,"href":"https:\/\/www.autonvaraosahaku.fi\/index.php?rest_route=%2Fwp%2Fv2%2Fproduct_cat&post=19005"},{"taxonomy":"product_tag","embeddable":true,"href":"https:\/\/www.autonvaraosahaku.fi\/index.php?rest_route=%2Fwp%2Fv2%2Fproduct_tag&post=19005"}],"curies":[{"name":"wp","href":"https:\/\/api.w.org\/{rel}","templated":true}]}}