{"id":19114,"date":"2021-02-21T14:35:47","date_gmt":"2021-02-21T14:35:47","guid":{"rendered":"https:\/\/www.autonvaraosahaku.fi\/?product=botto-ricambi-brel8250-turboahdin"},"modified":"2021-02-21T14:35:49","modified_gmt":"2021-02-21T14:35:49","slug":"botto-ricambi-brel8250-turboahdin","status":"publish","type":"product","link":"https:\/\/www.autonvaraosahaku.fi\/?product=botto-ricambi-brel8250-turboahdin","title":{"rendered":"BOTTO RICAMBI BREL8250 Turboahdin"},"content":{"rendered":"<p>K\u00e4ytt\u00f6: S\u00e4hk\u00f6inen; LANCIA: YPSILON 843,DELTA III 844,MUSA 350,THESIS 841AX,LYBRA SW 839BX,LYBRA 839AX,YPSILON 312, 846; OPEL: VECTRA C Caravan,SIGNUM,VECTRA C,VECTRA C GTS; ALFA ROMEO: 147 937,159 Sportwagon 939,156 Sportwagon 932,GIULIETTA 940,MITO 955,156 932,159 939,GT 937,166 936,BRERA,SPIDER 939; FIAT: GRANDE PUNTO 199,PANDA 169,STILO 192,BRAVO II 198,DUCATO Pritsche\/Fahrgestell 230,DUCATO Bus 230,DUCATO Kasten 244,DOBLO Cargo 223,STILO Multi Wagon 192,DOBLO 119,CROMA 194,DUCATO Pritsche\/Fahrgestell 244,PANDA Van 169,DUCATO Kasten 230L,DUCATO Bus 244, Z_,IDEA,STRADA Pick-up 178E,MULTIPLA 186,MAREA Weekend 185,LINEA 323,MAREA 185; VAUXHALL: VECTRA Mk II C CC,VECTRA Mk II C Estate,VECTRA Mk II C,SIGNUM; 46768250, 467682500, 51739593, 55188059, 55203202, 60816449, 00851081, 46768250, 51739593, 51739594, 55188059, 55203202, 55354529, 60816449, 851081, 46768250, 46768250, 467682500, 51739593, 55188059, 55203202, 60816449, 46768250, 467682500, 55354529, 5851609, 851081; Paineenmuuntaja, Turboahdin<\/p>\n","protected":false},"excerpt":{"rendered":"<p>BOTTO RICAMBI Painemuunnin BREL8250 Paineenmuuntaja, Turboahdin LANCIA,OPEL,ALFA ROMEO,YPSILON 843,DELTA III 844,MUSA 350,THESIS 841AX,LYBRA SW 839BX<\/p>\n","protected":false},"featured_media":0,"template":"","meta":{"site-sidebar-layout":"default","site-content-layout":"default","ast-global-header-display":"","ast-main-header-display":"","ast-hfb-above-header-display":"","ast-hfb-below-header-display":"","ast-hfb-mobile-header-display":"","site-post-title":"","ast-breadcrumbs-content":"","ast-featured-img":"","footer-sml-layout":"","theme-transparent-header-meta":"","adv-header-id-meta":"","stick-header-meta":"","header-above-stick-meta":"","header-main-stick-meta":"","header-below-stick-meta":""},"pwb-brand":[436],"product_cat":[250],"product_tag":[],"class_list":{"0":"post-19114","1":"product","2":"type-product","3":"status-publish","5":"pwb-brand-botto-ricambi","6":"product_cat-turboahdin","7":"desktop-align-left","8":"tablet-align-left","9":"mobile-align-left","11":"first","12":"instock","13":"product-type-external"},"brands":[{"id":436,"name":"BOTTO RICAMBI","slug":"botto-ricambi"}],"_links":{"self":[{"href":"https:\/\/www.autonvaraosahaku.fi\/index.php?rest_route=\/wp\/v2\/product\/19114","targetHints":{"allow":["GET"]}}],"collection":[{"href":"https:\/\/www.autonvaraosahaku.fi\/index.php?rest_route=\/wp\/v2\/product"}],"about":[{"href":"https:\/\/www.autonvaraosahaku.fi\/index.php?rest_route=\/wp\/v2\/types\/product"}],"wp:attachment":[{"href":"https:\/\/www.autonvaraosahaku.fi\/index.php?rest_route=%2Fwp%2Fv2%2Fmedia&parent=19114"}],"wp:term":[{"taxonomy":"pwb-brand","embeddable":true,"href":"https:\/\/www.autonvaraosahaku.fi\/index.php?rest_route=%2Fwp%2Fv2%2Fpwb-brand&post=19114"},{"taxonomy":"product_cat","embeddable":true,"href":"https:\/\/www.autonvaraosahaku.fi\/index.php?rest_route=%2Fwp%2Fv2%2Fproduct_cat&post=19114"},{"taxonomy":"product_tag","embeddable":true,"href":"https:\/\/www.autonvaraosahaku.fi\/index.php?rest_route=%2Fwp%2Fv2%2Fproduct_tag&post=19114"}],"curies":[{"name":"wp","href":"https:\/\/api.w.org\/{rel}","templated":true}]}}