{"id":19118,"date":"2021-02-21T14:35:47","date_gmt":"2021-02-21T14:35:47","guid":{"rendered":"https:\/\/www.autonvaraosahaku.fi\/?product=topran-116-036-valokatkaisin"},"modified":"2021-02-21T14:35:50","modified_gmt":"2021-02-21T14:35:50","slug":"topran-116-036-valokatkaisin","status":"publish","type":"product","link":"https:\/\/www.autonvaraosahaku.fi\/?product=topran-116-036-valokatkaisin","title":{"rendered":"TOPRAN 116 036 Valokatkaisin"},"content":{"rendered":"<p>V\u00e4rikoodi: XSH; V\u00e4ri: Kromi\/musta; Yhdistelm\u00e4kytkintoiminto: P\u00e4\u00e4lle\/pois-katkaisija, Sumuvalolla, Sumutakavalotoiminnolla; Varusteet: Sumuvaloilla vasrustetuille autoille, ajoneuvoille ilman ajovaloautomatiikkaa; Katkaisijavalaistus: Punainen; K\u00e4ytt\u00f6tapa: K\u00e4\u00e4nt\u00f6kytkin, Vetokytkin; PR-numerolle: 8K0; VW: GOLF VI 5K1,GOLF PLUS 5M1, 521,TIGUAN 5N_,PASSAT Variant 365,CADDY III Kombi 2KB, 2KJ, 2CB, 2CJ,TRANSPORTER V Bus 7HB, 7HJ, 7EB, 7EJ, 7EF,TOURAN 1T3,GOLF VI Variant AJ5,UP,CADDY III Kasten 2KA, 2KH, 2CA, 2CH,EOS 1F7, 1F8,SCIROCCO 137, 138,TRANSPORTER V Kasten 7HA, 7HH, 7EA, 7EH,SHARAN 7N1, 7N2,PASSAT 362,AMAROK 2H_, S1B,BEETLE 5C1,JETTA IV 162, 163,POLO Stufenheck,TRANSPORTER V Pritsche\/Fahrgestell 7JD, 7JE, 7JL, 7JY, 7JZ,,BEETLE Cabriolet 5C7,CADDY IV Kombi SAB, SAJ,TRANSPORTER VI Bus SGB, SGG, SGJ,TRANSPORTER VI Kasten SGA, SGH,CADDY IV Kasten SAA, SAH,TRANSPORTER VI Pritsche\/Fahrgestell SFD, SFE, SFL, SFZ; SEAT: ALHAMBRA 710, 711; 1K0941431BD, 1K0941431BDREH, 3C8941431C, 3C8941431CXSH, 1K0941431BD, 1K0941431BDREH, 3C8941431C, 3C8941431CXSH; Ajovalokytkin,Kytkin, Ajovalo<\/p>\n","protected":false},"excerpt":{"rendered":"<p>TOPRAN Valokatkaisin 116 036 Ajovalokytkin,Kytkin, Ajovalo VW,SEAT,GOLF VI 5K1,GOLF PLUS 5M1, 521,TIGUAN 5N_,PASSAT Variant 365<\/p>\n","protected":false},"featured_media":0,"template":"","meta":{"site-sidebar-layout":"default","site-content-layout":"default","ast-global-header-display":"","ast-main-header-display":"","ast-hfb-above-header-display":"","ast-hfb-below-header-display":"","ast-hfb-mobile-header-display":"","site-post-title":"","ast-breadcrumbs-content":"","ast-featured-img":"","footer-sml-layout":"","theme-transparent-header-meta":"","adv-header-id-meta":"","stick-header-meta":"","header-above-stick-meta":"","header-main-stick-meta":"","header-below-stick-meta":""},"pwb-brand":[18],"product_cat":[136],"product_tag":[],"class_list":{"0":"post-19118","1":"product","2":"type-product","3":"status-publish","5":"pwb-brand-topran","6":"product_cat-valokatkaisin","7":"desktop-align-left","8":"tablet-align-left","9":"mobile-align-left","11":"first","12":"instock","13":"product-type-external"},"brands":[{"id":18,"name":"TOPRAN","slug":"topran"}],"_links":{"self":[{"href":"https:\/\/www.autonvaraosahaku.fi\/index.php?rest_route=\/wp\/v2\/product\/19118","targetHints":{"allow":["GET"]}}],"collection":[{"href":"https:\/\/www.autonvaraosahaku.fi\/index.php?rest_route=\/wp\/v2\/product"}],"about":[{"href":"https:\/\/www.autonvaraosahaku.fi\/index.php?rest_route=\/wp\/v2\/types\/product"}],"wp:attachment":[{"href":"https:\/\/www.autonvaraosahaku.fi\/index.php?rest_route=%2Fwp%2Fv2%2Fmedia&parent=19118"}],"wp:term":[{"taxonomy":"pwb-brand","embeddable":true,"href":"https:\/\/www.autonvaraosahaku.fi\/index.php?rest_route=%2Fwp%2Fv2%2Fpwb-brand&post=19118"},{"taxonomy":"product_cat","embeddable":true,"href":"https:\/\/www.autonvaraosahaku.fi\/index.php?rest_route=%2Fwp%2Fv2%2Fproduct_cat&post=19118"},{"taxonomy":"product_tag","embeddable":true,"href":"https:\/\/www.autonvaraosahaku.fi\/index.php?rest_route=%2Fwp%2Fv2%2Fproduct_tag&post=19118"}],"curies":[{"name":"wp","href":"https:\/\/api.w.org\/{rel}","templated":true}]}}