{"id":19324,"date":"2021-02-21T14:36:31","date_gmt":"2021-02-21T14:36:31","guid":{"rendered":"https:\/\/www.autonvaraosahaku.fi\/?product=daco-germany-562330-iskunvaimennin"},"modified":"2021-02-21T14:36:32","modified_gmt":"2021-02-21T14:36:32","slug":"daco-germany-562330-iskunvaimennin","status":"publish","type":"product","link":"https:\/\/www.autonvaraosahaku.fi\/?product=daco-germany-562330-iskunvaimennin","title":{"rendered":"DACO Germany 562330 Iskunvaimennin"},"content":{"rendered":"<p>Iskunvaimennin tyyppi: Kaasupaine; Iskunvaimennusj\u00e4rjestelm\u00e4: Kaksiputki; Iskunvaimennin asennustapa: Silmukka ylh\u00e4\u00e4ll\u00e4, Silmukka alhaalla; Paino [kg]: 1,100; Reik\u00e4-\u00d8 [mm]: 25,4; suurin pituus [mm]: 318; v\u00e4h. pituus [mm]: 222; Valmistusvuoteen: 04\/1995; FIAT: COUPE FA\/175,MULTIPLA 186,BRAVO I 182,BRAVA 182,MAREA Weekend 185,PALIO Weekend 178DX,TIPO 160,MAREA 185,TEMPRA 159,TEMPRA S.W. 159; ALFA ROMEO: 145 930,155 167,146 930; LANCIA: DELTA II 836,DEDRA 835,DEDRA SW 835; 0060500393, 0060602722, 60500393, 60602722, 7782234, 46405783, 46414480, 46442796, 46444663, 46459363, 46528791, 46803344, 71712474, 71712478, 71712641, 71718285, 71718287, 7610120, 7610121, 7613698, 7619437, 7638163, 7642982, 7648480, 7648482, 7658106, 7658317, 7678636, 7690033, 7720720, 7777585, 46421626, 46437778, 71712487, 7640930; Iskarit,Iskunvaimennin<\/p>\n","protected":false},"excerpt":{"rendered":"<p>DACO Germany Iskunvaimentimet 562330 Iskarit,Iskunvaimennin FIAT,ALFA ROMEO,LANCIA,COUPE FA\/175,MULTIPLA 186,BRAVO I 182,BRAVA 182,MAREA Weekend 185<\/p>\n","protected":false},"featured_media":0,"template":"","meta":{"site-sidebar-layout":"default","site-content-layout":"default","ast-global-header-display":"","ast-main-header-display":"","ast-hfb-above-header-display":"","ast-hfb-below-header-display":"","ast-hfb-mobile-header-display":"","site-post-title":"","ast-breadcrumbs-content":"","ast-featured-img":"","footer-sml-layout":"","theme-transparent-header-meta":"","adv-header-id-meta":"","stick-header-meta":"","header-above-stick-meta":"","header-main-stick-meta":"","header-below-stick-meta":""},"pwb-brand":[349],"product_cat":[80],"product_tag":[],"class_list":{"0":"post-19324","1":"product","2":"type-product","3":"status-publish","5":"pwb-brand-daco-germany","6":"product_cat-iskunvaimennin","7":"desktop-align-left","8":"tablet-align-left","9":"mobile-align-left","11":"first","12":"instock","13":"product-type-external"},"brands":[{"id":349,"name":"DACO Germany","slug":"daco-germany"}],"_links":{"self":[{"href":"https:\/\/www.autonvaraosahaku.fi\/index.php?rest_route=\/wp\/v2\/product\/19324","targetHints":{"allow":["GET"]}}],"collection":[{"href":"https:\/\/www.autonvaraosahaku.fi\/index.php?rest_route=\/wp\/v2\/product"}],"about":[{"href":"https:\/\/www.autonvaraosahaku.fi\/index.php?rest_route=\/wp\/v2\/types\/product"}],"wp:attachment":[{"href":"https:\/\/www.autonvaraosahaku.fi\/index.php?rest_route=%2Fwp%2Fv2%2Fmedia&parent=19324"}],"wp:term":[{"taxonomy":"pwb-brand","embeddable":true,"href":"https:\/\/www.autonvaraosahaku.fi\/index.php?rest_route=%2Fwp%2Fv2%2Fpwb-brand&post=19324"},{"taxonomy":"product_cat","embeddable":true,"href":"https:\/\/www.autonvaraosahaku.fi\/index.php?rest_route=%2Fwp%2Fv2%2Fproduct_cat&post=19324"},{"taxonomy":"product_tag","embeddable":true,"href":"https:\/\/www.autonvaraosahaku.fi\/index.php?rest_route=%2Fwp%2Fv2%2Fproduct_tag&post=19324"}],"curies":[{"name":"wp","href":"https:\/\/api.w.org\/{rel}","templated":true}]}}