{"id":19432,"date":"2021-02-21T14:36:51","date_gmt":"2021-02-21T14:36:51","guid":{"rendered":"https:\/\/www.autonvaraosahaku.fi\/?product=mannol-mn7405-1-moottorioljy"},"modified":"2021-02-21T14:36:53","modified_gmt":"2021-02-21T14:36:53","slug":"mannol-mn7405-1-moottorioljy","status":"publish","type":"product","link":"https:\/\/www.autonvaraosahaku.fi\/?product=mannol-mn7405-1-moottorioljy","title":{"rendered":"MANNOL MN7405-1 Moottori\u00f6ljy"},"content":{"rendered":"<p>Viskositeettiluokka SAE: 15W-40; Erittely: API SG, API CD; Tilavuus (litra): 1; Tuotelinja: UNIVERSAL; \u00d6ljy: Mineraali\u00f6ljy; API-m\u00e4\u00e4rittely: CD, SG; MAZDA: MX-5 II NB,626 V Hatchback GF,626 V Station Wagon GW; JEEP: CHEROKEE KJ; LADA: NIVA 2121; IVECO: M; NISSAN: MICRA III K12,X-TRAIL T30,MICRA II K11,PIXO UA0,PICK UP D21,PATROL GR I Y60, GR,MAXIMA QX A32; KIA: SORENTO I JC,CARENS II FJ,RIO Kombi DC,CERATO LD,MAGENTIS GD,CERATO Stufenheck LD,SHUMA II FB,CARENS I FC,SHUMA FB,PRIDE DA,SHUMA II Stufenheck FB; HONDA: CIVIC VII Hatchback EU, EP, EV,CIVIC VI Hatchback EJ, EK,ACCORD VI CG, CK,CIVIC VI Fastback MA, MB,CIVIC VI Aerodeck MB, MC,CIVIC VII Coupe EM2,ACCORD VI Hatchback CH,ACCORD V CE, CF,CIVIC VI Stufenheck EJ, EK,CIVIC VI Coupe EJ, EM1,CIVIC VII Stufenheck ES; LAND ROVER: RANGE ROVER I AE, AN, HAA, HAB, HAM, HBM, RE, RN; HYUNDAI: ATOS PRIME MX,ATOS MX,GALLOPER II JK-01,COUPE RD,H-1 Kasten,H-1 \/ STAREX,ELANTRA XD,XG XG,SANTAMO,GALLOPER I,H100 Bus P,H100 Kasten; VOLVO: 850 Kombi LW,F10,F12<\/p>\n","protected":false},"excerpt":{"rendered":"<p>MANNOL Moottori\u00f6ljy MN7405-1<\/p>\n","protected":false},"featured_media":0,"template":"","meta":{"site-sidebar-layout":"default","site-content-layout":"default","ast-global-header-display":"","ast-main-header-display":"","ast-hfb-above-header-display":"","ast-hfb-below-header-display":"","ast-hfb-mobile-header-display":"","site-post-title":"","ast-breadcrumbs-content":"","ast-featured-img":"","footer-sml-layout":"","theme-transparent-header-meta":"","adv-header-id-meta":"","stick-header-meta":"","header-above-stick-meta":"","header-main-stick-meta":"","header-below-stick-meta":""},"pwb-brand":[167],"product_cat":[129],"product_tag":[],"class_list":{"0":"post-19432","1":"product","2":"type-product","3":"status-publish","5":"pwb-brand-mannol","6":"product_cat-moottorioljy","7":"desktop-align-left","8":"tablet-align-left","9":"mobile-align-left","11":"first","12":"instock","13":"product-type-external"},"brands":[{"id":167,"name":"MANNOL","slug":"mannol"}],"_links":{"self":[{"href":"https:\/\/www.autonvaraosahaku.fi\/index.php?rest_route=\/wp\/v2\/product\/19432","targetHints":{"allow":["GET"]}}],"collection":[{"href":"https:\/\/www.autonvaraosahaku.fi\/index.php?rest_route=\/wp\/v2\/product"}],"about":[{"href":"https:\/\/www.autonvaraosahaku.fi\/index.php?rest_route=\/wp\/v2\/types\/product"}],"wp:attachment":[{"href":"https:\/\/www.autonvaraosahaku.fi\/index.php?rest_route=%2Fwp%2Fv2%2Fmedia&parent=19432"}],"wp:term":[{"taxonomy":"pwb-brand","embeddable":true,"href":"https:\/\/www.autonvaraosahaku.fi\/index.php?rest_route=%2Fwp%2Fv2%2Fpwb-brand&post=19432"},{"taxonomy":"product_cat","embeddable":true,"href":"https:\/\/www.autonvaraosahaku.fi\/index.php?rest_route=%2Fwp%2Fv2%2Fproduct_cat&post=19432"},{"taxonomy":"product_tag","embeddable":true,"href":"https:\/\/www.autonvaraosahaku.fi\/index.php?rest_route=%2Fwp%2Fv2%2Fproduct_tag&post=19432"}],"curies":[{"name":"wp","href":"https:\/\/api.w.org\/{rel}","templated":true}]}}