{"id":19574,"date":"2021-02-21T14:37:20","date_gmt":"2021-02-21T14:37:20","guid":{"rendered":"https:\/\/www.autonvaraosahaku.fi\/?product=hella-8gd-008-893-003-lamput-hehkulamppu"},"modified":"2021-02-21T14:37:22","modified_gmt":"2021-02-21T14:37:22","slug":"hella-8gd-008-893-003-lamput-hehkulamppu","status":"publish","type":"product","link":"https:\/\/www.autonvaraosahaku.fi\/?product=hella-8gd-008-893-003-lamput-hehkulamppu","title":{"rendered":"HELLA 8GD 008 893-003 Lamput (hehkulamppu)"},"content":{"rendered":"<p>Lamppumalli: W21\/5W; J\u00e4nnite (V): 12; Nimellisteho (W): 21\/5; M\u00e4\u00e4r\u00e4: 2; Kantamalli: W21\/5W; Pakkaustyyppi: Kuplapakkaus; VW: UP,TOUAREG 7P5,CRAFTER 30-50 Kasten 2E_,BEETLE 5C1,CRAFTER 30-35 Bus 2E_,BEETLE Cabriolet 5C7,CRAFTER 30-50 Pritsche\/Fahrgestell 2F_,CADDY IV Kombi SAB, SAJ,CADDY IV Kasten SAA, SAH,LOAD UP,CADDY ALLTRACK Kasten SAA,CADDY ALLTRACK Kombi SAB; MAZDA: 5 CR19,3 BK,CX-5 KE, GH,MX-5 II NB,2 DY,2 DE,PREMACY CP,CX-7 ER,3 BL,5 CW,3 BM,MX-5 III NC,DEMIO DW,RX 8 SE17,626 V Hatchback GF,3 Stufenheck BK,626 V GF,626 V Station Wagon GW,323 P V BA,3 Stufenheck BL,3 Stufenheck BM,2 Stufenheck DE,2 DL, DJ,CX-3 DK,CX-5 KF; SKODA: CITIGO; JEEP: COMPASS; ABARTH: 500 \/ 595 312_,500C \/ 595C 312_; LADA: GRANTA 2190,KALINA Schr\u00e4gheck 2192; NISSAN: JUKE F15,X-TRAIL T31,MICRA IV K13,PATHFINDER R50,MAXIMA QX A33,CUBE Z12,MICRA V K14,NV300 Kasten X82,PATHFINDER R52,NV300 Kombi X82; LEXUS: IS I JCE1_, GXE1_,GS UZS161, JZS160,IS SportCross,RX MCU15,LS UCF20,LS UCF30,LX UZJ100; HONDA: JAZZ II GD,CR-V III RE,CIVIC VII Hatchback EU, EP, EV,ACCORD VII CL,FR-V BE,ACCORD VIII CU,ACCORD VII Tourer CM,CR-V I RD,HR-V GH,JAZZ Stufenheck,S2000 AP,LEGEND IV KB_,INSIGHT ZE,ACCORD VII CP,HR-V RU,ACCORD IX Stufenheck; LAND ROVER: DISCOVERY V LR_<\/p>\n","protected":false},"excerpt":{"rendered":"<p>HELLA Polttimo STANDARD 8GD 008 893-003  VW,MAZDA,SKODA,UP,TOUAREG 7P5,CRAFTER 30-50 Kasten 2E_,BEETLE 5C1,CRAFTER 30-35 Bus 2E_,BEETLE Cabriolet 5C7<\/p>\n","protected":false},"featured_media":0,"template":"","meta":{"site-sidebar-layout":"default","site-content-layout":"default","ast-global-header-display":"","ast-main-header-display":"","ast-hfb-above-header-display":"","ast-hfb-below-header-display":"","ast-hfb-mobile-header-display":"","site-post-title":"","ast-breadcrumbs-content":"","ast-featured-img":"","footer-sml-layout":"","theme-transparent-header-meta":"","adv-header-id-meta":"","stick-header-meta":"","header-above-stick-meta":"","header-main-stick-meta":"","header-below-stick-meta":""},"pwb-brand":[24],"product_cat":[151],"product_tag":[],"class_list":{"0":"post-19574","1":"product","2":"type-product","3":"status-publish","5":"pwb-brand-hella","6":"product_cat-lamput-hehkulamppu","7":"desktop-align-left","8":"tablet-align-left","9":"mobile-align-left","11":"first","12":"instock","13":"product-type-external"},"brands":[{"id":24,"name":"HELLA","slug":"hella"}],"_links":{"self":[{"href":"https:\/\/www.autonvaraosahaku.fi\/index.php?rest_route=\/wp\/v2\/product\/19574","targetHints":{"allow":["GET"]}}],"collection":[{"href":"https:\/\/www.autonvaraosahaku.fi\/index.php?rest_route=\/wp\/v2\/product"}],"about":[{"href":"https:\/\/www.autonvaraosahaku.fi\/index.php?rest_route=\/wp\/v2\/types\/product"}],"wp:attachment":[{"href":"https:\/\/www.autonvaraosahaku.fi\/index.php?rest_route=%2Fwp%2Fv2%2Fmedia&parent=19574"}],"wp:term":[{"taxonomy":"pwb-brand","embeddable":true,"href":"https:\/\/www.autonvaraosahaku.fi\/index.php?rest_route=%2Fwp%2Fv2%2Fpwb-brand&post=19574"},{"taxonomy":"product_cat","embeddable":true,"href":"https:\/\/www.autonvaraosahaku.fi\/index.php?rest_route=%2Fwp%2Fv2%2Fproduct_cat&post=19574"},{"taxonomy":"product_tag","embeddable":true,"href":"https:\/\/www.autonvaraosahaku.fi\/index.php?rest_route=%2Fwp%2Fv2%2Fproduct_tag&post=19574"}],"curies":[{"name":"wp","href":"https:\/\/api.w.org\/{rel}","templated":true}]}}