{"id":19579,"date":"2021-02-21T14:37:24","date_gmt":"2021-02-21T14:37:24","guid":{"rendered":"https:\/\/www.autonvaraosahaku.fi\/?product=maxgear-72-2943-tukivarren-hela"},"modified":"2021-02-21T14:37:24","modified_gmt":"2021-02-21T14:37:24","slug":"maxgear-72-2943-tukivarren-hela","status":"publish","type":"product","link":"https:\/\/www.autonvaraosahaku.fi\/?product=maxgear-72-2943-tukivarren-hela","title":{"rendered":"MAXGEAR 72-2943 Tukivarren hela"},"content":{"rendered":"<p>Asennuspuoli: Ulompi, Edess\u00e4, Alla, etuakseli molemminpuoleinen; Ulkol\u00e4pimitta [mm]: 40; Sis\u00e4l\u00e4pimitta [mm]: 12, 12,0; Korkeus (mm): 38; Paksuus [mm]: 38,0; Laakerityyppi: Tynnyrirullalaakeri; Ulkol\u00e4pimitta 1 [mm]: 40; Ulkol\u00e4pimitta 2 [mm]: 45; Paino [kg]: 0,19; Huomioi huolto-ohjeet: ; CITRO\u00cbN: C5 III Break TD_,C5 III RD_,C6 TD_; PEUGEOT: 407 SW 6E_,508 SW,407 6D_,508,407 Coupe 6C_; 365604, 365604S1, 365704, 365704S1, 365604, 365604S1, 365704, 365704S1<\/p>\n","protected":false},"excerpt":{"rendered":"<p>MAXGEAR Tukivarren Hela 72-2943  CITRO\u00cbN,PEUGEOT,C5 III Break TD_,C5 III RD_,C6 TD_,407 SW 6E_,508 SW,407 6D_,508,407 Coupe 6C_<\/p>\n","protected":false},"featured_media":0,"template":"","meta":{"site-sidebar-layout":"default","site-content-layout":"default","ast-global-header-display":"","ast-main-header-display":"","ast-hfb-above-header-display":"","ast-hfb-below-header-display":"","ast-hfb-mobile-header-display":"","site-post-title":"","ast-breadcrumbs-content":"","ast-featured-img":"","footer-sml-layout":"","theme-transparent-header-meta":"","adv-header-id-meta":"","stick-header-meta":"","header-above-stick-meta":"","header-main-stick-meta":"","header-below-stick-meta":""},"pwb-brand":[48],"product_cat":[115],"product_tag":[],"class_list":{"0":"post-19579","1":"product","2":"type-product","3":"status-publish","5":"pwb-brand-maxgear","6":"product_cat-tukivarren-hela","7":"desktop-align-left","8":"tablet-align-left","9":"mobile-align-left","11":"first","12":"instock","13":"product-type-external"},"brands":[{"id":48,"name":"MAXGEAR","slug":"maxgear"}],"_links":{"self":[{"href":"https:\/\/www.autonvaraosahaku.fi\/index.php?rest_route=\/wp\/v2\/product\/19579","targetHints":{"allow":["GET"]}}],"collection":[{"href":"https:\/\/www.autonvaraosahaku.fi\/index.php?rest_route=\/wp\/v2\/product"}],"about":[{"href":"https:\/\/www.autonvaraosahaku.fi\/index.php?rest_route=\/wp\/v2\/types\/product"}],"wp:attachment":[{"href":"https:\/\/www.autonvaraosahaku.fi\/index.php?rest_route=%2Fwp%2Fv2%2Fmedia&parent=19579"}],"wp:term":[{"taxonomy":"pwb-brand","embeddable":true,"href":"https:\/\/www.autonvaraosahaku.fi\/index.php?rest_route=%2Fwp%2Fv2%2Fpwb-brand&post=19579"},{"taxonomy":"product_cat","embeddable":true,"href":"https:\/\/www.autonvaraosahaku.fi\/index.php?rest_route=%2Fwp%2Fv2%2Fproduct_cat&post=19579"},{"taxonomy":"product_tag","embeddable":true,"href":"https:\/\/www.autonvaraosahaku.fi\/index.php?rest_route=%2Fwp%2Fv2%2Fproduct_tag&post=19579"}],"curies":[{"name":"wp","href":"https:\/\/api.w.org\/{rel}","templated":true}]}}