{"id":19793,"date":"2021-02-21T14:38:05","date_gmt":"2021-02-21T14:38:05","guid":{"rendered":"https:\/\/www.autonvaraosahaku.fi\/?product=filtron-om-512-hydrauliikkasuodatin"},"modified":"2021-02-21T14:38:07","modified_gmt":"2021-02-21T14:38:07","slug":"filtron-om-512-hydrauliikkasuodatin","status":"publish","type":"product","link":"https:\/\/www.autonvaraosahaku.fi\/?product=filtron-om-512-hydrauliikkasuodatin","title":{"rendered":"FILTRON OM 512 Hydrauliikkasuodatin"},"content":{"rendered":"<p>Korkeus (mm): 100; Ulkol\u00e4pimitta [mm]: 60; Sis\u00e4l\u00e4pimitta 1 [mm]: 18; Sis\u00e4l\u00e4pimitta 2 [mm]: 18; Vaihteistomalli: Bendix; VW: L 80; IVECO: DAILY III Kasten\/Kombi,DAILY II Pritsche\/Fahrgestell,DAILY II Kasten\/Kombi,DAILY I Pritsche\/Fahrgestell,DAILY II Bus,DAILY I Kasten\/Kombi,DAILY II Kipper,CITYCLASS,CROSSWAY,EUROCARGO I-III,EUROFIRE,EUROSTAR,EUROTECH MH,EUROTECH MP,EUROTECH MT,EUROTRAKKER,M,MAGELYS,MK,P\/PA,P\/PA-Haubenfahrzeuge,S-WAY,STRALIS,STRATOR,TRAKKER,TURBOSTAR,TURBOTECH,URBANWAY,X-WAY,ZETA; VOLVO: B10,B12,B6,B9,F10,F12,FE,FE II,FH,FH II,FH12,FH16,FH16 II,FL10,FL12,FL6,FL7,FLC,FM,FM II,FM10,FM12,FM7,FMX,FMX II,NL; MERCEDES-BENZ: T2\/L Kasten\/Kombi,T2\/LN1 Kasten\/Kombi,T2\/L Pritsche\/Fahrgestell,T2\/LN1 Pritsche\/Fahrgestell,T2\/L Kommunalfahrzeug,VARIO Bus,T2\/LN1 Kipper,T2\/L Kipper,T2\/LN1 Bus,T2\/LN1 Triebkopf,ACTROS,ACTROS MP2 \/ MP3,ACTROS MP4 \/ MP5,ANTOS,AROCS,ATEGO,ATEGO 2,ATEGO 3,AXOR,AXOR 2,CAPACITY,CITARO (O 530),CITO (O 520),CONECTO (O 345),ECONIC,ECONIC 2,INTEGRO (O 550),INTOURO,LK\/LN2,LP,MK,NG,O 301,O 302,O 303,O 304,O 330,O 340,O 403,O 404,O 405,O 407,O 408,SK,T2\/L,TOURINO (O 510),TOURISMO (O 350),TOURO (O 500),TRAVEGO (O 580),UNIMOG,ZETROS; FORD: Cargo,F-SERIES; FIAT: Series 180,Series 190,Series 260; TROLIGA BUS: FENIX,LEONIS,PEGASUS,SIRIUS; BERKHOF: Ambassador; SCANIA: 2 &#8211; series,3 &#8211; series,3 &#8211; series bus,4 &#8211; series,4 &#8211; series bus,CITYWIDE,F &#8211; series bus,INTERLINK,IRIZAR,IRIZAR CENTURY,IRIZAR PB,K &#8211; series,L &#8211; series,L,P,G,R,S &#8211; series,OMNICITY,OMNIEXPRESS,OMNILINK,P,G,R,T &#8211; series,TOURING; PLAXTON: BEAVER,PANTHER; 32411120717, 0229348, 229348, 2966261, 9914553, 1902137, 1908082, 2966261, 42559501, 42574979, 5001018962, 503133082, 9914553, 81473016005, 0004660204, 0004660604, 0004662804, 0004663004, 0011842225, 11842225, 4660204, 4660604, 4662804, 4663004, A0004660204, A0004660604, A0004662804, A0004663004, A0011842225, 5000814407, 5000820895, 5001871595, 7421392404, 480A470060, 480A470748, 20580233, 21392404, 349619, 3496191, 3496197<\/p>\n","protected":false},"excerpt":{"rendered":"<p>FILTRON Hydrauliikkasuodatin, Ohjaus OM 512  VW,IVECO,VOLVO,L 80,DAILY III Kasten\/Kombi,DAILY II Pritsche\/Fahrgestell,DAILY II Kasten\/Kombi<\/p>\n","protected":false},"featured_media":0,"template":"","meta":{"site-sidebar-layout":"default","site-content-layout":"default","ast-global-header-display":"","ast-main-header-display":"","ast-hfb-above-header-display":"","ast-hfb-below-header-display":"","ast-hfb-mobile-header-display":"","site-post-title":"","ast-breadcrumbs-content":"","ast-featured-img":"","footer-sml-layout":"","theme-transparent-header-meta":"","adv-header-id-meta":"","stick-header-meta":"","header-above-stick-meta":"","header-main-stick-meta":"","header-below-stick-meta":""},"pwb-brand":[359],"product_cat":[104],"product_tag":[],"class_list":{"0":"post-19793","1":"product","2":"type-product","3":"status-publish","5":"pwb-brand-filtron","6":"product_cat-hydrauliikkasuodatin","7":"desktop-align-left","8":"tablet-align-left","9":"mobile-align-left","11":"first","12":"instock","13":"product-type-external"},"brands":[{"id":359,"name":"FILTRON","slug":"filtron"}],"_links":{"self":[{"href":"https:\/\/www.autonvaraosahaku.fi\/index.php?rest_route=\/wp\/v2\/product\/19793","targetHints":{"allow":["GET"]}}],"collection":[{"href":"https:\/\/www.autonvaraosahaku.fi\/index.php?rest_route=\/wp\/v2\/product"}],"about":[{"href":"https:\/\/www.autonvaraosahaku.fi\/index.php?rest_route=\/wp\/v2\/types\/product"}],"wp:attachment":[{"href":"https:\/\/www.autonvaraosahaku.fi\/index.php?rest_route=%2Fwp%2Fv2%2Fmedia&parent=19793"}],"wp:term":[{"taxonomy":"pwb-brand","embeddable":true,"href":"https:\/\/www.autonvaraosahaku.fi\/index.php?rest_route=%2Fwp%2Fv2%2Fpwb-brand&post=19793"},{"taxonomy":"product_cat","embeddable":true,"href":"https:\/\/www.autonvaraosahaku.fi\/index.php?rest_route=%2Fwp%2Fv2%2Fproduct_cat&post=19793"},{"taxonomy":"product_tag","embeddable":true,"href":"https:\/\/www.autonvaraosahaku.fi\/index.php?rest_route=%2Fwp%2Fv2%2Fproduct_tag&post=19793"}],"curies":[{"name":"wp","href":"https:\/\/api.w.org\/{rel}","templated":true}]}}