{"id":20103,"date":"2021-02-21T14:39:11","date_gmt":"2021-02-21T14:39:11","guid":{"rendered":"https:\/\/www.autonvaraosahaku.fi\/?product=tomex-brakes-tx-20-36-jarrukengat"},"modified":"2021-02-21T14:39:11","modified_gmt":"2021-02-21T14:39:11","slug":"tomex-brakes-tx-20-36-jarrukengat","status":"publish","type":"product","link":"https:\/\/www.autonvaraosahaku.fi\/?product=tomex-brakes-tx-20-36-jarrukengat","title":{"rendered":"TOMEX brakes TX 20-36 Jarrukeng\u00e4t"},"content":{"rendered":"<p>Asennuspuoli: Taka-akseli; Jarruj\u00e4rjestelm\u00e4: Ate\/Teves; L\u00e4pimitta [mm]: 160; Leveys (mm): 25; Paino [kg]: 0,97; Valmistusvuoteen: 08\/1964; MERCEDES-BENZ: SL R107,Stufenheck W123,S-CLASS W126,COUPE C123,S-CLASS W108, W109,S-CLASS W116,COUPE W111,S-CLASS Coupe C126,KOMBI Kombi S123,SL Coupe C107,HECKFLOSSE W111, W112,CABRIOLET W111; 1084200120, 1164200020, 1204201420, 1204201520, 1234120120, 1234200020, 1234200120, 1264120120, 1264200120, 1284200120, 4200620, A1084200120, A1164200020, A1204201420, A1204201520, A1234120120, A1234200020, A1234200120, A1264120120, A1264200120, A1284200120; Jarrukenk\u00e4sarja<\/p>\n","protected":false},"excerpt":{"rendered":"<p>TOMEX brakes Jarrukeng\u00e4t TX 20-36 Jarrukenk\u00e4sarja MERCEDES-BENZ,SL R107,Stufenheck W123,S-CLASS W126,COUPE C123,S-CLASS W108, W109,S-CLASS W116<\/p>\n","protected":false},"featured_media":0,"template":"","meta":{"site-sidebar-layout":"default","site-content-layout":"default","ast-global-header-display":"","ast-main-header-display":"","ast-hfb-above-header-display":"","ast-hfb-below-header-display":"","ast-hfb-mobile-header-display":"","site-post-title":"","ast-breadcrumbs-content":"","ast-featured-img":"","footer-sml-layout":"","theme-transparent-header-meta":"","adv-header-id-meta":"","stick-header-meta":"","header-above-stick-meta":"","header-main-stick-meta":"","header-below-stick-meta":""},"pwb-brand":[388],"product_cat":[176],"product_tag":[],"class_list":{"0":"post-20103","1":"product","2":"type-product","3":"status-publish","5":"pwb-brand-tomex-brakes","6":"product_cat-jarrukengat","7":"desktop-align-left","8":"tablet-align-left","9":"mobile-align-left","11":"first","12":"instock","13":"product-type-external"},"brands":[{"id":388,"name":"TOMEX brakes","slug":"tomex-brakes"}],"_links":{"self":[{"href":"https:\/\/www.autonvaraosahaku.fi\/index.php?rest_route=\/wp\/v2\/product\/20103","targetHints":{"allow":["GET"]}}],"collection":[{"href":"https:\/\/www.autonvaraosahaku.fi\/index.php?rest_route=\/wp\/v2\/product"}],"about":[{"href":"https:\/\/www.autonvaraosahaku.fi\/index.php?rest_route=\/wp\/v2\/types\/product"}],"wp:attachment":[{"href":"https:\/\/www.autonvaraosahaku.fi\/index.php?rest_route=%2Fwp%2Fv2%2Fmedia&parent=20103"}],"wp:term":[{"taxonomy":"pwb-brand","embeddable":true,"href":"https:\/\/www.autonvaraosahaku.fi\/index.php?rest_route=%2Fwp%2Fv2%2Fpwb-brand&post=20103"},{"taxonomy":"product_cat","embeddable":true,"href":"https:\/\/www.autonvaraosahaku.fi\/index.php?rest_route=%2Fwp%2Fv2%2Fproduct_cat&post=20103"},{"taxonomy":"product_tag","embeddable":true,"href":"https:\/\/www.autonvaraosahaku.fi\/index.php?rest_route=%2Fwp%2Fv2%2Fproduct_tag&post=20103"}],"curies":[{"name":"wp","href":"https:\/\/api.w.org\/{rel}","templated":true}]}}