{"id":20397,"date":"2021-02-21T14:40:07","date_gmt":"2021-02-21T14:40:07","guid":{"rendered":"https:\/\/www.autonvaraosahaku.fi\/?product=vemo-v20-72-0548-1-anturit-sensorit"},"modified":"2021-02-21T14:40:10","modified_gmt":"2021-02-21T14:40:10","slug":"vemo-v20-72-0548-1-anturit-sensorit","status":"publish","type":"product","link":"https:\/\/www.autonvaraosahaku.fi\/?product=vemo-v20-72-0548-1-anturit-sensorit","title":{"rendered":"VEMO V20-72-0548-1 Anturit (sensorit)"},"content":{"rendered":"<p>Kierremitta: M10x1; Avainv\u00e4li: 24; Napojen m\u00e4\u00e4r\u00e4: 3; Ruiskutusj\u00e4rjestelm\u00e4: Common Rail; Korvaava tuote\/korvaava tiedote 2: Matalapainepuoli, Tiivisterenkaalla; Kopan v\u00e4ri: Musta; Pistokkeen kotelon muoto: Soikea; Paino [kg]: 0,04; Pakkausleveys [cm]: 4, 2,596; Pakkauskorkeus [mm]: 6,7, 2,596; Pakkaussyvyys [cm]: 5,336, 6,8; lis\u00e4tieto: Original VEMO Quality; Moottorinumero: N55; BMW: 3 Touring E91,3 E90,5 E60,1 E87,5 Touring E61,5 Touring F11,5 F10, F18,1 E81,X5 E70,3 Coupe E92,3 Cabriolet E93,1 Cabriolet E88,7 F01, F02, F03, F04,1 Coupe E82,5 Gran Turismo F07,X6 E71, E72,6 E63,6 Cabriolet E64,6 Cabriolet F12; 13537547883, 13537614317, 13539899007, 7547883, 7614317, 9899007<\/p>\n","protected":false},"excerpt":{"rendered":"<p>VEMO Tunnistin Polttoaine Paine V20-72-0548-1  BMW,3 Touring E91,3 E90,5 E60,1 E87,5 Touring E61,5 Touring F11,5 F10, F18,1 E81,X5 E70,3 Coupe E92<\/p>\n","protected":false},"featured_media":0,"template":"","meta":{"site-sidebar-layout":"default","site-content-layout":"default","ast-global-header-display":"","ast-main-header-display":"","ast-hfb-above-header-display":"","ast-hfb-below-header-display":"","ast-hfb-mobile-header-display":"","site-post-title":"","ast-breadcrumbs-content":"","ast-featured-img":"","footer-sml-layout":"","theme-transparent-header-meta":"","adv-header-id-meta":"","stick-header-meta":"","header-above-stick-meta":"","header-main-stick-meta":"","header-below-stick-meta":""},"pwb-brand":[168],"product_cat":[98],"product_tag":[],"class_list":{"0":"post-20397","1":"product","2":"type-product","3":"status-publish","5":"pwb-brand-vemo","6":"product_cat-anturit-sensorit","7":"desktop-align-left","8":"tablet-align-left","9":"mobile-align-left","11":"first","12":"instock","13":"product-type-external"},"brands":[{"id":168,"name":"VEMO","slug":"vemo"}],"_links":{"self":[{"href":"https:\/\/www.autonvaraosahaku.fi\/index.php?rest_route=\/wp\/v2\/product\/20397","targetHints":{"allow":["GET"]}}],"collection":[{"href":"https:\/\/www.autonvaraosahaku.fi\/index.php?rest_route=\/wp\/v2\/product"}],"about":[{"href":"https:\/\/www.autonvaraosahaku.fi\/index.php?rest_route=\/wp\/v2\/types\/product"}],"wp:attachment":[{"href":"https:\/\/www.autonvaraosahaku.fi\/index.php?rest_route=%2Fwp%2Fv2%2Fmedia&parent=20397"}],"wp:term":[{"taxonomy":"pwb-brand","embeddable":true,"href":"https:\/\/www.autonvaraosahaku.fi\/index.php?rest_route=%2Fwp%2Fv2%2Fpwb-brand&post=20397"},{"taxonomy":"product_cat","embeddable":true,"href":"https:\/\/www.autonvaraosahaku.fi\/index.php?rest_route=%2Fwp%2Fv2%2Fproduct_cat&post=20397"},{"taxonomy":"product_tag","embeddable":true,"href":"https:\/\/www.autonvaraosahaku.fi\/index.php?rest_route=%2Fwp%2Fv2%2Fproduct_tag&post=20397"}],"curies":[{"name":"wp","href":"https:\/\/api.w.org\/{rel}","templated":true}]}}